{"id":6282,"date":"2021-03-10T08:49:49","date_gmt":"2021-03-10T07:49:49","guid":{"rendered":"https:\/\/semmelweis.hu\/sebeszet1\/?page_id=6282"},"modified":"2021-11-09T15:32:42","modified_gmt":"2021-11-09T14:32:42","slug":"onkentesseg","status":"publish","type":"page","link":"https:\/\/semmelweis.hu\/sebeszet\/kapcsolat\/onkentesseg\/","title":{"rendered":"\u00d6nk\u00e9ntess\u00e9g"},"content":{"rendered":"<h3 style=\"text-align: justify\">Legyen \u00d6nk\u00e9ntes\u00fcnk!<\/h3>\n<p style=\"text-align: justify\">C\u00e9lunk fizikai \u00e9s lelki t\u00e1masz \u00e9s seg\u00edts\u00e9gny\u00fajt\u00e1s a k\u00f3rh\u00e1zban tart\u00f3zkod\u00f3 betegek \u00e9s hozz\u00e1tartoz\u00f3ik sz\u00e1m\u00e1ra. K\u00e9pzett k\u00f3rh\u00e1zi \u00f6nk\u00e9nteseink alap\u00edtv\u00e1ny szervezett keretein bel\u00fcl teljes\u00edtenek szolg\u00e1latot. Ezt \u00f6nk\u00e9ntes alapon, ellenszolg\u00e1ltat\u00e1s n\u00e9lk\u00fcl teszik heti 2-4 \u00f3r\u00e1ban, v\u00e1llal\u00e1suknak megfelel\u0151en. Az erre a tev\u00e9kenys\u00e9gre felk\u00e9sz\u00edtett \u00f6nk\u00e9nteseink az \u00e1pol\u00f3 szem\u00e9lyzet mellett v\u00e9gzik munk\u00e1jukat, annak \u00fatmutat\u00e1sa alapj\u00e1n.<\/p>\n<p style=\"text-align: justify\">Lehets\u00e9ges feladatok: besz\u00e9lget\u00e9s; etet\u00e9sben, itat\u00e1sban, f\u00fcrdet\u00e9sben val\u00f3 seg\u00edts\u00e9gny\u00fajt\u00e1s; szem\u00e9lyes t\u00f6r\u0151d\u00e9s; odafigyel\u00e9s; leveg\u0151ztet\u00e9s; \u00e1gyaz\u00e1s; rendrak\u00e1s; t\u00e1j\u00e9koz\u00f3d\u00e1sban val\u00f3 seg\u00edts\u00e9g; haldokl\u00f3 melletti jelenl\u00e9t stb.<\/p>\n<p style=\"text-align: justify\">Amennyiben csatlakozni szeretne, az al\u00e1bbi telefonsz\u00e1mon veheti fel vel\u00fcnk a kapcsolatot.<\/p>\n<p style=\"text-align: justify\"><strong>Seres Mikl\u00f3sn\u00e9<\/strong> (\u00f6nk\u00e9ntes koordin\u00e1tor): <strong>+36 20 825 8959<\/strong><\/p>\n","protected":false},"excerpt":{"rendered":"<p>Legyen \u00d6nk\u00e9ntes\u00fcnk! C\u00e9lunk fizikai \u00e9s lelki t\u00e1masz \u00e9s seg\u00edts\u00e9gny\u00fajt\u00e1s a k\u00f3rh\u00e1zban tart\u00f3zkod\u00f3 betegek \u00e9s hozz\u00e1tartoz\u00f3ik sz\u00e1m\u00e1ra. K\u00e9pzett k\u00f3rh\u00e1zi \u00f6nk\u00e9nteseink alap\u00edtv\u00e1ny szervezett keretein bel\u00fcl teljes\u00edtenek szolg\u00e1latot. Ezt \u00f6nk\u00e9ntes alapon, ellenszolg\u00e1ltat\u00e1s n\u00e9lk\u00fcl teszik heti 2-4 \u00f3r\u00e1ban, v\u00e1llal\u00e1suknak megfelel\u0151en. Az erre a tev\u00e9kenys\u00e9gre felk\u00e9sz\u00edtett \u00f6nk\u00e9nteseink az \u00e1pol\u00f3 szem\u00e9lyzet mellett v\u00e9gzik munk\u00e1jukat, annak \u00fatmutat\u00e1sa alapj\u00e1n. Lehets\u00e9ges feladatok: besz\u00e9lget\u00e9s; etet\u00e9sben, &hellip;<\/p>\n","protected":false},"author":101236,"featured_media":0,"parent":80,"menu_order":3,"comment_status":"closed","ping_status":"closed","template":"","meta":{"_acf_changed":false,"footnotes":""},"categories":[],"tags":[],"class_list":["post-6282","page","type-page","status-publish","hentry"],"acf":[],"_links":{"self":[{"href":"https:\/\/semmelweis.hu\/sebeszet\/wp-json\/wp\/v2\/pages\/6282","targetHints":{"allow":["GET"]}}],"collection":[{"href":"https:\/\/semmelweis.hu\/sebeszet\/wp-json\/wp\/v2\/pages"}],"about":[{"href":"https:\/\/semmelweis.hu\/sebeszet\/wp-json\/wp\/v2\/types\/page"}],"author":[{"embeddable":true,"href":"https:\/\/semmelweis.hu\/sebeszet\/wp-json\/wp\/v2\/users\/101236"}],"replies":[{"embeddable":true,"href":"https:\/\/semmelweis.hu\/sebeszet\/wp-json\/wp\/v2\/comments?post=6282"}],"version-history":[{"count":6,"href":"https:\/\/semmelweis.hu\/sebeszet\/wp-json\/wp\/v2\/pages\/6282\/revisions"}],"predecessor-version":[{"id":6291,"href":"https:\/\/semmelweis.hu\/sebeszet\/wp-json\/wp\/v2\/pages\/6282\/revisions\/6291"}],"up":[{"embeddable":true,"href":"https:\/\/semmelweis.hu\/sebeszet\/wp-json\/wp\/v2\/pages\/80"}],"wp:attachment":[{"href":"https:\/\/semmelweis.hu\/sebeszet\/wp-json\/wp\/v2\/media?parent=6282"}],"wp:term":[{"taxonomy":"category","embeddable":true,"href":"https:\/\/semmelweis.hu\/sebeszet\/wp-json\/wp\/v2\/categories?post=6282"},{"taxonomy":"post_tag","embeddable":true,"href":"https:\/\/semmelweis.hu\/sebeszet\/wp-json\/wp\/v2\/tags?post=6282"}],"curies":[{"name":"wp","href":"https:\/\/api.w.org\/{rel}","templated":true}]}}