{"id":5769,"date":"2020-12-21T15:31:59","date_gmt":"2020-12-21T14:31:59","guid":{"rendered":"https:\/\/semmelweis.hu\/sebeszet1\/?page_id=5769"},"modified":"2025-02-19T13:52:42","modified_gmt":"2025-02-19T12:52:42","slug":"mukodesi-rend","status":"publish","type":"page","link":"https:\/\/semmelweis.hu\/sebeszet\/betegellatas\/mukodesi-rend\/","title":{"rendered":"M\u0171k\u00f6d\u00e9si rend"},"content":{"rendered":"<div dir=\"ltr\">\n<div>\n<p style=\"text-align: justify\"><b>A KLINIKA MUNKARENDJE:<br \/>\n<\/b>Klinik\u00e1nkon a fekv\u0151beteg ell\u00e1t\u00e1sa szigor\u00fa heti beoszt\u00e1s szerint t\u00f6rt\u00e9nik. <br \/>\nA Klinika napi munkabeoszt\u00e1sa<strong> <a href=\"https:\/\/semmelweis.hu\/sebeszet\/files\/2025\/02\/STeG_munkarend_20250203.pdf\">&lt;&lt;itt&gt;&gt;<\/a> <\/strong>tekinthet\u0151 meg.<\/p>\n<p style=\"text-align: justify\"><b>J\u00c1R\u00d3BETEGEK: <br \/>\n<\/b>A j\u00e1r\u00f3betegek ell\u00e1t\u00e1sa sor\u00e1n szakorvosainkat &#8211; bejelentkez\u00e9st k\u00f6vet\u0151en &#8211; a k\u00f6vetkez\u0151 beoszt\u00e1s szerint kereshetik fel az ambulanci\u00e1kon.<br \/>\n<span style=\"font-size: 1rem\">Az ambulanci\u00e1hoz a bejelentkez\u00e9si pontt\u00f3l sz\u00ednes cs\u00edkok vezetik \u00d6n\u00f6ket. Az ambulanci\u00e1k beoszt\u00e1sa<\/span><strong> <a href=\"https:\/\/semmelweis.hu\/sebeszet\/files\/2025\/02\/Ambbeo20250214.pdf\">&lt;&lt;itt&gt;&gt;<\/a> <\/strong><span style=\"font-size: 1rem\">tekinthet\u0151 meg.<\/span><\/p>\n<\/div>\n<div>\n<p style=\"text-align: justify\"><b>FEKV\u0150BETEGEK:<br \/>\n<\/b>A Klinika fekv\u0151beteginek ell\u00e1t\u00e1sa \u00e9s a r\u00e1juk vonatkoz\u00f3 szab\u00e1lyok az al\u00e1bbi h\u00e1zirendben <strong style=\"font-size: 1rem\"><a href=\"https:\/\/semmelweis.hu\/sebeszet\/files\/2023\/05\/SE-STeG_Hazirend_kozos_20220629.pdf\">&lt;&lt;itt&gt;&gt;<\/a><\/strong><span style=\"font-size: 1rem\">olvashat\u00f3ak<\/span><span style=\"font-size: 1rem\">.<\/span><\/p>\n<p style=\"text-align: justify\"><strong>L\u00c1TOGAT\u00c1SI REND: <a href=\"https:\/\/semmelweis.hu\/sebeszet\/betegellatas\/latogatasi-rend\/\">&lt;&lt;itt&gt;&gt;<\/a><\/strong><\/p>\n<\/div>\n<\/div>\n","protected":false},"excerpt":{"rendered":"<p>A KLINIKA MUNKARENDJE: Klinik\u00e1nkon a fekv\u0151beteg ell\u00e1t\u00e1sa szigor\u00fa heti beoszt\u00e1s szerint t\u00f6rt\u00e9nik. A Klinika napi munkabeoszt\u00e1sa <a href=\"https:\/\/semmelweis.hu\/sebeszet\/files\/2025\/02\/STeG_munkarend_20250203.pdf\">&lt;&lt;itt&gt;&gt;<\/a> tekinthet\u0151 meg. J\u00c1R\u00d3BETEGEK: A j\u00e1r\u00f3betegek ell\u00e1t\u00e1sa sor\u00e1n szakorvosainkat &#8211; bejelentkez\u00e9st k\u00f6vet\u0151en &#8211; a k\u00f6vetkez\u0151 beoszt\u00e1s szerint kereshetik fel az ambulanci\u00e1kon. Az ambulanci\u00e1hoz a bejelentkez\u00e9si pontt\u00f3l sz\u00ednes cs\u00edkok vezetik \u00d6n\u00f6ket. Az ambulanci\u00e1k beoszt\u00e1sa <a href=\"https:\/\/semmelweis.hu\/sebeszet\/files\/2025\/02\/Ambbeo20250214.pdf\">&lt;&lt;itt&gt;&gt;<\/a> tekinthet\u0151 meg. FEKV\u0150BETEGEK: A Klinika fekv\u0151beteginek ell\u00e1t\u00e1sa &hellip;<\/p>\n","protected":false},"author":101236,"featured_media":0,"parent":77,"menu_order":5,"comment_status":"closed","ping_status":"closed","template":"","meta":{"_acf_changed":false,"footnotes":""},"categories":[],"tags":[],"class_list":["post-5769","page","type-page","status-publish","hentry"],"acf":[],"_links":{"self":[{"href":"https:\/\/semmelweis.hu\/sebeszet\/wp-json\/wp\/v2\/pages\/5769","targetHints":{"allow":["GET"]}}],"collection":[{"href":"https:\/\/semmelweis.hu\/sebeszet\/wp-json\/wp\/v2\/pages"}],"about":[{"href":"https:\/\/semmelweis.hu\/sebeszet\/wp-json\/wp\/v2\/types\/page"}],"author":[{"embeddable":true,"href":"https:\/\/semmelweis.hu\/sebeszet\/wp-json\/wp\/v2\/users\/101236"}],"replies":[{"embeddable":true,"href":"https:\/\/semmelweis.hu\/sebeszet\/wp-json\/wp\/v2\/comments?post=5769"}],"version-history":[{"count":10,"href":"https:\/\/semmelweis.hu\/sebeszet\/wp-json\/wp\/v2\/pages\/5769\/revisions"}],"predecessor-version":[{"id":9086,"href":"https:\/\/semmelweis.hu\/sebeszet\/wp-json\/wp\/v2\/pages\/5769\/revisions\/9086"}],"up":[{"embeddable":true,"href":"https:\/\/semmelweis.hu\/sebeszet\/wp-json\/wp\/v2\/pages\/77"}],"wp:attachment":[{"href":"https:\/\/semmelweis.hu\/sebeszet\/wp-json\/wp\/v2\/media?parent=5769"}],"wp:term":[{"taxonomy":"category","embeddable":true,"href":"https:\/\/semmelweis.hu\/sebeszet\/wp-json\/wp\/v2\/categories?post=5769"},{"taxonomy":"post_tag","embeddable":true,"href":"https:\/\/semmelweis.hu\/sebeszet\/wp-json\/wp\/v2\/tags?post=5769"}],"curies":[{"name":"wp","href":"https:\/\/api.w.org\/{rel}","templated":true}]}}

Működési rend

<div dir="ltr">
<div>
<p style="text-align: justify"><b>A KLINIKA MUNKARENDJE:<br />
</b>Klinikánkon a fekvőbeteg ellátása szigorú heti beosztás szerint történik. <br />
A Klinika napi munkabeosztása<strong> <a href="https://semmelweis.hu/sebeszet/files/2025/02/STeG_munkarend_20250203.pdf">&lt;&lt;itt&gt;&gt;</a> </strong>tekinthető meg.</p>
<p style="text-align: justify"><b>JÁRÓBETEGEK: <br />
</b>A járóbetegek ellátása során szakorvosainkat &#8211; bejelentkezést követően &#8211; a következő beosztás szerint kereshetik fel az ambulanciákon.<br />
<span style="font-size: 1rem">Az ambulanciához a bejelentkezési ponttól színes csíkok vezetik Önöket. Az ambulanciák beosztása</span><strong> <a href="https://semmelweis.hu/sebeszet/files/2025/02/Ambbeo20250214.pdf">&lt;&lt;itt&gt;&gt;</a> </strong><span style="font-size: 1rem">tekinthető meg.</span></p>
</div>
<div>
<p style="text-align: justify"><b>FEKVŐBETEGEK:<br />
</b>A Klinika fekvőbeteginek ellátása és a rájuk vonatkozó szabályok az alábbi házirendben <strong style="font-size: 1rem"><a href="https://semmelweis.hu/sebeszet/files/2023/05/SE-STeG_Hazirend_kozos_20220629.pdf">&lt;&lt;itt&gt;&gt;</a></strong><span style="font-size: 1rem">olvashatóak</span><span style="font-size: 1rem">.</span></p>
<p style="text-align: justify"><strong>LÁTOGATÁSI REND: <a href="https://semmelweis.hu/sebeszet/betegellatas/latogatasi-rend/">&lt;&lt;itt&gt;&gt;</a></strong></p>
</div>
</div>

<p>A KLINIKA MUNKARENDJE: Klinikánkon a fekvőbeteg ellátása szigorú heti beosztás szerint történik. A Klinika napi munkabeosztása <a href="https://semmelweis.hu/sebeszet/files/2025/02/STeG_munkarend_20250203.pdf">&lt;&lt;itt&gt;&gt;</a> tekinthető meg. JÁRÓBETEGEK: A járóbetegek ellátása során szakorvosainkat &#8211; bejelentkezést követően &#8211; a következő beosztás szerint kereshetik fel az ambulanciákon. Az ambulanciához a bejelentkezési ponttól színes csíkok vezetik Önöket. Az ambulanciák beosztása <a href="https://semmelweis.hu/sebeszet/files/2025/02/Ambbeo20250214.pdf">&lt;&lt;itt&gt;&gt;</a> tekinthető meg. FEKVŐBETEGEK: A Klinika fekvőbeteginek ellátása &hellip;</p>
