{"id":5634,"date":"2020-12-09T13:03:07","date_gmt":"2020-12-09T12:03:07","guid":{"rendered":"https:\/\/semmelweis.hu\/sebeszet1\/?page_id=5634"},"modified":"2023-06-07T08:27:26","modified_gmt":"2023-06-07T06:27:26","slug":"gyulladasos-belbetegsegek-ibd-ambulanciaja","status":"publish","type":"page","link":"https:\/\/semmelweis.hu\/sebeszet\/betegellatas\/sebeszet\/gasztroenterologiai-jarobeteg-ellatas\/gyulladasos-belbetegsegek-ibd-ambulanciaja\/","title":{"rendered":"Gyullad\u00e1sos b\u00e9lbetegs\u00e9gek"},"content":{"rendered":"<p style=\"text-align: justify\">A gyullad\u00e1sos b\u00e9lbetegs\u00e9gek k\u00f6z\u00fcl a leggyakoribbak a Crohn-betegs\u00e9g \u00e9s a colitis ulcerosa. A Klinik\u00e1n \u00e9s az egyetemi t\u00e1rsint\u00e9zm\u00e9nyeinkben lehet\u0151s\u00e9g van az \u00f6sszes korszer\u0171 diagnosztikus elj\u00e1r\u00e1s (endoscopia, CT \u00e9s MR diagnosztika, kapszul\u00e1s endoszk\u00f3pos vizsg\u00e1lat) gyors megval\u00f3s\u00edt\u00e1s\u00e1ra. A kapott leletek alapj\u00e1n tapasztalt gasztroenterol\u00f3gusb\u00f3l, seb\u00e9szb\u0151l, radiol\u00f3gusb\u00f3l, dietetikusb\u00f3l, speci\u00e1lisan k\u00e9pzett n\u0151v\u00e9rb\u0151l \u00e1ll\u00f3 csapat seg\u00edt megtal\u00e1lni a legmegfelel\u0151bb gy\u00f3gym\u00f3dot &#8211; legyen az gy\u00f3gyszeres vagy m\u0171t\u00e9ti megold\u00e1s. Sz\u00fcks\u00e9g eset\u00e9n k\u00f3rh\u00e1zi felv\u00e9telt is tudunk biztos\u00edtani.<\/p>\n<p style=\"text-align: justify\">A Klinika biol\u00f3giai kezel\u00e9s centrum, ez\u00e9rt az \u00f6sszes Eur\u00f3p\u00e1ban el\u00e9rhet\u0151 gy\u00f3gyszert rutinszer\u0171en tudjuk alkalmazni, illetve lehet\u0151s\u00e9g van klinikai gy\u00f3gyszervizsg\u00e1lati programban t\u00f6rt\u00e9n\u0151 r\u00e9szv\u00e9telre is. Ha m\u00e1r a gy\u00f3gyszerek nem seg\u00edtenek, akkor nagy tapasztalattal b\u00edr\u00f3 seb\u00e9szekb\u0151l \u00e1ll\u00f3 team tervezi meg \u00e9s v\u00e9gzi el a m\u0171t\u00e9ti kezel\u00e9st. S\u00fcrg\u0151s esetben munk\u00e1nkat seg\u00edti a h\u00e9t minden napj\u00e1n 24 \u00f3r\u00e1ban m\u0171k\u00f6d\u0151 s\u00fcrg\u0151ss\u00e9gi oszt\u00e1ly.<\/p>\n<p style=\"text-align: justify\">A leggyakrabban el\u0151fordul\u00f3 k\u00e9rd\u00e9sekkel kapcsolatban Dr. Miheller P\u00e1l egyetemi docens (ST\u00e9G) \u00e1ltal \u00f6ssze\u00e1ll\u00edtott betegt\u00e1j\u00e9koztat\u00f3kat al\u00e1bb olvashatj\u00e1k:<\/p>\n<ul>\n<li><a href=\"https:\/\/semmelweis.hu\/sebeszet\/files\/2021\/01\/1.-A-Crohn-betegs\u00e9g_korr.pdf\">A Crohn-betegs\u00e9g<\/a><\/li>\n<li><a href=\"https:\/\/semmelweis.hu\/sebeszet\/files\/2021\/01\/2.-Colitis-ulcerosa_korr.pdf\">Colitis ulcerosa<\/a><\/li>\n<li><a href=\"https:\/\/semmelweis.hu\/sebeszet\/files\/2021\/01\/3.-Sipolyoz\u00f3-Crohn_korr.pdf\">Sipolyoz\u00f3 Crohn<\/a><\/li>\n<li><a href=\"https:\/\/semmelweis.hu\/sebeszet\/files\/2021\/01\/4.-Laborat\u00f3riumi-vizsg\u00e1latok_korr.pdf\">Laborat\u00f3riumi vizsg\u00e1latok<\/a><\/li>\n<li><a href=\"https:\/\/semmelweis.hu\/sebeszet\/files\/2021\/01\/5.-K\u00e9palkot\u00f3-vizsg\u00e1latok-\u00e9s-\u00e9rt\u00e9kel\u00e9s\u00fck_korr.pdf\">K\u00e9palkot\u00f3 vizsg\u00e1latok \u00e9s \u00e9rt\u00e9kel\u00e9s\u00fck<\/a><\/li>\n<li><a href=\"https:\/\/semmelweis.hu\/sebeszet\/files\/2021\/01\/6.-Vastagb\u00e9l-t\u00fckr\u00f6z\u00e9s_korr.pdf\">Vastagb\u00e9l t\u00fckr\u00f6z\u00e9s<\/a><\/li>\n<li><a href=\"https:\/\/semmelweis.hu\/sebeszet\/files\/2021\/01\/7.-mesalazin_korr.pdf\">Mesalazin<\/a><\/li>\n<li><a href=\"https:\/\/semmelweis.hu\/sebeszet\/files\/2021\/01\/8.-Szteroidok_korr.pdf\">Szteroidok<\/a><\/li>\n<li><a href=\"https:\/\/semmelweis.hu\/sebeszet\/files\/2021\/01\/9.-Budezonid_korr.pdf\">Budezonid<\/a><\/li>\n<li><a href=\"https:\/\/semmelweis.hu\/sebeszet\/files\/2021\/01\/10.-Azathioprin_korr.pdf\">Azathioprin<\/a><\/li>\n<li><a href=\"https:\/\/semmelweis.hu\/sebeszet\/files\/2021\/01\/11.-Di\u00e9ta_korr.pdf\">Di\u00e9ta<\/a><\/li>\n<li><a href=\"https:\/\/semmelweis.hu\/sebeszet\/files\/2021\/01\/12.-Biol\u00f3giai-kezel\u00e9s_TNF_korr.pdf\">Biol\u00f3giai kezel\u00e9s, TNF<\/a><\/li>\n<li><a href=\"https:\/\/semmelweis.hu\/sebeszet\/files\/2021\/01\/13.-Biol\u00f3giai-kezel\u00e9s_integrin-g\u00e1tl\u00f3_korr.pdf\">Biol\u00f3giai kezel\u00e9s integrin-g\u00e1tl\u00f3<\/a><\/li>\n<li><a href=\"https:\/\/semmelweis.hu\/sebeszet\/files\/2021\/01\/14.-IBD-\u00e9s-terhess\u00e9g_CS\u00c1A_korr.pdf\">IBD \u00e9s terhess\u00e9g<\/a><\/li>\n<li><a href=\"https:\/\/semmelweis.hu\/sebeszet\/files\/2021\/01\/15.-IBD-\u00e9s-doh\u00e1nyz\u00e1s_korr.pdf\">IBD \u00e9s doh\u00e1nyz\u00e1s<\/a><\/li>\n<\/ul>\n<p>A colonoscopia betegt\u00e1j\u00e9koztat\u00f3t megtekintheti, vagy let\u00f6ltheti <a href=\"https:\/\/semmelweis.hu\/sebeszet\/files\/2023\/05\/SE-STeG_colonoscopia2.pdf\">&lt;&lt;itt&gt;&gt;<\/a><\/p>\n","protected":false},"excerpt":{"rendered":"<p>A gyullad\u00e1sos b\u00e9lbetegs\u00e9gek k\u00f6z\u00fcl a leggyakoribbak a Crohn-betegs\u00e9g \u00e9s a colitis ulcerosa. A Klinik\u00e1n \u00e9s az egyetemi t\u00e1rsint\u00e9zm\u00e9nyeinkben lehet\u0151s\u00e9g van az \u00f6sszes korszer\u0171 diagnosztikus elj\u00e1r\u00e1s (endoscopia, CT \u00e9s MR diagnosztika, kapszul\u00e1s endoszk\u00f3pos vizsg\u00e1lat) gyors megval\u00f3s\u00edt\u00e1s\u00e1ra. A kapott leletek alapj\u00e1n tapasztalt gasztroenterol\u00f3gusb\u00f3l, seb\u00e9szb\u0151l, radiol\u00f3gusb\u00f3l, dietetikusb\u00f3l, speci\u00e1lisan k\u00e9pzett n\u0151v\u00e9rb\u0151l \u00e1ll\u00f3 csapat seg\u00edt megtal\u00e1lni a legmegfelel\u0151bb gy\u00f3gym\u00f3dot &#8211; &hellip;<\/p>\n","protected":false},"author":101236,"featured_media":0,"parent":5596,"menu_order":2,"comment_status":"closed","ping_status":"closed","template":"","meta":{"_acf_changed":false,"footnotes":""},"categories":[],"tags":[],"class_list":["post-5634","page","type-page","status-publish","hentry"],"acf":[],"_links":{"self":[{"href":"https:\/\/semmelweis.hu\/sebeszet\/wp-json\/wp\/v2\/pages\/5634","targetHints":{"allow":["GET"]}}],"collection":[{"href":"https:\/\/semmelweis.hu\/sebeszet\/wp-json\/wp\/v2\/pages"}],"about":[{"href":"https:\/\/semmelweis.hu\/sebeszet\/wp-json\/wp\/v2\/types\/page"}],"author":[{"embeddable":true,"href":"https:\/\/semmelweis.hu\/sebeszet\/wp-json\/wp\/v2\/users\/101236"}],"replies":[{"embeddable":true,"href":"https:\/\/semmelweis.hu\/sebeszet\/wp-json\/wp\/v2\/comments?post=5634"}],"version-history":[{"count":10,"href":"https:\/\/semmelweis.hu\/sebeszet\/wp-json\/wp\/v2\/pages\/5634\/revisions"}],"predecessor-version":[{"id":8097,"href":"https:\/\/semmelweis.hu\/sebeszet\/wp-json\/wp\/v2\/pages\/5634\/revisions\/8097"}],"up":[{"embeddable":true,"href":"https:\/\/semmelweis.hu\/sebeszet\/wp-json\/wp\/v2\/pages\/5596"}],"wp:attachment":[{"href":"https:\/\/semmelweis.hu\/sebeszet\/wp-json\/wp\/v2\/media?parent=5634"}],"wp:term":[{"taxonomy":"category","embeddable":true,"href":"https:\/\/semmelweis.hu\/sebeszet\/wp-json\/wp\/v2\/categories?post=5634"},{"taxonomy":"post_tag","embeddable":true,"href":"https:\/\/semmelweis.hu\/sebeszet\/wp-json\/wp\/v2\/tags?post=5634"}],"curies":[{"name":"wp","href":"https:\/\/api.w.org\/{rel}","templated":true}]}}

Gyulladásos bélbetegségek

<p style="text-align: justify">A gyulladásos bélbetegségek közül a leggyakoribbak a Crohn-betegség és a colitis ulcerosa. A Klinikán és az egyetemi társintézményeinkben lehetőség van az összes korszerű diagnosztikus eljárás (endoscopia, CT és MR diagnosztika, kapszulás endoszkópos vizsgálat) gyors megvalósítására. A kapott leletek alapján tapasztalt gasztroenterológusból, sebészből, radiológusból, dietetikusból, speciálisan képzett nővérből álló csapat segít megtalálni a legmegfelelőbb gyógymódot &#8211; legyen az gyógyszeres vagy műtéti megoldás. Szükség esetén kórházi felvételt is tudunk biztosítani.</p>
<p style="text-align: justify">A Klinika biológiai kezelés centrum, ezért az összes Európában elérhető gyógyszert rutinszerűen tudjuk alkalmazni, illetve lehetőség van klinikai gyógyszervizsgálati programban történő részvételre is. Ha már a gyógyszerek nem segítenek, akkor nagy tapasztalattal bíró sebészekből álló team tervezi meg és végzi el a műtéti kezelést. Sürgős esetben munkánkat segíti a hét minden napján 24 órában működő sürgősségi osztály.</p>
<p style="text-align: justify">A leggyakrabban előforduló kérdésekkel kapcsolatban Dr. Miheller Pál egyetemi docens (STéG) által összeállított betegtájékoztatókat alább olvashatják:</p>
<ul>
<li><a href="https://semmelweis.hu/sebeszet/files/2021/01/1.-A-Crohn-betegség_korr.pdf">A Crohn-betegség</a></li>
<li><a href="https://semmelweis.hu/sebeszet/files/2021/01/2.-Colitis-ulcerosa_korr.pdf">Colitis ulcerosa</a></li>
<li><a href="https://semmelweis.hu/sebeszet/files/2021/01/3.-Sipolyozó-Crohn_korr.pdf">Sipolyozó Crohn</a></li>
<li><a href="https://semmelweis.hu/sebeszet/files/2021/01/4.-Laboratóriumi-vizsgálatok_korr.pdf">Laboratóriumi vizsgálatok</a></li>
<li><a href="https://semmelweis.hu/sebeszet/files/2021/01/5.-Képalkotó-vizsgálatok-és-értékelésük_korr.pdf">Képalkotó vizsgálatok és értékelésük</a></li>
<li><a href="https://semmelweis.hu/sebeszet/files/2021/01/6.-Vastagbél-tükrözés_korr.pdf">Vastagbél tükrözés</a></li>
<li><a href="https://semmelweis.hu/sebeszet/files/2021/01/7.-mesalazin_korr.pdf">Mesalazin</a></li>
<li><a href="https://semmelweis.hu/sebeszet/files/2021/01/8.-Szteroidok_korr.pdf">Szteroidok</a></li>
<li><a href="https://semmelweis.hu/sebeszet/files/2021/01/9.-Budezonid_korr.pdf">Budezonid</a></li>
<li><a href="https://semmelweis.hu/sebeszet/files/2021/01/10.-Azathioprin_korr.pdf">Azathioprin</a></li>
<li><a href="https://semmelweis.hu/sebeszet/files/2021/01/11.-Diéta_korr.pdf">Diéta</a></li>
<li><a href="https://semmelweis.hu/sebeszet/files/2021/01/12.-Biológiai-kezelés_TNF_korr.pdf">Biológiai kezelés, TNF</a></li>
<li><a href="https://semmelweis.hu/sebeszet/files/2021/01/13.-Biológiai-kezelés_integrin-gátló_korr.pdf">Biológiai kezelés integrin-gátló</a></li>
<li><a href="https://semmelweis.hu/sebeszet/files/2021/01/14.-IBD-és-terhesség_CSÁA_korr.pdf">IBD és terhesség</a></li>
<li><a href="https://semmelweis.hu/sebeszet/files/2021/01/15.-IBD-és-dohányzás_korr.pdf">IBD és dohányzás</a></li>
</ul>
<p>A colonoscopia betegtájékoztatót megtekintheti, vagy letöltheti <a href="https://semmelweis.hu/sebeszet/files/2023/05/SE-STeG_colonoscopia2.pdf">&lt;&lt;itt&gt;&gt;</a></p>

<p>A gyulladásos bélbetegségek közül a leggyakoribbak a Crohn-betegség és a colitis ulcerosa. A Klinikán és az egyetemi társintézményeinkben lehetőség van az összes korszerű diagnosztikus eljárás (endoscopia, CT és MR diagnosztika, kapszulás endoszkópos vizsgálat) gyors megvalósítására. A kapott leletek alapján tapasztalt gasztroenterológusból, sebészből, radiológusból, dietetikusból, speciálisan képzett nővérből álló csapat segít megtalálni a legmegfelelőbb gyógymódot &#8211; &hellip;</p>
