{"id":5416,"date":"2020-11-24T11:51:02","date_gmt":"2020-11-24T10:51:02","guid":{"rendered":"https:\/\/semmelweis.hu\/sebeszet1\/?page_id=5416"},"modified":"2021-02-16T08:10:25","modified_gmt":"2021-02-16T07:10:25","slug":"az-ulloi-uti-sebeszeti-klinika","status":"publish","type":"page","link":"https:\/\/semmelweis.hu\/sebeszet\/a-klinikarol\/a-xvii-szazadtol-napjainkig\/klinika-epuletei\/az-ulloi-uti-sebeszeti-klinika\/","title":{"rendered":"\u00dcll\u0151i \u00fati Klinika \u00e9p\u00fclete (1909- napjainkig)"},"content":{"rendered":"<p style=\"text-align: justify\"><a href=\"https:\/\/semmelweis.hu\/sebeszet\/files\/2020\/11\/1.png\">2<img loading=\"lazy\" decoding=\"async\" class=\"alignnone size-medium wp-image-5534\" src=\"https:\/\/semmelweis.hu\/sebeszet\/files\/2020\/11\/1-300x215.png\" alt=\"\" width=\"300\" height=\"215\" srcset=\"https:\/\/semmelweis.hu\/sebeszet\/files\/2020\/11\/1-300x215.png 300w, https:\/\/semmelweis.hu\/sebeszet\/files\/2020\/11\/1-768x550.png 768w, https:\/\/semmelweis.hu\/sebeszet\/files\/2020\/11\/1-753x539.png 753w, https:\/\/semmelweis.hu\/sebeszet\/files\/2020\/11\/1.png 1004w\" sizes=\"auto, (max-width: 300px) 100vw, 300px\" \/><\/a><a href=\"https:\/\/semmelweis.hu\/sebeszet\/files\/2020\/11\/2.png\"><img loading=\"lazy\" decoding=\"async\" class=\"alignnone wp-image-5535 size-medium\" src=\"https:\/\/semmelweis.hu\/sebeszet\/files\/2020\/11\/2-300x206.png\" alt=\"\" width=\"300\" height=\"206\" srcset=\"https:\/\/semmelweis.hu\/sebeszet\/files\/2020\/11\/2-300x206.png 300w, https:\/\/semmelweis.hu\/sebeszet\/files\/2020\/11\/2-1024x703.png 1024w, https:\/\/semmelweis.hu\/sebeszet\/files\/2020\/11\/2-768x527.png 768w, https:\/\/semmelweis.hu\/sebeszet\/files\/2020\/11\/2-175x120.png 175w, https:\/\/semmelweis.hu\/sebeszet\/files\/2020\/11\/2-753x517.png 753w, https:\/\/semmelweis.hu\/sebeszet\/files\/2020\/11\/2.png 1048w\" sizes=\"auto, (max-width: 300px) 100vw, 300px\" \/><\/a><a href=\"https:\/\/semmelweis.hu\/sebeszet\/files\/2020\/11\/3.png\"><img loading=\"lazy\" decoding=\"async\" class=\"alignnone wp-image-5536 size-medium\" src=\"https:\/\/semmelweis.hu\/sebeszet\/files\/2020\/11\/3-300x239.png\" alt=\"\" width=\"300\" height=\"239\" srcset=\"https:\/\/semmelweis.hu\/sebeszet\/files\/2020\/11\/3-300x239.png 300w, https:\/\/semmelweis.hu\/sebeszet\/files\/2020\/11\/3-768x612.png 768w, https:\/\/semmelweis.hu\/sebeszet\/files\/2020\/11\/3-753x600.png 753w, https:\/\/semmelweis.hu\/sebeszet\/files\/2020\/11\/3.png 904w\" sizes=\"auto, (max-width: 300px) 100vw, 300px\" \/><\/a><a href=\"https:\/\/semmelweis.hu\/sebeszet\/files\/2020\/11\/4.png\"><img loading=\"lazy\" decoding=\"async\" class=\"alignnone wp-image-5537 size-medium\" src=\"https:\/\/semmelweis.hu\/sebeszet\/files\/2020\/11\/4-300x242.png\" alt=\"\" width=\"300\" height=\"242\" srcset=\"https:\/\/semmelweis.hu\/sebeszet\/files\/2020\/11\/4-300x242.png 300w, https:\/\/semmelweis.hu\/sebeszet\/files\/2020\/11\/4-768x620.png 768w, https:\/\/semmelweis.hu\/sebeszet\/files\/2020\/11\/4-753x607.png 753w, https:\/\/semmelweis.hu\/sebeszet\/files\/2020\/11\/4.png 895w\" sizes=\"auto, (max-width: 300px) 100vw, 300px\" \/><\/a><a href=\"https:\/\/semmelweis.hu\/sebeszet\/files\/2020\/11\/5.png\"><img loading=\"lazy\" decoding=\"async\" class=\"alignnone wp-image-5538 size-medium\" src=\"https:\/\/semmelweis.hu\/sebeszet\/files\/2020\/11\/5-300x195.png\" alt=\"\" width=\"300\" height=\"195\" srcset=\"https:\/\/semmelweis.hu\/sebeszet\/files\/2020\/11\/5-300x195.png 300w, https:\/\/semmelweis.hu\/sebeszet\/files\/2020\/11\/5-1024x665.png 1024w, https:\/\/semmelweis.hu\/sebeszet\/files\/2020\/11\/5-768x499.png 768w, https:\/\/semmelweis.hu\/sebeszet\/files\/2020\/11\/5-753x489.png 753w, https:\/\/semmelweis.hu\/sebeszet\/files\/2020\/11\/5.png 1106w\" sizes=\"auto, (max-width: 300px) 100vw, 300px\" \/><\/a><a href=\"https:\/\/semmelweis.hu\/sebeszet\/files\/2020\/11\/6.png\"><img loading=\"lazy\" decoding=\"async\" class=\"alignnone wp-image-5539 size-medium\" src=\"https:\/\/semmelweis.hu\/sebeszet\/files\/2020\/11\/6-300x207.png\" alt=\"\" width=\"300\" height=\"207\" srcset=\"https:\/\/semmelweis.hu\/sebeszet\/files\/2020\/11\/6-300x207.png 300w, https:\/\/semmelweis.hu\/sebeszet\/files\/2020\/11\/6-1024x708.png 1024w, https:\/\/semmelweis.hu\/sebeszet\/files\/2020\/11\/6-768x531.png 768w, https:\/\/semmelweis.hu\/sebeszet\/files\/2020\/11\/6-175x120.png 175w, https:\/\/semmelweis.hu\/sebeszet\/files\/2020\/11\/6-753x521.png 753w, https:\/\/semmelweis.hu\/sebeszet\/files\/2020\/11\/6.png 1040w\" sizes=\"auto, (max-width: 300px) 100vw, 300px\" \/><\/a><a href=\"https:\/\/semmelweis.hu\/sebeszet\/files\/2020\/11\/7.png\"><img loading=\"lazy\" decoding=\"async\" class=\"alignnone wp-image-5540 size-medium\" src=\"https:\/\/semmelweis.hu\/sebeszet\/files\/2020\/11\/7-300x236.png\" alt=\"\" width=\"300\" height=\"236\" srcset=\"https:\/\/semmelweis.hu\/sebeszet\/files\/2020\/11\/7-300x236.png 300w, https:\/\/semmelweis.hu\/sebeszet\/files\/2020\/11\/7-768x603.png 768w, https:\/\/semmelweis.hu\/sebeszet\/files\/2020\/11\/7-753x591.png 753w, https:\/\/semmelweis.hu\/sebeszet\/files\/2020\/11\/7.png 917w\" sizes=\"auto, (max-width: 300px) 100vw, 300px\" \/><\/a><a href=\"https:\/\/semmelweis.hu\/sebeszet\/files\/2020\/11\/8.png\"><img loading=\"lazy\" decoding=\"async\" class=\"alignnone wp-image-5541 size-medium\" src=\"https:\/\/semmelweis.hu\/sebeszet\/files\/2020\/11\/8-300x235.png\" alt=\"\" width=\"300\" height=\"235\" srcset=\"https:\/\/semmelweis.hu\/sebeszet\/files\/2020\/11\/8-300x235.png 300w, https:\/\/semmelweis.hu\/sebeszet\/files\/2020\/11\/8-768x601.png 768w, https:\/\/semmelweis.hu\/sebeszet\/files\/2020\/11\/8-753x589.png 753w, https:\/\/semmelweis.hu\/sebeszet\/files\/2020\/11\/8.png 918w\" sizes=\"auto, (max-width: 300px) 100vw, 300px\" \/><\/a><a href=\"https:\/\/semmelweis.hu\/sebeszet\/files\/2020\/11\/9.png\"><img loading=\"lazy\" decoding=\"async\" class=\"alignnone wp-image-5542 size-medium\" src=\"https:\/\/semmelweis.hu\/sebeszet\/files\/2020\/11\/9-300x225.png\" alt=\"\" width=\"300\" height=\"225\" srcset=\"https:\/\/semmelweis.hu\/sebeszet\/files\/2020\/11\/9-300x225.png 300w, https:\/\/semmelweis.hu\/sebeszet\/files\/2020\/11\/9-768x575.png 768w, https:\/\/semmelweis.hu\/sebeszet\/files\/2020\/11\/9-753x564.png 753w, https:\/\/semmelweis.hu\/sebeszet\/files\/2020\/11\/9.png 959w\" sizes=\"auto, (max-width: 300px) 100vw, 300px\" \/><\/a><a href=\"https:\/\/semmelweis.hu\/sebeszet\/files\/2020\/11\/Dollinger-1-1s.jpg\"><img loading=\"lazy\" decoding=\"async\" class=\"wp-image-5543 size-medium\" src=\"https:\/\/semmelweis.hu\/sebeszet\/files\/2020\/11\/Dollinger-1-1s-300x215.jpg\" alt=\"\" width=\"300\" height=\"215\" srcset=\"https:\/\/semmelweis.hu\/sebeszet\/files\/2020\/11\/Dollinger-1-1s-300x215.jpg 300w, https:\/\/semmelweis.hu\/sebeszet\/files\/2020\/11\/Dollinger-1-1s-768x550.jpg 768w, https:\/\/semmelweis.hu\/sebeszet\/files\/2020\/11\/Dollinger-1-1s-753x539.jpg 753w, https:\/\/semmelweis.hu\/sebeszet\/files\/2020\/11\/Dollinger-1-1s.jpg 1016w\" sizes=\"auto, (max-width: 300px) 100vw, 300px\" \/><\/a><\/p>\n<p style=\"text-align: justify\"><a href=\"https:\/\/semmelweis.hu\/sebeszet\/files\/2020\/11\/1909_a2_600dpi_2s.jpg\"><img loading=\"lazy\" decoding=\"async\" class=\"alignnone wp-image-5528 size-medium\" src=\"https:\/\/semmelweis.hu\/sebeszet\/files\/2020\/11\/1909_a2_600dpi_2s-200x300.jpg\" alt=\"\" width=\"200\" height=\"300\" srcset=\"https:\/\/semmelweis.hu\/sebeszet\/files\/2020\/11\/1909_a2_600dpi_2s-200x300.jpg 200w, https:\/\/semmelweis.hu\/sebeszet\/files\/2020\/11\/1909_a2_600dpi_2s.jpg 532w\" sizes=\"auto, (max-width: 200px) 100vw, 200px\" \/><\/a><a href=\"https:\/\/semmelweis.hu\/sebeszet\/files\/2020\/11\/1909_a2_600dpi_1s.jpg\"><img loading=\"lazy\" decoding=\"async\" class=\"alignnone wp-image-5527 size-medium\" src=\"https:\/\/semmelweis.hu\/sebeszet\/files\/2020\/11\/1909_a2_600dpi_1s-200x300.jpg\" alt=\"\" width=\"200\" height=\"300\" srcset=\"https:\/\/semmelweis.hu\/sebeszet\/files\/2020\/11\/1909_a2_600dpi_1s-200x300.jpg 200w, https:\/\/semmelweis.hu\/sebeszet\/files\/2020\/11\/1909_a2_600dpi_1s.jpg 532w\" sizes=\"auto, (max-width: 200px) 100vw, 200px\" \/><\/a><\/p>\n<p><a href=\"https:\/\/semmelweis.hu\/sebeszet\/files\/2020\/11\/\u00daj-Seb\u00e9szeti-Klinika-Dollinger-1.pdf\">\u00daj Seb\u00e9szeti Klinika &#8211; Budapesti H\u00edrlap (229.sz.) 1909. Szeptember 28. 7.oldal (PDF)<\/a><\/p>\n<p><a href=\"https:\/\/semmelweis.hu\/hirek\/2012\/03\/08\/viragzo-ablakaink-szines-olomuvegablakok-az-i-sz-sebeszeti-klinikan\/\">&#8222;Vir\u00e1gz\u00f3 ablakaink&#8221; &#8211; Sz\u00ednes \u00f3lom\u00fcvegablakok az I. sz. Seb\u00e9szeti Klinik\u00e1n &#8211; 2012. m\u00e1rcius 8.<\/a><\/p>\n","protected":false},"excerpt":{"rendered":"<p><a href=\"https:\/\/semmelweis.hu\/sebeszet\/files\/2020\/11\/1.png\">2<\/a><a href=\"https:\/\/semmelweis.hu\/sebeszet\/files\/2020\/11\/2.png\"><\/a><a href=\"https:\/\/semmelweis.hu\/sebeszet\/files\/2020\/11\/3.png\"><\/a><a href=\"https:\/\/semmelweis.hu\/sebeszet\/files\/2020\/11\/4.png\"><\/a><a href=\"https:\/\/semmelweis.hu\/sebeszet\/files\/2020\/11\/5.png\"><\/a><a href=\"https:\/\/semmelweis.hu\/sebeszet\/files\/2020\/11\/6.png\"><\/a><a href=\"https:\/\/semmelweis.hu\/sebeszet\/files\/2020\/11\/7.png\"><\/a><a href=\"https:\/\/semmelweis.hu\/sebeszet\/files\/2020\/11\/8.png\"><\/a><a href=\"https:\/\/semmelweis.hu\/sebeszet\/files\/2020\/11\/9.png\"><\/a><a href=\"https:\/\/semmelweis.hu\/sebeszet\/files\/2020\/11\/Dollinger-1-1s.jpg\"><\/a><br \/>\n<a href=\"https:\/\/semmelweis.hu\/sebeszet\/files\/2020\/11\/1909_a2_600dpi_2s.jpg\"><\/a><a href=\"https:\/\/semmelweis.hu\/sebeszet\/files\/2020\/11\/1909_a2_600dpi_1s.jpg\"><\/a><br \/>\n<a href=\"https:\/\/semmelweis.hu\/sebeszet\/files\/2020\/11\/\u00daj-Seb\u00e9szeti-Klinika-Dollinger-1.pdf\">\u00daj Seb\u00e9szeti Klinika &#8211; Budapesti H\u00edrlap (229.sz.) 1909. Szeptember 28. 7.oldal (PDF)<\/a><br \/>\n<a href=\"https:\/\/semmelweis.hu\/hirek\/2012\/03\/08\/viragzo-ablakaink-szines-olomuvegablakok-az-i-sz-sebeszeti-klinikan\/\">&#8222;Vir\u00e1gz\u00f3 ablakaink&#8221; &#8211; Sz\u00ednes \u00f3lom\u00fcvegablakok az I. sz. Seb\u00e9szeti Klinik\u00e1n &#8211; 2012. m\u00e1rcius 8.<\/a><\/p>\n","protected":false},"author":101236,"featured_media":0,"parent":5414,"menu_order":2,"comment_status":"closed","ping_status":"closed","template":"","meta":{"_acf_changed":false,"footnotes":""},"categories":[],"tags":[],"class_list":["post-5416","page","type-page","status-publish","hentry"],"acf":[],"_links":{"self":[{"href":"https:\/\/semmelweis.hu\/sebeszet\/wp-json\/wp\/v2\/pages\/5416","targetHints":{"allow":["GET"]}}],"collection":[{"href":"https:\/\/semmelweis.hu\/sebeszet\/wp-json\/wp\/v2\/pages"}],"about":[{"href":"https:\/\/semmelweis.hu\/sebeszet\/wp-json\/wp\/v2\/types\/page"}],"author":[{"embeddable":true,"href":"https:\/\/semmelweis.hu\/sebeszet\/wp-json\/wp\/v2\/users\/101236"}],"replies":[{"embeddable":true,"href":"https:\/\/semmelweis.hu\/sebeszet\/wp-json\/wp\/v2\/comments?post=5416"}],"version-history":[{"count":10,"href":"https:\/\/semmelweis.hu\/sebeszet\/wp-json\/wp\/v2\/pages\/5416\/revisions"}],"predecessor-version":[{"id":6228,"href":"https:\/\/semmelweis.hu\/sebeszet\/wp-json\/wp\/v2\/pages\/5416\/revisions\/6228"}],"up":[{"embeddable":true,"href":"https:\/\/semmelweis.hu\/sebeszet\/wp-json\/wp\/v2\/pages\/5414"}],"wp:attachment":[{"href":"https:\/\/semmelweis.hu\/sebeszet\/wp-json\/wp\/v2\/media?parent=5416"}],"wp:term":[{"taxonomy":"category","embeddable":true,"href":"https:\/\/semmelweis.hu\/sebeszet\/wp-json\/wp\/v2\/categories?post=5416"},{"taxonomy":"post_tag","embeddable":true,"href":"https:\/\/semmelweis.hu\/sebeszet\/wp-json\/wp\/v2\/tags?post=5416"}],"curies":[{"name":"wp","href":"https:\/\/api.w.org\/{rel}","templated":true}]}}