{"id":5318,"date":"2020-11-19T11:32:21","date_gmt":"2020-11-19T10:32:21","guid":{"rendered":"https:\/\/semmelweis.hu\/sebeszet1\/?page_id=5318"},"modified":"2024-04-04T14:38:32","modified_gmt":"2024-04-04T12:38:32","slug":"bejelentkezes","status":"publish","type":"page","link":"https:\/\/semmelweis.hu\/sebeszet\/betegellatas\/bejelentkezes\/","title":{"rendered":"Bejelentkez\u00e9s"},"content":{"rendered":"<p><span style=\"font-weight: 400\">Tisztelt Betegeink!<\/span><\/p>\n<p><span style=\"font-weight: 400\">Klinik\u00e1nkra telefonos bejelentkez\u00e9st k\u00f6vet\u0151en lehet bejelentkezni.<\/span><\/p>\n<p><span style=\"font-weight: 400\"><strong>Betegel\u0151jegyz\u00e9s<\/strong> minden h\u00e9tk\u00f6znap <strong>8:00-14:30<\/strong> k\u00f6z\u00f6tt az al\u00e1bbi telefonsz\u00e1mokon \u00e9rhet\u0151 el:<\/span><\/p>\n<div class=\"exp-col-content-holder\"><a class=\"expand-cnt-link\" href=\"#\">SEB\u00c9SZET<\/a><\/p>\n<div class=\"hidden-content\">\n<p style=\"text-align: justify\"><span style=\"font-weight: 400\"><strong>Telefonsz\u00e1mok:<\/strong> +36 20 825 9090 \u00e9s +36 20 825 9020<\/span><\/p>\n<p><strong>Proktol\u00f3gia el\u0151jegyz\u00e9s telefonsz\u00e1ma:<\/strong> +36 30 877 0226 (rendel\u00e9s h\u00e9tf\u0151nk\u00e9nt a R\u00f3kus K\u00f3rh\u00e1zban)<\/p>\n<p>&nbsp;<\/p>\n<p><strong>A ter\u00fcleti ell\u00e1t\u00e1si k\u00f6telezetts\u00e9g list\u00e1ja:<\/strong><\/p>\n<p style=\"text-align: justify\">A ST\u00e9G Klinika jelenlegi kapacit\u00e1sai csak a Klinika ter\u00fcleti ell\u00e1t\u00e1si k\u00f6telezetts\u00e9ge (TEK) sor\u00e1n meghat\u00e1rozott ter\u00fcletr\u0151l (l. sz\u00e1m\u00fa t\u00e1bl\u00e1zat) \u00e9rkez\u0151 betegek ell\u00e1t\u00e1s\u00e1t teszi lehet\u0151v\u00e9. <br \/>\nEz\u00e9rt k\u00e9rj\u00fck, hogy az egy\u00e9b ter\u00fcletekr\u0151l \u00e9rkez\u0151 betegek a lakc\u00edm\u00fck szerinti ter\u00fcleti szakrendel\u00e9st vagy a S\u00fcrg\u0151ss\u00e9gi Betegell\u00e1t\u00f3 Oszt\u00e1lyt (SBO) keress\u00e9k fel.<br \/>\nA seb\u00e9szeti ell\u00e1t\u00e1si ter\u00fclet\u00fcnkr\u0151l \u00e9rkez\u0151 betegeknek rendelkeznie kell \u00c9RV\u00c9NYES, KLINIK\u00c1NKRA sz\u00f3l\u00f3 \u00c9RDEMI INFORM\u00c1CI\u00d3T TARTALMAZ\u00d3 H\u00c1ZIORVOSI BEUTAL\u00d3VAL.<br \/>\nHa van ilyen beutal\u00f3ja, akkor telefonos id\u0151pont egyeztet\u00e9s (Betegel\u0151jegyz\u00e9s) ut\u00e1n vehetik ig\u00e9nybe seb\u00e9szeti szakrendel\u00e9seinket.<\/p>\n<p style=\"text-align: justify\">BETEGEL\u0150JEGYZ\u00c9S minden h\u00e9tk\u00f6znap 8:00-14:30 k\u00f6z\u00f6tt az al\u00e1bbi telefonsz\u00e1mon <br \/>\nSeb\u00e9szet: +36 20 825 9090 \u00e9s a +36 20 825 9020 \u00e9rhet\u0151 el. Proktol\u00f3gia el\u0151jegyz\u00e9s telefonsz\u00e1ma: +36 30 877 0226 (rendel\u00e9s h\u00e9tf\u0151nk\u00e9nt a R\u00f3kus K\u00f3rh\u00e1zban)<\/p>\n<p style=\"text-align: justify\"><a href=\"http:\/\/84.206.43.26:7080\/ellatas\/xtek\/wicket\/bookmarkable\/oth.ellatas.Adatlap?4\">http:\/\/84.206.43.26:7080\/ellatas\/xtek\/wicket\/bookmarkable\/oth.ellatas.Adatlap?4<\/a><\/p>\n<p><strong>0200 Seb\u00e9szet: Fekv\u0151 ,Progresszivit\u00e1s: 2 (akt\u00edv)<\/strong><\/p>\n<p>Apaj<br \/>\nBiatorb\u00e1gy<br \/>\nBuda\u00f6rs<br \/>\nDi\u00f3sd<br \/>\nDunaharaszti<br \/>\nDunavars\u00e1ny<br \/>\nD\u00e9legyh\u00e1za<br \/>\nD\u00f6ms\u00f6d<br \/>\nHal\u00e1sztelek<br \/>\nHerceghalom<br \/>\nKiskunlach\u00e1za<br \/>\nL\u00f3r\u00e9v<br \/>\nMajosh\u00e1za<br \/>\nMak\u00e1d<br \/>\nPusztaz\u00e1mor<br \/>\nR\u00e1ckeve<br \/>\nSzigetbecse<br \/>\nSzigetcs\u00e9p<br \/>\nSzigethalom<br \/>\nSzigetszentmikl\u00f3s<br \/>\nSzigetszentm\u00e1rton<br \/>\nSziget\u00fajfalu<br \/>\nSz\u00e1zhalombatta<br \/>\nS\u00f3sk\u00fat<br \/>\nTaksony<br \/>\nT\u00e1rnok<br \/>\nT\u00f6k\u00f6l<br \/>\nT\u00f6r\u00f6kb\u00e1lint<br \/>\n\u00c1porka<\/p>\n<p><strong>0200 Seb\u00e9szet: Fekv\u0151 ,Progresszivit\u00e1s: 3 (akt\u00edv)<\/strong><\/p>\n<p>Aba<br \/>\nAbony<br \/>\nAdony<br \/>\nAka<br \/>\nAlap<br \/>\nAlatty\u00e1n<br \/>\nAlbertirsa<br \/>\nAlcs\u00fatdoboz<br \/>\nAlm\u00e1sf\u00fczit\u0151<br \/>\nAls\u00f3n\u00e9medi<br \/>\nAls\u00f3szentiv\u00e1n<br \/>\nApaj<br \/>\nApostag<br \/>\nBaj<br \/>\nBakonyb\u00e1nk<br \/>\nBakonycsernye<br \/>\nBakonyk\u00fati<br \/>\nBakonyszombathely<br \/>\nBakonys\u00e1rk\u00e1ny<br \/>\nBalinka<br \/>\nBaracs<br \/>\nBaracska<br \/>\nBeloiannisz<br \/>\nBesenysz\u00f6g<br \/>\nBesny\u0151<br \/>\nBiatorb\u00e1gy<br \/>\nBicske<br \/>\nBodajk<br \/>\nBodm\u00e9r<br \/>\nBokod<br \/>\nBudajen\u0151<br \/>\nBudakeszi<br \/>\nBudapest I. ker\u00fclet<br \/>\nBudapest II. ker\u00fclet<br \/>\nBudapest IX. ker\u00fclet<br \/>\nBudapest V. ker\u00fclet<br \/>\nBudapest VII. ker\u00fclet<br \/>\nBudapest VIII. ker\u00fclet<br \/>\nBudapest X. ker\u00fclet<br \/>\nBudapest XI. ker\u00fclet<br \/>\nBudapest XII. ker\u00fclet<br \/>\nBudapest XIX. ker\u00fclet<br \/>\nBudapest XVII. ker\u00fclet<br \/>\nBudapest XVIII. ker\u00fclet<br \/>\nBudapest XX. ker\u00fclet<br \/>\nBudapest XXI. ker\u00fclet<br \/>\nBudapest XXII. ker\u00fclet<br \/>\nBudapest XXIII. ker\u00fclet<br \/>\nBuda\u00f6rs<br \/>\nBugyi<br \/>\nB\u00e1rsonyos<br \/>\nB\u00e9nye<br \/>\nCece<br \/>\nCegl\u00e9d<br \/>\nCegl\u00e9dbercel<br \/>\nCibakh\u00e1za<br \/>\nCsabdi<br \/>\nCsatasz\u00f6g<br \/>\nCsatka<br \/>\nCsem\u0151<br \/>\nCs\u00e1kber\u00e9ny<br \/>\nCs\u00e1kv\u00e1r<br \/>\nCs\u00e1sz\u00e1r<br \/>\nCs\u00e9m<br \/>\nCs\u00e9p<br \/>\nCs\u00e9vharaszt<br \/>\nCs\u00f3kak\u0151<br \/>\nCs\u00f3r<br \/>\nCs\u0151sz<br \/>\nDabas<br \/>\nDad<br \/>\nDaruszentmikl\u00f3s<br \/>\nDi\u00f3sd<br \/>\nDunaalm\u00e1s<br \/>\nDunaegyh\u00e1za<br \/>\nDunaf\u00f6ldv\u00e1r<br \/>\nDunaharaszti<br \/>\nDunaszentmikl\u00f3s<br \/>\nDunavars\u00e1ny<br \/>\nDunavecse<br \/>\nDuna\u00fajv\u00e1ros<br \/>\nD\u00e1nszentmikl\u00f3s<br \/>\nD\u00e9g<br \/>\nD\u00e9legyh\u00e1za<br \/>\nD\u00f6ms\u00f6d<br \/>\nEcser<br \/>\nEl\u0151sz\u00e1ll\u00e1s<br \/>\nEnying<br \/>\nErcsi<br \/>\nEte<br \/>\nEtyek<br \/>\nFarmos<br \/>\nFegyvernek<br \/>\nFeh\u00e9rv\u00e1rcsurg\u00f3<br \/>\nFelcs\u00fat<br \/>\nFels\u0151pakony<br \/>\nF\u00fcle<br \/>\nGomba<br \/>\nGyermely<br \/>\nGy\u00e1l<br \/>\nGy\u00f6mr\u0151<br \/>\nGy\u00far\u00f3<br \/>\nG\u00e1nt<br \/>\nG\u00e1rdony<br \/>\nHal\u00e1sztelek<br \/>\nHantos<br \/>\nHerceghalom<br \/>\nHern\u00e1d<br \/>\nHunyadfalva<br \/>\nH\u00e9reg<br \/>\nIgar<br \/>\nIn\u00e1rcs<br \/>\nIszkaszentgy\u00f6rgy<br \/>\nIsztim\u00e9r<br \/>\nIv\u00e1ncsa<br \/>\nJen\u0151<br \/>\nJ\u00e1noshida<br \/>\nJ\u00e1szals\u00f3szentgy\u00f6rgy<br \/>\nJ\u00e1szap\u00e1ti<br \/>\nJ\u00e1szber\u00e9ny<br \/>\nJ\u00e1szboldogh\u00e1za<br \/>\nJ\u00e1szd\u00f3zsa<br \/>\nJ\u00e1szfels\u0151szentgy\u00f6rgy<br \/>\nJ\u00e1szf\u00e9nyszaru<br \/>\nJ\u00e1sziv\u00e1ny<br \/>\nJ\u00e1szj\u00e1k\u00f3halma<br \/>\nJ\u00e1szkarajen\u0151<br \/>\nJ\u00e1szkis\u00e9r<br \/>\nJ\u00e1szlad\u00e1ny<br \/>\nJ\u00e1szszentandr\u00e1s<br \/>\nJ\u00e1sztelek<br \/>\nJ\u00e1sz\u00e1g\u00f3<br \/>\nJ\u00e1sz\u00e1roksz\u00e1ll\u00e1s<br \/>\nKaj\u00e1sz\u00f3<br \/>\nKakucs<br \/>\nKecsk\u00e9d<br \/>\nKengyel<br \/>\nKer\u00e9kteleki<br \/>\nKincsesb\u00e1nya<br \/>\nKisapostag<br \/>\nKisb\u00e9r<br \/>\nKisigm\u00e1nd<br \/>\nKiskunlach\u00e1za<br \/>\nKisl\u00e1ng<br \/>\nKocs<br \/>\nKom\u00e1rom<br \/>\nKulcs<br \/>\nKuncsorba<br \/>\nK\u00e1loz<br \/>\nK\u00e1poln\u00e1sny\u00e9k<br \/>\nK\u00e1va<br \/>\nK\u00e9tp\u00f3<br \/>\nK\u00f3ka<br \/>\nK\u0151r\u00f6stet\u00e9tlen<br \/>\nK\u0151sz\u00e1rhegy<br \/>\nK\u0151telek<br \/>\nK\u00f6ml\u0151d<br \/>\nK\u00f6rnye<br \/>\nLajoskom\u00e1rom<br \/>\nLeps\u00e9ny<br \/>\nLovasber\u00e9ny<br \/>\nL\u00f3r\u00e9v<br \/>\nMagl\u00f3d<br \/>\nMagyaralm\u00e1s<br \/>\nMajosh\u00e1za<br \/>\nMak\u00e1d<br \/>\nMartf\u0171<br \/>\nMartonv\u00e1s\u00e1r<br \/>\nMende<br \/>\nMestersz\u00e1ll\u00e1s<br \/>\nMez\u0151falva<br \/>\nMez\u0151h\u00e9k<br \/>\nMez\u0151kom\u00e1rom<br \/>\nMez\u0151szentgy\u00f6rgy<br \/>\nMez\u0151szilas<br \/>\nMez\u0151t\u00far<br \/>\nMikebuda<br \/>\nMocsa<br \/>\nMoha<br \/>\nMonor<br \/>\nMonorierd\u0151<br \/>\nM\u00e1ny<br \/>\nM\u00e1ty\u00e1sdomb<br \/>\nM\u00f3r<br \/>\nNadap<br \/>\nNagyigm\u00e1nd<br \/>\nNagykar\u00e1csony<br \/>\nNagyk\u00e1ta<br \/>\nNagyk\u00f6r\u0171<br \/>\nNagyl\u00f3k<br \/>\nNagyr\u00e9v<br \/>\nNagyveleg<br \/>\nNagyvenyim<br \/>\nNasz\u00e1ly<br \/>\nNeszm\u00e9ly<br \/>\nNy\u00e1regyh\u00e1za<br \/>\nN\u00e1dasdlad\u00e1ny<br \/>\nOroszl\u00e1ny<br \/>\nPerk\u00e1ta<br \/>\nPilis<br \/>\nPolg\u00e1rdi<br \/>\nPusztamonostor<br \/>\nPusztaszabolcs<br \/>\nPusztavacs<br \/>\nPusztav\u00e1m<br \/>\nPusztaz\u00e1mor<br \/>\nP\u00e1kozd<br \/>\nP\u00e1nd<br \/>\nP\u00e1tka<br \/>\nP\u00e1ty<br \/>\nP\u00e1zm\u00e1nd<br \/>\nP\u00e9teri<br \/>\nR\u00e1calm\u00e1s<br \/>\nR\u00e1ckereszt\u00far<br \/>\nR\u00e1ckeve<br \/>\nR\u00e1k\u00f3czifalva<br \/>\nR\u00e1k\u00f3czi\u00fajfalu<br \/>\nR\u00e9de<br \/>\nSereg\u00e9lyes<br \/>\nSoponya<br \/>\nSukor\u00f3<br \/>\nSzabadbatty\u00e1n<br \/>\nSzabadegyh\u00e1za<br \/>\nSzabadh\u00eddv\u00e9g<br \/>\nSzajol<br \/>\nSzentl\u0151rinck\u00e1ta<br \/>\nSzentm\u00e1rtonk\u00e1ta<br \/>\nSzigetbecse<br \/>\nSzigetcs\u00e9p<br \/>\nSzigethalom<br \/>\nSzigetszentmikl\u00f3s<br \/>\nSzigetszentm\u00e1rton<br \/>\nSziget\u00fajfalu<br \/>\nSzolnok<br \/>\nSzomor<br \/>\nSzom\u00f3d<br \/>\nSz\u00e1kszend<br \/>\nSz\u00e1r<br \/>\nSz\u00e1rliget<br \/>\nSz\u00e1szberek<br \/>\nSz\u00e1zhalombatta<br \/>\nSz\u00e9kesfeh\u00e9rv\u00e1r<br \/>\nS\u00e1rbog\u00e1rd<br \/>\nS\u00e1regres<br \/>\nS\u00e1rkeresztes<br \/>\nS\u00e1rkereszt\u00far<br \/>\nS\u00e1rkeszi<br \/>\nS\u00e1rosd<br \/>\nS\u00e1rszentmih\u00e1ly<br \/>\nS\u00e1rszent\u00e1gota<br \/>\nS\u00f3sk\u00fat<br \/>\nS\u00f6r\u00e9d<br \/>\nS\u00far<br \/>\nS\u00fclys\u00e1p<br \/>\nTabajd<br \/>\nTaksony<br \/>\nTardos<br \/>\nTarj\u00e1n<br \/>\nTata<br \/>\nTatab\u00e1nya<br \/>\nTat\u00e1rszentgy\u00f6rgy<br \/>\nTelki<br \/>\nTiszab\u0151<br \/>\nTiszaf\u00f6ldv\u00e1r<br \/>\nTiszajen\u0151<br \/>\nTiszap\u00fcsp\u00f6ki<br \/>\nTiszas\u00fcly<br \/>\nTiszateny\u0151<br \/>\nTiszav\u00e1rkony<br \/>\nTordas<br \/>\nT\u00e1borfalva<br \/>\nT\u00e1c<br \/>\nT\u00e1pi\u00f3bicske<br \/>\nT\u00e1pi\u00f3gy\u00f6rgye<br \/>\nT\u00e1pi\u00f3szecs\u0151<br \/>\nT\u00e1pi\u00f3szele<br \/>\nT\u00e1pi\u00f3szentm\u00e1rton<br \/>\nT\u00e1pi\u00f3sz\u0151l\u0151s<br \/>\nT\u00e1pi\u00f3s\u00e1g<br \/>\nT\u00e1rk\u00e1ny<br \/>\nT\u00e1rnok<br \/>\nT\u00f3alm\u00e1s<br \/>\nT\u00f3szeg<br \/>\nT\u00f6k\u00f6l<br \/>\nT\u00f6rtel<br \/>\nT\u00f6r\u00f6kb\u00e1lint<br \/>\nT\u00f6r\u00f6kszentmikl\u00f3s<br \/>\nT\u00farkeve<br \/>\nVajta<br \/>\nVasad<br \/>\nVecs\u00e9s<br \/>\nVelence<br \/>\nVereb<br \/>\nVezseny<br \/>\nV\u00e1l<br \/>\nV\u00e1rgesztes<br \/>\nV\u00e9rtesacsa<br \/>\nV\u00e9rtesbogl\u00e1r<br \/>\nV\u00e9rteskethely<br \/>\nV\u00e9rtessoml\u00f3<br \/>\nV\u00e9rtessz\u0151l\u0151s<br \/>\nV\u00e9rtestolna<br \/>\nZagyvar\u00e9kas<br \/>\nZichy\u00fajfalu<br \/>\nZ\u00e1moly<br \/>\n\u00c1cstesz\u00e9r<br \/>\n\u00c1porka<br \/>\n\u00c1sz\u00e1r<br \/>\n\u00c9rd<br \/>\n\u00d3barok<br \/>\n\u00d3csa<br \/>\n\u00d6rk\u00e9ny<br \/>\n\u00d6rm\u00e9nyes<br \/>\n\u00dajbarok<br \/>\n\u00dajharty\u00e1n<br \/>\n\u00dajlengyel<br \/>\n\u00dajszilv\u00e1s<br \/>\n\u00dajsz\u00e1sz<br \/>\n\u00darhida<br \/>\n\u00dari<br \/>\n\u00dcll\u0151<\/p>\n<p>A dokumentumot <a href=\"https:\/\/semmelweis.hu\/sebeszet\/files\/2023\/07\/teruleti-ellatas_sebeszet.pdf\">&lt;&lt;ITT&gt;&gt;<\/a> t\u00f6ltheti le<\/p>\n<\/div>\n<\/div>\n<div class=\"exp-col-content-holder\"><a class=\"expand-cnt-link\" href=\"#\">GASZTROENTEROL\u00d3GIA<\/a><\/p>\n<div class=\"hidden-content\">\n<p><span style=\"font-weight: 400\"><strong>Telefonsz\u00e1m:<\/strong> +36 20 663 2158<\/span><\/p>\n<p><strong>A ter\u00fcleti ell\u00e1t\u00e1si k\u00f6telezetts\u00e9g list\u00e1ja:<\/strong><\/p>\n<p style=\"text-align: justify\">A gasztroenterol\u00f3giai ell\u00e1t\u00e1si ter\u00fclet\u00fcnkr\u0151l \u00e9rkez\u0151 betegeknek rendelkeznie kell \u00c9RV\u00c9NYES, KLINIK\u00c1NKRA sz\u00f3l\u00f3 \u00c9RDEMI INFORM\u00c1CI\u00d3T TARTALMAZ\u00d3 H\u00c1ZIORVOSI BEUTAL\u00d3VAL.<br \/>\nHa van ilyen beutal\u00f3ja, akkor telefonos id\u0151pont egyeztet\u00e9s (Betegel\u0151jegyz\u00e9s) ut\u00e1n vehetik ig\u00e9nybe gasztroenterol\u00f3giai szakrendel\u00e9seinket.<\/p>\n<p>A NEM a Klinika gasztroenterol\u00f3giai ell\u00e1t\u00e1si ter\u00fclet\u00e9r\u0151l \u00e9rkez\u0151 betegeknek rendelkeznie kell \u00c9RV\u00c9NYES, KLINIK\u00c1NKRA sz\u00f3l\u00f3 GASZTROENTEROL\u00d3GIAI SZAKORVOSI BEUTAL\u00d3VAL.<br \/>\nHa van ilyen beutal\u00f3ja, akkor telefonos id\u0151pont egyeztet\u00e9s (Betegel\u0151jegyz\u00e9s) ut\u00e1n vehetik ig\u00e9nybe gasztroenterol\u00f3giai szakrendel\u00e9seinket.<\/p>\n<p>BETEGEL\u0150JEGYZ\u00c9S minden h\u00e9tk\u00f6znap 8:00-14:30 k\u00f6z\u00f6tt az al\u00e1bbi telefonsz\u00e1mon<br \/>\nGasztroenterol\u00f3gia: +36 20 663 2158 \u00e9rhet\u0151 el.<\/p>\n<p style=\"text-align: justify\"><a href=\"http:\/\/84.206.43.26:7080\/ellatas\/xtek\/wicket\/bookmarkable\/oth.ellatas.Adatlap?4\">http:\/\/84.206.43.26:7080\/ellatas\/xtek\/wicket\/bookmarkable\/oth.ellatas.Adatlap?4<\/a><br \/>\nSemmelweis Egyetem (164482)<br \/>\n<strong>104 Gasztroenterol\u00f3gia: Fekv\u0151, Progresszivit\u00e1s: 2 (akt\u00edv)<\/strong><br \/>\nApaj<br \/>\nDunaharaszti<br \/>\nDunavars\u00e1ny<br \/>\nD\u00e9legyh\u00e1za<br \/>\nD\u00f6ms\u00f6d<br \/>\nHal\u00e1sztelek<br \/>\nKiskunlach\u00e1za<br \/>\nL\u00f3r\u00e9v<br \/>\nMajosh\u00e1za<br \/>\nMak\u00e1d<br \/>\nR\u00e1ckeve<br \/>\nSzigetbecse<br \/>\nSzigetcs\u00e9p<br \/>\nSzigethalom<br \/>\nSzigetszentmikl\u00f3s<br \/>\nSzigetszentm\u00e1rton<br \/>\nSziget\u00fajfalu<br \/>\nSz\u00e1zhalombatta<br \/>\nTaksony<br \/>\nT\u00f6k\u00f6l<br \/>\n\u00c1porka<\/p>\n<p><strong>0104 Gasztroenterol\u00f3gia: Fekv\u0151 , Progresszivit\u00e1s: 3 (akt\u00edv)<\/strong><br \/>\nAlatty\u00e1n<br \/>\nApaj<br \/>\nBesenysz\u00f6g<br \/>\nBudapest IX. ker\u00fclet<br \/>\nBudapest V. ker\u00fclet<br \/>\nBudapest VII. ker\u00fclet<br \/>\nBudapest VIII. ker\u00fclet<br \/>\nBudapest XVIII. ker\u00fclet<br \/>\nBudapest XX. ker\u00fclet<br \/>\nBudapest XXI. ker\u00fclet<br \/>\nBudapest XXIII. ker\u00fclet<br \/>\nCibakh\u00e1za<br \/>\nCsatasz\u00f6g<br \/>\nDunaharaszti<br \/>\nDunavars\u00e1ny<br \/>\nD\u00e9legyh\u00e1za<br \/>\nD\u00f6ms\u00f6d<br \/>\nFegyvernek<br \/>\nHal\u00e1sztelek<br \/>\nHunyadfalva<br \/>\nJ\u00e1noshida<br \/>\nJ\u00e1szals\u00f3szentgy\u00f6rgy<br \/>\nJ\u00e1szap\u00e1ti<br \/>\nJ\u00e1szber\u00e9ny<br \/>\nJ\u00e1szboldogh\u00e1za<br \/>\nJ\u00e1szd\u00f3zsa<br \/>\nJ\u00e1szfels\u0151szentgy\u00f6rgy<br \/>\nJ\u00e1szf\u00e9nyszaru<br \/>\nJ\u00e1sziv\u00e1ny<br \/>\nJ\u00e1szj\u00e1k\u00f3halma<br \/>\nJ\u00e1szkarajen\u0151<br \/>\nJ\u00e1szkis\u00e9r<br \/>\nJ\u00e1szlad\u00e1ny<br \/>\nJ\u00e1szszentandr\u00e1s<br \/>\nJ\u00e1sztelek<br \/>\nJ\u00e1sz\u00e1g\u00f3<br \/>\nJ\u00e1sz\u00e1roksz\u00e1ll\u00e1s<br \/>\nKengyel<br \/>\nKiskunlach\u00e1za<br \/>\nKuncsorba<br \/>\nK\u00e9tp\u00f3<br \/>\nK\u0151telek<br \/>\nL\u00f3r\u00e9v<br \/>\nMajosh\u00e1za<br \/>\nMak\u00e1d<br \/>\nMartf\u0171<br \/>\nMestersz\u00e1ll\u00e1s<br \/>\nMez\u0151h\u00e9k<br \/>\nMez\u0151t\u00far<br \/>\nNagyk\u00f6r\u0171<br \/>\nNagyr\u00e9v<br \/>\nPusztamonostor<br \/>\nR\u00e1ckeve<br \/>\nR\u00e1k\u00f3czifalva<br \/>\nR\u00e1k\u00f3czi\u00fajfalu<br \/>\nSzajol<br \/>\nSzigetbecse<br \/>\nSzigetcs\u00e9p<br \/>\nSzigethalom<br \/>\nSzigetszentmikl\u00f3s<br \/>\nSzigetszentm\u00e1rton<br \/>\nSziget\u00fajfalu<br \/>\nSzolnok<br \/>\nSz\u00e1szberek<br \/>\nSz\u00e1zhalombatta<br \/>\nTaksony<br \/>\nTiszab\u0151<br \/>\nTiszaf\u00f6ldv\u00e1r<br \/>\nTiszajen\u0151<br \/>\nTiszap\u00fcsp\u00f6ki<br \/>\nTiszas\u00fcly<br \/>\nTiszateny\u0151<br \/>\nTiszav\u00e1rkony<br \/>\nT\u00f3szeg<br \/>\nT\u00f6k\u00f6l<br \/>\nT\u00f6r\u00f6kszentmikl\u00f3s<br \/>\nT\u00farkeve<br \/>\nVezseny<br \/>\nZagyvar\u00e9kas<br \/>\n\u00c1porka<br \/>\n\u00d6rm\u00e9nyes<br \/>\n\u00dajsz\u00e1sz<\/p>\n<p>A dokumentumot <a href=\"https:\/\/semmelweis.hu\/sebeszet\/files\/2023\/07\/teruleti_ellatas_gasztro.pdf\">&lt;&lt;ITT&gt;&gt;<\/a> t\u00f6ltheti le<\/p>\n<\/div>\n<\/div>\n<p>&nbsp;<\/p>\n","protected":false},"excerpt":{"rendered":"<p>Tisztelt Betegeink! Klinik\u00e1nkra telefonos bejelentkez\u00e9st k\u00f6vet\u0151en lehet bejelentkezni. Betegel\u0151jegyz\u00e9s minden h\u00e9tk\u00f6znap 8:00-14:30 k\u00f6z\u00f6tt az al\u00e1bbi telefonsz\u00e1mokon \u00e9rhet\u0151 el: <a class=\"expand-cnt-link\" href=\"#\">SEB\u00c9SZET<\/a> Telefonsz\u00e1mok: +36 20 825 9090 \u00e9s +36 20 825 9020 Proktol\u00f3gia el\u0151jegyz\u00e9s telefonsz\u00e1ma: +36 30 877 0226 (rendel\u00e9s h\u00e9tf\u0151nk\u00e9nt a R\u00f3kus K\u00f3rh\u00e1zban) &nbsp; A ter\u00fcleti ell\u00e1t\u00e1si k\u00f6telezetts\u00e9g list\u00e1ja: A ST\u00e9G Klinika jelenlegi kapacit\u00e1sai csak a Klinika ter\u00fcleti &hellip;<\/p>\n","protected":false},"author":101236,"featured_media":0,"parent":77,"menu_order":1,"comment_status":"closed","ping_status":"closed","template":"","meta":{"_acf_changed":false,"footnotes":""},"categories":[],"tags":[],"class_list":["post-5318","page","type-page","status-publish","hentry"],"acf":[],"_links":{"self":[{"href":"https:\/\/semmelweis.hu\/sebeszet\/wp-json\/wp\/v2\/pages\/5318","targetHints":{"allow":["GET"]}}],"collection":[{"href":"https:\/\/semmelweis.hu\/sebeszet\/wp-json\/wp\/v2\/pages"}],"about":[{"href":"https:\/\/semmelweis.hu\/sebeszet\/wp-json\/wp\/v2\/types\/page"}],"author":[{"embeddable":true,"href":"https:\/\/semmelweis.hu\/sebeszet\/wp-json\/wp\/v2\/users\/101236"}],"replies":[{"embeddable":true,"href":"https:\/\/semmelweis.hu\/sebeszet\/wp-json\/wp\/v2\/comments?post=5318"}],"version-history":[{"count":10,"href":"https:\/\/semmelweis.hu\/sebeszet\/wp-json\/wp\/v2\/pages\/5318\/revisions"}],"predecessor-version":[{"id":8587,"href":"https:\/\/semmelweis.hu\/sebeszet\/wp-json\/wp\/v2\/pages\/5318\/revisions\/8587"}],"up":[{"embeddable":true,"href":"https:\/\/semmelweis.hu\/sebeszet\/wp-json\/wp\/v2\/pages\/77"}],"wp:attachment":[{"href":"https:\/\/semmelweis.hu\/sebeszet\/wp-json\/wp\/v2\/media?parent=5318"}],"wp:term":[{"taxonomy":"category","embeddable":true,"href":"https:\/\/semmelweis.hu\/sebeszet\/wp-json\/wp\/v2\/categories?post=5318"},{"taxonomy":"post_tag","embeddable":true,"href":"https:\/\/semmelweis.hu\/sebeszet\/wp-json\/wp\/v2\/tags?post=5318"}],"curies":[{"name":"wp","href":"https:\/\/api.w.org\/{rel}","templated":true}]}}