{"id":4857,"date":"2020-04-23T16:00:57","date_gmt":"2020-04-23T14:00:57","guid":{"rendered":"http:\/\/semmelweis.hu\/sebeszet1\/?page_id=4857"},"modified":"2021-01-13T13:24:04","modified_gmt":"2021-01-13T12:24:04","slug":"citologia","status":"publish","type":"page","link":"https:\/\/semmelweis.hu\/sebeszet\/betegellatas\/sebeszet-2\/sebeszeti-jarobeteg-ellatas\/citologia\/","title":{"rendered":"Citol\u00f3gia"},"content":{"rendered":"<p style=\"text-align: justify\"><span style=\"font-weight: 400\">Citol\u00f3giai mintav\u00e9telt a II. Sz. Patol\u00f3giai Int\u00e9zet munkat\u00e1rsaival kiz\u00e1r\u00f3lag beutal\u00f3val rendelkez\u0151 betegeinknek tudunk v\u00e9gezni.<\/span><\/p>\n<p style=\"text-align: justify\"><span style=\"font-weight: 400\">K\u00e9rj\u00fck, a vizsg\u00e1latra 12:00 el\u0151tt <strong>jelentkezzenek be<\/strong>!<\/span><\/p>\n<p style=\"text-align: justify\"><strong>Rendel\u00e9si id\u0151:<\/strong><span style=\"font-weight: 400\"> kedd-szerda 12:00-12:30<\/span><\/p>\n","protected":false},"excerpt":{"rendered":"<p>Citol\u00f3giai mintav\u00e9telt a II. Sz. Patol\u00f3giai Int\u00e9zet munkat\u00e1rsaival kiz\u00e1r\u00f3lag beutal\u00f3val rendelkez\u0151 betegeinknek tudunk v\u00e9gezni.<br \/>\nK\u00e9rj\u00fck, a vizsg\u00e1latra 12:00 el\u0151tt jelentkezzenek be!<br \/>\nRendel\u00e9si id\u0151: kedd-szerda 12:00-12:30<\/p>\n","protected":false},"author":101022,"featured_media":0,"parent":640,"menu_order":13,"comment_status":"closed","ping_status":"closed","template":"","meta":{"_acf_changed":false,"footnotes":""},"categories":[],"tags":[],"class_list":["post-4857","page","type-page","status-publish","hentry"],"acf":[],"_links":{"self":[{"href":"https:\/\/semmelweis.hu\/sebeszet\/wp-json\/wp\/v2\/pages\/4857","targetHints":{"allow":["GET"]}}],"collection":[{"href":"https:\/\/semmelweis.hu\/sebeszet\/wp-json\/wp\/v2\/pages"}],"about":[{"href":"https:\/\/semmelweis.hu\/sebeszet\/wp-json\/wp\/v2\/types\/page"}],"author":[{"embeddable":true,"href":"https:\/\/semmelweis.hu\/sebeszet\/wp-json\/wp\/v2\/users\/101022"}],"replies":[{"embeddable":true,"href":"https:\/\/semmelweis.hu\/sebeszet\/wp-json\/wp\/v2\/comments?post=4857"}],"version-history":[{"count":8,"href":"https:\/\/semmelweis.hu\/sebeszet\/wp-json\/wp\/v2\/pages\/4857\/revisions"}],"predecessor-version":[{"id":5948,"href":"https:\/\/semmelweis.hu\/sebeszet\/wp-json\/wp\/v2\/pages\/4857\/revisions\/5948"}],"up":[{"embeddable":true,"href":"https:\/\/semmelweis.hu\/sebeszet\/wp-json\/wp\/v2\/pages\/640"}],"wp:attachment":[{"href":"https:\/\/semmelweis.hu\/sebeszet\/wp-json\/wp\/v2\/media?parent=4857"}],"wp:term":[{"taxonomy":"category","embeddable":true,"href":"https:\/\/semmelweis.hu\/sebeszet\/wp-json\/wp\/v2\/categories?post=4857"},{"taxonomy":"post_tag","embeddable":true,"href":"https:\/\/semmelweis.hu\/sebeszet\/wp-json\/wp\/v2\/tags?post=4857"}],"curies":[{"name":"wp","href":"https:\/\/api.w.org\/{rel}","templated":true}]}}