{"id":4518,"date":"2018-12-03T15:56:49","date_gmt":"2018-12-03T14:56:49","guid":{"rendered":"http:\/\/semmelweis.hu\/sebeszet1\/?page_id=4518"},"modified":"2022-03-28T08:34:39","modified_gmt":"2022-03-28T06:34:39","slug":"privat-betegellatas-semmelweis-kft","status":"publish","type":"page","link":"https:\/\/semmelweis.hu\/sebeszet\/betegellatas\/privat-betegellatas-semmelweis-kft\/","title":{"rendered":"Priv\u00e1t ell\u00e1t\u00e1s &#8211; Semmelweis kft."},"content":{"rendered":"<p><b>\u00d6r\u00f6mmel t\u00e1j\u00e9koztatjuk tisztelt \u00dcgyfeleinket, hogy a <a href=\"https:\/\/semmelweiskft.hu\/\">Semmelweis Eg\u00e9szs\u00e9g\u00fcgyi Kft.<\/a> eddig is sz\u00e9les szolg\u00e1ltat\u00e1si palett\u00e1ja tov\u00e1bbi n\u00e9gy seb\u00e9szeti szolg\u00e1ltat\u00e1si ter\u00fclettel b\u0151v\u00fclt. Betegeinket az Egyetem legmodernebb, sz\u00e1llodai k\u00e9nyelmet \u00e9s nyugalmat biztos\u00edt\u00f3 szob\u00e1iban, 24 \u00f3r\u00e1s exkluz\u00edv n\u0151v\u00e9ri fel\u00fcgyelettel, a la carte \u00e9tkez\u00e9ssel v\u00e1rjuk.<\/b><\/p>\n<div>Seb\u00e9szeti m\u0171t\u00e9teinket a Semmelweis Egyetem I. sz. Seb\u00e9szeti Klinik\u00e1j\u00e1nak modern, \u00e9s sz\u00fcks\u00e9g eset\u00e9n magas sz\u00ednvonal\u00fa intenz\u00edv-ter\u00e1pi\u00e1s ell\u00e1t\u00e1si h\u00e1tteret is garant\u00e1l\u00f3 m\u0171t\u0151blokkj\u00e1ban v\u00e9gezz\u00fck Egyetem\u00fcnk legkiv\u00e1l\u00f3bb seb\u00e9szorvosaival.<\/div>\n<div>\u00a0<\/div>\n<h3>\u00c1ltal\u00e1nos \u00e9s komplex daganat seb\u00e9szet<\/h3>\n<p>Az \u00e1ltal\u00e1nos hasi seb\u00e9szeti, endokrin \u00e9s a komplex ell\u00e1t\u00e1st ig\u00e9nyl\u0151 onkol\u00f3giai beavatkoz\u00e1sokat sz\u00e9les k\u00f6rben v\u00e9gezz\u00fck. M\u0171t\u00e9teinket jelent\u0151s r\u00e9szben a legmodernebb, leggyorsabb m\u0171t\u00e9t ut\u00e1ni regener\u00e1l\u00f3d\u00e1st garant\u00e1l\u00f3 laparoszk\u00f3pos elj\u00e1r\u00e1sokkal v\u00e9gezz\u00fck. A nagy \u00e9s k\u00f6z\u00e9pnagy besorol\u00e1s\u00fa hasi m\u0171t\u00e9tek mellett az egynapos seb\u00e9szet keretein bel\u00fcl rutin s\u00e9rvm\u0171t\u00e9teket (hasfali, l\u00e1gy\u00e9k, k\u00f6ld\u00f6k), vissz\u00e9rm\u0171t\u00e9teket is v\u00e9gz\u00fcnk. A fentiek mellett szolg\u00e1ltat\u00e1si k\u00f6r\u00fcnkbe a hat\u00e9kony tests\u00falycs\u00f6kkent\u0151, \u00fan. bari\u00e1triai m\u0171t\u00e9ti profil is beletartozik.<\/p>\n<h3>Proktol\u00f3giai seb\u00e9szet<\/h3>\n<p>Sz\u00e9les v\u00e1laszt\u00e9kban v\u00e1llaljuk a proktol\u00f3giai ter\u00fclethez tartoz\u00f3 diagnosztikus \u00e9s ter\u00e1pi\u00e1s beavatkoz\u00e1sokat is, az arany\u00e9r kezel\u00e9s\u00e9t\u0151l, j\u00f3-, \u00e9s rosszindulat\u00fa daganatok m\u0171t\u00e9tei megold\u00e1s\u00e1ig egyar\u00e1nt.<\/p>\n<h3>Eszt\u00e9tikai beavatkoz\u00e1sok \u00e9s Plasztikai seb\u00e9szet<\/h3>\n<p>Mind az egynapos eszt\u00e9tikai, mind az \u00f6sszetettebb plasztikai m\u0171t\u00e9tek eset\u00e9ben sz\u00e9les v\u00e1laszt\u00e9kot, szakmailag j\u00e1rtas orvosspecialist\u00e1kat, plasztikai seb\u00e9szeket \u00e9s magas min\u0151s\u00e9get k\u00e9pvisel\u0151 speci\u00e1lis implant\u00e1tumokat biztos\u00edtunk. Az egynapos m\u0171t\u00e9tek k\u00f6z\u00e9 tartoznak t\u00f6bbek k\u00f6zt a k\u00fcl\u00f6nb\u00f6z\u0151 b\u0151relv\u00e1ltoz\u00e1sok kimetsz\u00e9se\/elt\u00e1vol\u00edt\u00e1sa, hegkorrekci\u00f3k, intimplasztik\u00e1k. A t\u00f6bbnapos m\u0171t\u00e9tek eset\u00e9ben a legk\u00fcl\u00f6nf\u00e9l\u00e9bb mellkorrekci\u00f3s m\u0171t\u00e9tek, hagyom\u00e1nyos arc-, \u00e9s nyakplasztikai beavatkoz\u00e1sok egyar\u00e1nt megtal\u00e1lhat\u00f3k az aj\u00e1nlataink k\u00f6zt.<\/p>\n<h3>Gasztroenterol\u00f3gia<\/h3>\n<p>A gasztroenterol\u00f3gia ter\u00fclet\u00e9n nyel\u0151cs\u0151, gyomor, v\u00e9kony-, \u00e9s vastagb\u00e9l, illetve, hasny\u00e1lmirigyet vagy epevezet\u00e9ket \u00e9rint\u0151 megbeteged\u00e9sek diagnosztik\u00e1j\u00e1t\u00f3l azok endoszk\u00f3pos, vagy ig\u00e9ny szerint m\u0171t\u00e9ti megold\u00e1s\u00e1t is v\u00e1llaljuk.<\/p>\n<p><b>Tov\u00e1bbi inform\u00e1ci\u00f3k\u00e9rt h\u00edvja callcenter\u00fcnket: +36 20 663 2666<\/b><\/p>\n<h4>\u00c1rainkr\u00f3l \u00e9s tov\u00e1bbi r\u00e9szletekr\u0151l az al\u00e1bbi oldalakon t\u00e1j\u00e9koz\u00f3dhat:<\/h4>\n<p><a href=\"https:\/\/semmelweiskft.hu\/szolgaltatasaink\/sebeszet\" target=\"_blank\" rel=\"noopener noreferrer\">\u00c1ltal\u00e1nos seb\u00e9szet<\/a><\/p>\n<p><a href=\"https:\/\/semmelweiskft.hu\/szolgaltatasaink\/plasztikai-sebeszet\" target=\"_blank\" rel=\"noopener noreferrer\">Plasztikai seb\u00e9szet<\/a>\u00a0<\/p>\n<p><a href=\"https:\/\/semmelweiskft.hu\/szolgaltatasaink\/proktologia\" target=\"_blank\" rel=\"noopener noreferrer\">Proktol\u00f3gia<\/a>\u00a0<\/p>\n<p><a href=\"https:\/\/semmelweiskft.hu\/szolgaltatasaink\/gasztroenterologia\" target=\"_blank\" rel=\"noopener noreferrer\">Gasztroenterol\u00f3gia<\/a><\/p>\n","protected":false},"excerpt":{"rendered":"<p>\u00d6r\u00f6mmel t\u00e1j\u00e9koztatjuk tisztelt \u00dcgyfeleinket, hogy a <a href=\"https:\/\/semmelweiskft.hu\/\">Semmelweis Eg\u00e9szs\u00e9g\u00fcgyi Kft.<\/a> eddig is sz\u00e9les szolg\u00e1ltat\u00e1si palett\u00e1ja tov\u00e1bbi n\u00e9gy seb\u00e9szeti szolg\u00e1ltat\u00e1si ter\u00fclettel b\u0151v\u00fclt. Betegeinket az Egyetem legmodernebb, sz\u00e1llodai k\u00e9nyelmet \u00e9s nyugalmat biztos\u00edt\u00f3 szob\u00e1iban, 24 \u00f3r\u00e1s exkluz\u00edv n\u0151v\u00e9ri fel\u00fcgyelettel, a la carte \u00e9tkez\u00e9ssel v\u00e1rjuk. Seb\u00e9szeti m\u0171t\u00e9teinket a Semmelweis Egyetem I. sz. Seb\u00e9szeti Klinik\u00e1j\u00e1nak modern, \u00e9s sz\u00fcks\u00e9g eset\u00e9n magas sz\u00ednvonal\u00fa intenz\u00edv-ter\u00e1pi\u00e1s ell\u00e1t\u00e1si h\u00e1tteret &hellip;<\/p>\n","protected":false},"author":101022,"featured_media":0,"parent":77,"menu_order":16,"comment_status":"closed","ping_status":"closed","template":"","meta":{"_acf_changed":false,"footnotes":""},"categories":[],"tags":[],"class_list":["post-4518","page","type-page","status-publish","hentry"],"acf":[],"_links":{"self":[{"href":"https:\/\/semmelweis.hu\/sebeszet\/wp-json\/wp\/v2\/pages\/4518","targetHints":{"allow":["GET"]}}],"collection":[{"href":"https:\/\/semmelweis.hu\/sebeszet\/wp-json\/wp\/v2\/pages"}],"about":[{"href":"https:\/\/semmelweis.hu\/sebeszet\/wp-json\/wp\/v2\/types\/page"}],"author":[{"embeddable":true,"href":"https:\/\/semmelweis.hu\/sebeszet\/wp-json\/wp\/v2\/users\/101022"}],"replies":[{"embeddable":true,"href":"https:\/\/semmelweis.hu\/sebeszet\/wp-json\/wp\/v2\/comments?post=4518"}],"version-history":[{"count":5,"href":"https:\/\/semmelweis.hu\/sebeszet\/wp-json\/wp\/v2\/pages\/4518\/revisions"}],"predecessor-version":[{"id":7319,"href":"https:\/\/semmelweis.hu\/sebeszet\/wp-json\/wp\/v2\/pages\/4518\/revisions\/7319"}],"up":[{"embeddable":true,"href":"https:\/\/semmelweis.hu\/sebeszet\/wp-json\/wp\/v2\/pages\/77"}],"wp:attachment":[{"href":"https:\/\/semmelweis.hu\/sebeszet\/wp-json\/wp\/v2\/media?parent=4518"}],"wp:term":[{"taxonomy":"category","embeddable":true,"href":"https:\/\/semmelweis.hu\/sebeszet\/wp-json\/wp\/v2\/categories?post=4518"},{"taxonomy":"post_tag","embeddable":true,"href":"https:\/\/semmelweis.hu\/sebeszet\/wp-json\/wp\/v2\/tags?post=4518"}],"curies":[{"name":"wp","href":"https:\/\/api.w.org\/{rel}","templated":true}]}}