{"id":388,"date":"2015-09-21T16:48:07","date_gmt":"2015-09-21T14:48:07","guid":{"rendered":"http:\/\/semmelweis.hu\/sebeszet1\/?page_id=388"},"modified":"2025-09-25T11:02:06","modified_gmt":"2025-09-25T09:02:06","slug":"konyvtar","status":"publish","type":"page","link":"https:\/\/semmelweis.hu\/sebeszet\/a-klinikarol\/a-xvii-szazadtol-napjainkig\/klinika-epuletei\/konyvtar\/","title":{"rendered":"K\u00f6nyvt\u00e1r"},"content":{"rendered":"<p class=\"PubText\"><a href=\"https:\/\/semmelweis.hu\/sebeszet\/files\/2015\/09\/klin20.jpg\"><img loading=\"lazy\" decoding=\"async\" class=\"alignright size-medium wp-image-606\" src=\"https:\/\/semmelweis.hu\/sebeszet\/files\/2015\/09\/klin20-300x225.jpg\" alt=\"\" width=\"300\" height=\"225\" srcset=\"https:\/\/semmelweis.hu\/sebeszet\/files\/2015\/09\/klin20-300x225.jpg 300w, https:\/\/semmelweis.hu\/sebeszet\/files\/2015\/09\/klin20-400x300.jpg 400w, https:\/\/semmelweis.hu\/sebeszet\/files\/2015\/09\/klin20.jpg 640w\" sizes=\"auto, (max-width: 300px) 100vw, 300px\" \/><\/a>K\u00f6nyvt\u00e1runk helyi feladatk\u00f6r\u0171, jelenleg z\u00e1rt k\u00f6nyvt\u00e1r, amely \u00e1llom\u00e1ny\u00e1val els\u0151sorban az egyetem gy\u00f3gy\u00edt\u00f3, oktat\u00f3 \u00e9s kutat\u00f3 munk\u00e1j\u00e1t seg\u00edti.\u00a0A k\u00f6nyvt\u00e1r f\u0151gy\u0171jt\u0151k\u00f6re kiterjed a gasztroenterol\u00f3gia \u00e9s seb\u00e9szete, az endokrinol\u00f3gia, az \u00e9rseb\u00e9szet, az aneszteziol\u00f3gia \u00e9s intenz\u00edv ter\u00e1pia irodalm\u00e1nak v\u00e1logat\u00e1ssal val\u00f3 gy\u0171jt\u00e9s\u00e9re, kieg\u00e9sz\u00edt\u0151 \u00e1llom\u00e1nyunkat a rokon szakm\u00e1k \u00e9s t\u00e1rstudom\u00e1nyok irodalma k\u00e9pezi.<\/p>\n<p class=\"PubText\">Gy\u0171jtem\u00e9ny\u00fcnk jelent\u0151s r\u00e9sz\u00e9t \u00e9rt\u00e9kes szakk\u00f6nyvek, atlaszok, k\u00e9zik\u00f6nyvek \u00e9s\u00a0foly\u00f3iratok\u00a0alkotj\u00e1k.\u00a0A nem hagyom\u00e1nyos dokumentumok k\u00f6z\u00f6tt tal\u00e1lhat\u00f3k kongresszusi kiadv\u00e1nyok, disszert\u00e1ci\u00f3k, szakdolgozatok \u00e9s rektori p\u00e1lyamunk\u00e1k.\u00a0Az egyetem doktori disszert\u00e1ci\u00f3i k\u00f6nyvt\u00e1ri jelleg\u0171 k\u00e9ziratok, olyan tudom\u00e1nyos \u00e9rt\u00e9k\u0171 alkot\u00e1sok, melyek nem k\u00f6lcs\u00f6n\u00f6zhet\u0151k.<\/p>\n<p class=\"PubText\">A\u00a0<em>K\u00fcl\u00f6ngy\u0171jtem\u00e9ny<\/em> seb\u00e9szett\u00f6rt\u00e9neti v\u00e1logat\u00e1s, amely mag\u00e1ba foglalja a Klinika t\u00f6rt\u00e9net\u00e9t a kezdetekt\u0151l napjainkig (\u00edrott anyagok \u00e9s k\u00e9pek), a seb\u00e9szet (hazai, k\u00fclf\u00f6ldi) t\u00f6rt\u00e9net\u00e9t \u00e9s az\u00a0Orsz\u00e1gos Seb\u00e9szeti Int\u00e9zet M\u00f3dszertani Leveleit.<\/p>\n<p class=\"PubText\">\u00a0<\/p>\n","protected":false},"excerpt":{"rendered":"<p><a href=\"https:\/\/semmelweis.hu\/sebeszet\/files\/2015\/09\/klin20.jpg\"><\/a> K\u00f6nyvt\u00e1runk helyi feladatk\u00f6r\u0171, jelenleg z\u00e1rt k\u00f6nyvt\u00e1r, amely \u00e1llom\u00e1ny\u00e1val els\u0151sorban az egyetem gy\u00f3gy\u00edt\u00f3, oktat\u00f3 \u00e9s kutat\u00f3 munk\u00e1j\u00e1t seg\u00edti.\u00a0A k\u00f6nyvt\u00e1r f\u0151gy\u0171jt\u0151k\u00f6re kiterjed a gasztroenterol\u00f3gia \u00e9s seb\u00e9szete, az endokrinol\u00f3gia, az \u00e9rseb\u00e9szet, az aneszteziol\u00f3gia \u00e9s intenz\u00edv ter\u00e1pia irodalm\u00e1nak v\u00e1logat\u00e1ssal val\u00f3 gy\u0171jt\u00e9s\u00e9re, kieg\u00e9sz\u00edt\u0151 \u00e1llom\u00e1nyunkat a rokon szakm\u00e1k \u00e9s t\u00e1rstudom\u00e1nyok irodalma k\u00e9pezi. Gy\u0171jtem\u00e9ny\u00fcnk jelent\u0151s r\u00e9sz\u00e9t \u00e9rt\u00e9kes szakk\u00f6nyvek, atlaszok, k\u00e9zik\u00f6nyvek \u00e9s\u00a0foly\u00f3iratok\u00a0alkotj\u00e1k.\u00a0A nem &hellip;<\/p>\n","protected":false},"author":41,"featured_media":0,"parent":5414,"menu_order":9,"comment_status":"closed","ping_status":"closed","template":"","meta":{"_acf_changed":false,"footnotes":""},"categories":[],"tags":[],"class_list":["post-388","page","type-page","status-publish","hentry"],"acf":[],"_links":{"self":[{"href":"https:\/\/semmelweis.hu\/sebeszet\/wp-json\/wp\/v2\/pages\/388","targetHints":{"allow":["GET"]}}],"collection":[{"href":"https:\/\/semmelweis.hu\/sebeszet\/wp-json\/wp\/v2\/pages"}],"about":[{"href":"https:\/\/semmelweis.hu\/sebeszet\/wp-json\/wp\/v2\/types\/page"}],"author":[{"embeddable":true,"href":"https:\/\/semmelweis.hu\/sebeszet\/wp-json\/wp\/v2\/users\/41"}],"replies":[{"embeddable":true,"href":"https:\/\/semmelweis.hu\/sebeszet\/wp-json\/wp\/v2\/comments?post=388"}],"version-history":[{"count":10,"href":"https:\/\/semmelweis.hu\/sebeszet\/wp-json\/wp\/v2\/pages\/388\/revisions"}],"predecessor-version":[{"id":9400,"href":"https:\/\/semmelweis.hu\/sebeszet\/wp-json\/wp\/v2\/pages\/388\/revisions\/9400"}],"up":[{"embeddable":true,"href":"https:\/\/semmelweis.hu\/sebeszet\/wp-json\/wp\/v2\/pages\/5414"}],"wp:attachment":[{"href":"https:\/\/semmelweis.hu\/sebeszet\/wp-json\/wp\/v2\/media?parent=388"}],"wp:term":[{"taxonomy":"category","embeddable":true,"href":"https:\/\/semmelweis.hu\/sebeszet\/wp-json\/wp\/v2\/categories?post=388"},{"taxonomy":"post_tag","embeddable":true,"href":"https:\/\/semmelweis.hu\/sebeszet\/wp-json\/wp\/v2\/tags?post=388"}],"curies":[{"name":"wp","href":"https:\/\/api.w.org\/{rel}","templated":true}]}}