{"id":241,"date":"2015-09-18T00:00:00","date_gmt":"2015-09-17T22:00:00","guid":{"rendered":"http:\/\/semmelweis.hu\/sebeszet1\/tortenet_57kk\/"},"modified":"2023-04-24T14:08:21","modified_gmt":"2023-04-24T12:08:21","slug":"kupcsulik-peter","status":"publish","type":"page","link":"https:\/\/semmelweis.hu\/sebeszet\/a-klinikarol\/a-xvii-szazadtol-napjainkig\/tanszekvezetok\/kupcsulik-peter\/","title":{"rendered":"2003 &#8211; 2011: Kupcsulik P\u00e9ter (1946- )"},"content":{"rendered":"<h2 align=\"center\">Kupcsulik P\u00e9ter (1946- )<\/h2>\n<p style=\"text-align: justify\">2003. j\u00falius 1-t\u0151l az I. sz. Seb\u00e9szeti Klinika igazgat\u00f3ja, egyetemi tan\u00e1r.\u00a01970-\u00f3ta dolgozik a SE I. sz. Seb\u00e9szeti Klinik\u00e1n, seb\u00e9sz szakorvos, gasztroenterol\u00f3gus.<\/p>\n<p style=\"text-align: justify\">Az orvostudom\u00e1nyok kandid\u00e1tusa, 1977.\u00a0Az els\u0151 magyarorsz\u00e1gi m\u00e1j\u00e1t\u00fcltet\u00e9s megszervez\u0151je \u00e9s r\u00e9sztvev\u0151je, 1983.\u00a01980-1985 egyetemi adjunktus, 1985-1994 egyetemi docens.\u00a0\u00a0Habilit\u00e1ci\u00f3, 1995.\u00a0Amerikai Seb\u00e9sz Koll\u00e9gium Nemzetk\u00f6zi-d\u00edj, 1981.\u00a0Sz\u00e9ch\u00e9nyi Professzori \u00d6szt\u00f6nd\u00edj, 1998-2001.\u00a0Balassa J\u00e1nos Eml\u00e9k\u00e9rem, 2008. m\u00e1jus 22.\u00a0Pro Optimo Merito in Gastroenterol\u00f3gia kit\u00fcntet\u00e9s, 2009.\u00a0A Magyar Orvosi Kamara aleln\u00f6ke 1994-1998, 1998-2003-ig eln\u00f6ke.\u00a0Magyar Seb\u00e9sz T\u00e1rsas\u00e1g eln\u00f6ke, 2009.<\/p>\n<p>F\u0151 kutat\u00e1si ter\u00fclete a gasztroenterol\u00f3giai seb\u00e9szet, kiemelten a nyel\u0151cs\u0151 \u00e9s a m\u00e1j seb\u00e9szete. Foglalkozik a daganatos betegs\u00e9gek seb\u00e9szi gy\u00f3gy\u00edt\u00e1s\u00e1val, a szerv\u00e1t\u00fcltet\u00e9s probl\u00e9m\u00e1ival, \u00faj m\u0171t\u00e9ti technik\u00e1k \u00e9s ter\u00e1pi\u00e1s m\u00f3dszerek kidolgoz\u00e1s\u00e1val.\u00a0Sz\u00e1mos hazai \u00e9s nemzetk\u00f6zi orvos-t\u00e1rsas\u00e1gnak tagja. Kiemelked\u0151 szakmai \u00e9s tudom\u00e1nyos tev\u00e9kenys\u00e9g\u00e9t t\u00f6bb mint 420 megjelent k\u00f6zlem\u00e9nye tan\u00fas\u00edtja.<\/p>\n","protected":false},"excerpt":{"rendered":"<p>Kupcsulik P\u00e9ter (1946- ) 2003. j\u00falius 1-t\u0151l az I. sz. Seb\u00e9szeti Klinika igazgat\u00f3ja, egyetemi tan\u00e1r.\u00a01970-\u00f3ta dolgozik a SE I. sz. Seb\u00e9szeti Klinik\u00e1n, seb\u00e9sz szakorvos, gasztroenterol\u00f3gus. Az orvostudom\u00e1nyok kandid\u00e1tusa, 1977.\u00a0Az els\u0151 magyarorsz\u00e1gi m\u00e1j\u00e1t\u00fcltet\u00e9s megszervez\u0151je \u00e9s r\u00e9sztvev\u0151je, 1983.\u00a01980-1985 egyetemi adjunktus, 1985-1994 egyetemi docens.\u00a0\u00a0Habilit\u00e1ci\u00f3, 1995.\u00a0Amerikai Seb\u00e9sz Koll\u00e9gium Nemzetk\u00f6zi-d\u00edj, 1981.\u00a0Sz\u00e9ch\u00e9nyi Professzori \u00d6szt\u00f6nd\u00edj, 1998-2001.\u00a0Balassa J\u00e1nos Eml\u00e9k\u00e9rem, 2008. m\u00e1jus 22.\u00a0Pro Optimo &hellip;<\/p>\n","protected":false},"author":41,"featured_media":0,"parent":243,"menu_order":16,"comment_status":"closed","ping_status":"closed","template":"","meta":{"_acf_changed":false,"footnotes":""},"categories":[],"tags":[],"class_list":["post-241","page","type-page","status-publish","hentry"],"acf":[],"_links":{"self":[{"href":"https:\/\/semmelweis.hu\/sebeszet\/wp-json\/wp\/v2\/pages\/241","targetHints":{"allow":["GET"]}}],"collection":[{"href":"https:\/\/semmelweis.hu\/sebeszet\/wp-json\/wp\/v2\/pages"}],"about":[{"href":"https:\/\/semmelweis.hu\/sebeszet\/wp-json\/wp\/v2\/types\/page"}],"author":[{"embeddable":true,"href":"https:\/\/semmelweis.hu\/sebeszet\/wp-json\/wp\/v2\/users\/41"}],"replies":[{"embeddable":true,"href":"https:\/\/semmelweis.hu\/sebeszet\/wp-json\/wp\/v2\/comments?post=241"}],"version-history":[{"count":5,"href":"https:\/\/semmelweis.hu\/sebeszet\/wp-json\/wp\/v2\/pages\/241\/revisions"}],"predecessor-version":[{"id":7997,"href":"https:\/\/semmelweis.hu\/sebeszet\/wp-json\/wp\/v2\/pages\/241\/revisions\/7997"}],"up":[{"embeddable":true,"href":"https:\/\/semmelweis.hu\/sebeszet\/wp-json\/wp\/v2\/pages\/243"}],"wp:attachment":[{"href":"https:\/\/semmelweis.hu\/sebeszet\/wp-json\/wp\/v2\/media?parent=241"}],"wp:term":[{"taxonomy":"category","embeddable":true,"href":"https:\/\/semmelweis.hu\/sebeszet\/wp-json\/wp\/v2\/categories?post=241"},{"taxonomy":"post_tag","embeddable":true,"href":"https:\/\/semmelweis.hu\/sebeszet\/wp-json\/wp\/v2\/tags?post=241"}],"curies":[{"name":"wp","href":"https:\/\/api.w.org\/{rel}","templated":true}]}}

2003 &#8211; 2011: Kupcsulik Péter (1946- )

<h2 align="center">Kupcsulik Péter (1946- )</h2>
<p style="text-align: justify">2003. július 1-től az I. sz. Sebészeti Klinika igazgatója, egyetemi tanár. 1970-óta dolgozik a SE I. sz. Sebészeti Klinikán, sebész szakorvos, gasztroenterológus.</p>
<p style="text-align: justify">Az orvostudományok kandidátusa, 1977. Az első magyarországi májátültetés megszervezője és résztvevője, 1983. 1980-1985 egyetemi adjunktus, 1985-1994 egyetemi docens.  Habilitáció, 1995. Amerikai Sebész Kollégium Nemzetközi-díj, 1981. Széchényi Professzori Ösztöndíj, 1998-2001. Balassa János Emlékérem, 2008. május 22. Pro Optimo Merito in Gastroenterológia kitüntetés, 2009. A Magyar Orvosi Kamara alelnöke 1994-1998, 1998-2003-ig elnöke. Magyar Sebész Társaság elnöke, 2009.</p>
<p>Fő kutatási területe a gasztroenterológiai sebészet, kiemelten a nyelőcső és a máj sebészete. Foglalkozik a daganatos betegségek sebészi gyógyításával, a szervátültetés problémáival, új műtéti technikák és terápiás módszerek kidolgozásával. Számos hazai és nemzetközi orvos-társaságnak tagja. Kiemelkedő szakmai és tudományos tevékenységét több mint 420 megjelent közleménye tanúsítja.</p>

<p>Kupcsulik Péter (1946- ) 2003. július 1-től az I. sz. Sebészeti Klinika igazgatója, egyetemi tanár. 1970-óta dolgozik a SE I. sz. Sebészeti Klinikán, sebész szakorvos, gasztroenterológus. Az orvostudományok kandidátusa, 1977. Az első magyarországi májátültetés megszervezője és résztvevője, 1983. 1980-1985 egyetemi adjunktus, 1985-1994 egyetemi docens.  Habilitáció, 1995. Amerikai Sebész Kollégium Nemzetközi-díj, 1981. Széchényi Professzori Ösztöndíj, 1998-2001. Balassa János Emlékérem, 2008. május 22. Pro Optimo &hellip;</p>
