{"id":239,"date":"2015-09-18T00:00:00","date_gmt":"2015-09-17T22:00:00","guid":{"rendered":"http:\/\/semmelweis.hu\/sebeszet1\/tortenet_55kk\/"},"modified":"2021-01-11T17:23:03","modified_gmt":"2021-01-11T16:23:03","slug":"szecseny-andor","status":"publish","type":"page","link":"https:\/\/semmelweis.hu\/sebeszet\/a-klinikarol\/a-xvii-szazadtol-napjainkig\/tanszekvezetok\/szecseny-andor\/","title":{"rendered":"1975 &#8211; 1990: Sz\u00e9cs\u00e9ny Andor (1920-2002)"},"content":{"rendered":"<h2 style=\"text-align: center\">Sz\u00e9cs\u00e9ny Andor (1920-2002)<\/h2>\n<p style=\"text-align: justify\"><a href=\"https:\/\/semmelweis.hu\/sebeszet\/files\/2021\/01\/1.jpg\"><img loading=\"lazy\" decoding=\"async\" class=\"size-full wp-image-5813 alignright\" src=\"https:\/\/semmelweis.hu\/sebeszet\/files\/2021\/01\/1.jpg\" alt=\"\" width=\"150\" height=\"167\" \/><\/a>1920. \u00e1prilis 8-\u00e1n sz\u00fcletett Faddon. A nagyk\u0151r\u00f6si Arany J\u00e1nos gimn\u00e1ziumban matur\u00e1lt, majd a fest\u00e9szet ir\u00e1nt \u00e9rdekl\u0151dve Olaszorsz\u00e1gi k\u00f6rutat tett. L\u00e1tv\u00e1n a remekm\u0171veket, letesz fest\u00e9szeti amb\u00edci\u00f3ir\u00f3l \u00e9s beiratkozik az orvosi egyetemre.1944-ben nyert orvosi diplom\u00e1t a Budapesti P\u00e1zm\u00e1ny P\u00e9ter Tudom\u00e1nyegyetemen. Azonnal a 11. Hadik\u00f3rh\u00e1z seb\u00e9szet\u00e9re ker\u00fcl. A h\u00e1bor\u00fa v\u00e9ge Bajororsz\u00e1gban \u00e9ri, ahol egy, az amerikai hadsereg \u00e1ltal l\u00e9tes\u00edtett civil k\u00f3rh\u00e1zban dolgozik &#8211; egyed\u00fcli seb\u00e9szk\u00e9nt. Friss diplom\u00e1val a zseb\u00e9ben, szinte autodidaktak\u00e9nt tanulta a seb\u00e9szetet. Nem tudni milyen szintre jutott, de biztos hogy az \u00f6nfegyelmet, a higgadts\u00e1got ekkor jellett elsaj\u00e1t\u00edtania.<\/p>\n<p style=\"text-align: justify\">Hazat\u00e9r\u00e9se ut\u00e1n a Szent Ferenc K\u00f3rh\u00e1z seb\u00e9szeti oszt\u00e1ly\u00e1n kapott alorvosi kinevez\u00e9st. Tov\u00e1bbi p\u00e1lyafut\u00e1sa kiss\u00e9 kalandos. Igaz szinte ki sem mozdult a Fiumei ,majd a Baross utcai klinik\u00e1kr\u00f3l, m\u00e9gis a kor legkiv\u00e1l\u00f3bb seb\u00e9szei alatt dolgozhatott. (\u00c1d\u00e1m Lajos, Sebest\u00e9ny Gyula, B.V. Petrovszkij \u00e9s Rub\u00e1nyi P\u00e1l) A III. Seb\u00e9szeti Klinika a Fiumei \u00fati \u00e9p\u00fcletben, az I.sz. a Baross utc\u00e1ban volt. Az \u00dcll\u0151i \u00fati klinika volt ekkor a II. sz\u00e1m\u00fa. 1963-t\u00f3l I.sz. Seb\u00e9szeti Klinika. Ide \u00e9rkeznek Rub\u00e1nyi professzorral.1948-ban seb\u00e9sz-, 1959-ben t\u00fcd\u0151seb\u00e9sz szakk\u00e9pes\u00edt\u00e9st szerzett.<\/p>\n<p style=\"text-align: justify\">1971-ben kapott egyetemi tan\u00e1ri kinevez\u00e9st. 1975-t\u0151l 1990-ig az I. sz. Seb\u00e9szeti Klinika igazgat\u00f3ja. 1979-t\u0151l 1985-ig az Egyetem rektora. 1975-t\u0151l 1990-ig az Orsz\u00e1gos Seb\u00e9szeti Int\u00e9zet igazgat\u00f3ja. A Magyar Seb\u00e9sz T\u00e1rsas\u00e1g eln\u00f6ke 1979-83, 1985-91-ig a MOTESZ eln\u00f6ke.<\/p>\n<p style=\"text-align: justify\"><a href=\"https:\/\/semmelweis.hu\/sebeszet\/files\/2021\/01\/2.jpg\"><img loading=\"lazy\" decoding=\"async\" class=\"size-medium wp-image-5814 alignright\" src=\"https:\/\/semmelweis.hu\/sebeszet\/files\/2021\/01\/2-292x300.jpg\" alt=\"\" width=\"292\" height=\"300\" srcset=\"https:\/\/semmelweis.hu\/sebeszet\/files\/2021\/01\/2-292x300.jpg 292w, https:\/\/semmelweis.hu\/sebeszet\/files\/2021\/01\/2.jpg 548w\" sizes=\"auto, (max-width: 292px) 100vw, 292px\" \/><\/a>Els\u0151 k\u00eds\u00e9rleti munk\u00e1i a vese v\u00e9rkering\u00e9s\u00e9vel foglalkoztak, shockban, hepatorenalis syndrom\u00e1ban. K\u00e9s\u0151bb betegen vizsg\u00e1lta a shock \u00e9s toxicus k\u00e1rosod\u00e1sok hat\u00e1s\u00e1t a ves\u00e9k pathol\u00f3gi\u00e1j\u00e1ban, valamint a ves\u00e9k tubul\u00e1ris m\u0171k\u00f6d\u00e9s\u00e9nek neuro-regulati\u00f3j\u00e1t. Elind\u00edtja a Klinika K\u00eds\u00e9rleti M\u0171t\u0151j\u00e9t: szerv\u00e1t\u00fcltet\u00e9s el\u0151k\u00e9sz\u00edt\u00e9s\u00e9t c\u00e9lz\u00f3 \u00e1llatk\u00eds\u00e9rletek kezd\u0151dnek. 1954-t\u0151l sz\u00e1mos klinikai tanulm\u00e1nyban foglalkozott a portalis hypertensio diagnosztik\u00e1j\u00e1nak \u00e9s ter\u00e1pi\u00e1j\u00e1nak k\u00e9rd\u00e9seivel. Kiemelked\u0151 tev\u00e9kenys\u00e9ge a portosystemas shuntm\u0171t\u00e9tet ter\u00fclet\u00e9n. A portalis hypertensio, az acut nyel\u0151cs\u0151 vissz\u00e9r v\u00e9rz\u00e9s ell\u00e1t\u00e1s\u00e1ban a Klinika tev\u00e9kenys\u00e9ge vil\u00e1gszintet \u00e9rt el, el\u0151bb a portosystem\u00e1s shuntm\u0171t\u00e9tet, majd az endoszk\u00f3pos kezel\u00e9si m\u00f3dszereket alkalmazva.<\/p>\n<p style=\"text-align: justify\">Sz\u00e9cs\u00e9ny Andor jelent\u0151s\u00e9ge egyr\u00e9szt szakmai el\u0151rel\u00e1t\u00e1sa m\u00e1sr\u00e9szt a seb\u00e9szet min\u0151s\u00e9ge ir\u00e1nti t\u00e1ntor\u00edthatatlan elk\u00f6telezetts\u00e9g\u00e9b\u0151l fakad. Tan\u00edtv\u00e1nyai k\u00f6z\u00f6tt akad ugyan akinek elt\u00e9r\u0151 a v\u00e9lem\u00e9nye; de Sz\u00e9cs\u00e9ny Andor szerepe a hazai szerv\u00e1t\u00fcltet\u00e9s kialak\u00edt\u00e1s\u00e1ban megk\u00e9rd\u0151jelezhetetlen. 1973-ban ind\u00edtotta el a hazai vese transplant\u00e1ci\u00f3s programot, \u0151 v\u00e9gezte munkacsoportj\u00e1val az els\u0151 hazai m\u00e1j\u00e1t\u00fcltet\u00e9st 1983-ban. Pontosan l\u00e1tta a vil\u00e1gban megjelen\u0151 szakmai ir\u00e1nyokat, k\u00f6vette \u00e9s fejlesztette a m\u00f3dszereket. Rektork\u00e9nt, a Seb\u00e9sz T\u00e1rsas\u00e1g \u00e9s a MOTESZ eln\u00f6kek\u00e9nt minden t\u0151le telhet\u0151t megtett \u2013\u00e9s ez nem volt kev\u00e9s- hogy az Egyetem legyen a magyarorsz\u00e1gi szerv\u00e1t\u00fcltet\u00e9s k\u00f6zpontja.<\/p>\n<p style=\"text-align: justify\">Vezet\u00e9s\u00e9vel a chronicus pancreatitis m\u0171t\u00e9ti kezel\u00e9s\u00e9vel a Klinika vil\u00e1gviszonylatban is egyed\u00fcl\u00e1ll\u00f3 eredm\u00e9nyeket \u00e9rt el. 1978-t\u00f3l nagy beteganyagon t\u00f6bb k\u00f6zlem\u00e9nyben sz\u00e1molt be a chronicus pancreatitis ter\u00fclet\u00e9n v\u00e9gzett munk\u00e1ss\u00e1g\u00e1r\u00f3l. Hasonl\u00f3an nemzetk\u00f6zi szintre fejl\u0151d\u00f6tt a m\u00e1jdaganatok seb\u00e9szete. Az endokrin seb\u00e9szetet-melynek kezdetei Rub\u00e1nyi nev\u00e9hez f\u0171z\u0151dnek- a kor sz\u00ednvonal\u00e1ra emelte. T\u00f6bb dolgozata jelent meg a m\u00e1j daganatainak seb\u00e9szet\u00e9r\u0151l, \u00e9s a mell\u00e9kvese seb\u00e9szet\u00e9rt\u0151l. 133 k\u00f6zlem\u00e9nye jelent meg hazai \u00e9s k\u00fclf\u00f6ldi foly\u00f3iratokban, h\u00e1rom szakk\u00f6nyv , \u00e9s n\u00e9gy k\u00f6nyvr\u00e9szlet szerz\u0151je. Berentey Gy\u00f6rgy-el k\u00f6z\u00f6sen szerkesztette a \u2019Seb\u00e9szet \u00e9s Traumatol\u00f3gia\u2019 c. tank\u00f6nyv\u00e9t, mely k\u00e9t kiad\u00e1sban jelent meg. Sz\u00e9cs\u00e9ny Andor igazgat\u00f3i m\u0171k\u00f6d\u00e9se alatt az I. sz. Seb\u00e9szeti Klinika vitathatatlanul az orsz\u00e1g vezet\u0151 seb\u00e9szeti int\u00e9zm\u00e9ny\u00e9v\u00e9 v\u00e1lt.<br \/>\nK\u00e9t periodusban volt az Egyetem rektora, tev\u00e9kenys\u00e9g\u00e9t \u00e1ltal\u00e1nos elismer\u00e9s \u00f6vezte. Nev\u00e9hez f\u0171z\u0151dik a Baross utcai Seb\u00e9szeti Klinika \u00fajj\u00e1\u00e9p\u00edt\u00e9se, mely k\u00e9s\u0151bb a magyarorsz\u00e1gi szerv\u00e1t\u00fcltet\u00e9s k\u00f6zpontja lett. Hossz\u00fa id\u0151n \u00e1t az ETT Igazs\u00e1g\u00fcgyi Bizotts\u00e1g\u00e1nak eln\u00f6ke, mely test\u00fclet munk\u00e1j\u00e1ban nyugd\u00edjaz\u00e1s\u00e1t k\u00f6vet\u0151en is \u2013eg\u00e9szen hal\u00e1lig- akt\u00edv r\u00e9szt v\u00e1llalt.<\/p>\n<p style=\"text-align: justify\">Volt nemzeti deleg\u00e1tusa a Societ\u00e9 Internationale de Chirurgie-nek, t\u00f6bb nemzetk\u00f6zi t\u00e1rsas\u00e1g tagja. Tiszteletbeli tagja a Panamerican Medical Association-nak, az olasz, a csehszlov\u00e1k, az NDK, a kubai \u00e9s az Als\u00f3sz\u00e1szorsz\u00e1gi Seb\u00e9sz T\u00e1rsas\u00e1gnak. F\u0151szerkeszt\u0151je volt a \u2019Magyar Seb\u00e9szet\u2019 c. foly\u00f3iratnak \u00e9s szerkeszt\u0151bizotts\u00e1gi tagja a World Journal of Surgery-nek.<\/p>\n<p style=\"text-align: justify\">Az \u00dcll\u0151i \u00fati Seb\u00e9szeti Klinika iskolateremt\u0151 hagyom\u00e1nyai Dollinger Gyul\u00e1t\u00f3l Hedri Endr\u00e9ig nagyform\u00e1tum\u00fa tan\u00e1rok kezei alatt alakultak ki. Rub\u00e1nyi P\u00e1l \u0151rizte ezeket, Sz\u00e9cs\u00e9ny Andor folytatta, a hat\u00e1sok a mai napig \u00e9rv\u00e9nyes\u00fclnek. Sz\u00e9cs\u00e9ny a Petrovszkij f\u00e9le klinik\u00e1n tal\u00e1lkozott el\u0151sz\u00f6r Rub\u00e1nyival \u00e9s ett\u0151l fogva bar\u00e1ts\u00e1g \u00e9s k\u00f6lcs\u00f6n\u00f6s szakmai elismer\u00e9s f\u0171zte \u0151ket egym\u00e1shoz. Sz\u00e9cs\u00e9ny Andor r\u00e9sz\u00e9r\u0151l minden bizonnyal az id\u0151sebbnek kij\u00e1r\u00f3 tisztelet mellett a szervez\u0151k\u00e9szs\u00e9g, a vezet\u0151i k\u00e9pess\u00e9gek elismer\u00e9se lehetett meghat\u00e1roz\u00f3, Rub\u00e1nyi r\u00e9sz\u00e9r\u0151l val\u00f3sz\u00edn\u0171leg a seb\u00e9szi talentum, a csillog\u00f3 elme ir\u00e1nti elismer\u00e9s.<\/p>\n<p style=\"text-align: justify\">A Klinik\u00e1n minden fontos k\u00e9rd\u00e9s, gond, probl\u00e9ma, bonyolult m\u0171t\u00e9ti helyzet, Sz\u00e9cs\u00e9ny Andor k\u00f6zrem\u0171k\u00f6d\u00e9s\u00e9vel old\u00f3dott meg. Nem korl\u00e1tozta a kolleg\u00e1k \u00f6n\u00e1ll\u00f3s\u00e1g\u00e1t. Nem szab\u00e1lyokat tett k\u00f6telez\u0151v\u00e9. Mindenhol \u00e9rezhet\u0151 jelenl\u00e9te az orvosi gondoss\u00e1g mag\u00e1t\u00f3l \u00e9rtet\u0151d\u0151 k\u00f6vetelm\u00e9ny\u00e9t jelentette minden kollega sz\u00e1m\u00e1ra. Jellemz\u0151 volt r\u00e1 az \u00e9rzelemmentes letisztult, maximalist\u00e1n objekt\u00edv helyzetmeg\u00edt\u00e9l\u00e9s, mind a k\u00f3rism\u00e9z\u00e9s, mint a m\u0171t\u00e9ti helyzetek megold\u00e1sa ter\u00fclet\u00e9n. Soha nem veszett el a r\u00e9szletekben. Az eg\u00e9szet volt k\u00e9pes \u00e1tl\u00e1tni \u00e9s ezt a k\u00e9pess\u00e9g\u00e9t adta \u00e1t munkat\u00e1rsainak is. Az I. sz. Seb\u00e9szeti Klinik\u00e1n \u0151sr\u00e9gi hagyom\u00e1ny volt, hogy minden reggel az \u00fcgyelet besz\u00e1molt az el\u0151z\u0151 nap esem\u00e9nyeir\u0151l, megbesz\u00e9lt\u00e9k az el\u0151z\u0151 napi m\u0171t\u00e9teket, megtervezt\u00e9k az aznapiakat \u00e9s a bonyolultabb eseteket m\u0171t\u00e9t el\u0151tt refer\u00e1lt\u00e1k. A refer\u00e1tumokat mindig az oszt\u00e1lyos orvos, azaz \u00e1ltal\u00e1ban fiatal tan\u00e1rseg\u00e9dek vagy gyakornokok tartott\u00e1k. Sz\u00e9cs\u00e9ny Andor k\u00f6ny\u00f6rtelen\u00fcl kik\u00f6vetelte, hogy a refer\u00e1l\u00f3 orvos pontosan ismerje nemcsak a beteg adatait, hanem azokat a kezel\u00e9si terveket, amelyek a k\u00f3rt\u00f6rt\u00e9net \u00e9s a vizsg\u00e1latai leletek alapj\u00e1n fel\u00e1ll\u00edthat\u00f3k. Mindig ragaszkodott ahhoz, hogy vil\u00e1gos gondolatmenet \u00e9s ellentmond\u00e1smentes logika jellemezze ezeket a refer\u00e1tumokat. Nem habozott, ha \u00e9lesen kritiz\u00e1lnia kellett, ritk\u00e1n dics\u00e9rt, de ha igen akkor annak volt hat\u00e1sa \u00e9s jelent\u0151s\u00e9ge. <br \/>\nSz\u00e9cs\u00e9ny \u2013sz\u00e1raz st\u00edlusa, \u00e9rdes modora ellen\u00e9re- igazi renesz\u00e1nsz alkat volt. Elv\u00e1rta a sz\u00e9lesk\u00f6r\u0171 seb\u00e9szi \u00e9s fiziol\u00f3giai ismerteket, \u00e9s a kifog\u00e1stalan m\u0171t\u00e9ti technik\u00e1t. Az erre k\u00e9pes munkat\u00e1rsak \u00e9rezhett\u00e9k elismer\u00e9s\u00e9t. Meggy\u0151z\u0151d\u00e9se volt, hogy a seb\u00e9szet csak m\u0171v\u00e9szi szinten v\u00e9gezhet\u0151: nincs k\u00e9t egyforma eset, sem k\u00e9t egyforma m\u0171t\u00e9t. Minden egyes betegre annyi id\u0151t kell szak\u00edtani, amit egyedi tulajdons\u00e1gai \u00e9s bajai ig\u00e9nyelnek. A m\u0171t\u0151ben kiv\u00e9teles \u00e9rz\u00e9kkel oper\u00e1lt. Ritka adotts\u00e1g a seb\u00e9szi kiv\u00e1l\u00f3s\u00e1g \u00e9s a vezet\u0151i-, oktat\u00f3i k\u00e9pess\u00e9g olyan kombin\u00e1ci\u00f3ja, amely Sz\u00e9cs\u00e9nynek megadatott.<\/p>\n<p style=\"text-align: justify\">A 80 \u00e9ves sz\u00fclet\u00e9snapj\u00e1n tartott eml\u00e9k\u00fcl\u00e9sen az Egyetem d\u00e9k\u00e1nja \u00edgy fogalmazott: Sz\u00e9cs\u00e9ny Andor nagys\u00e1g\u00e1t jelzi, hogy a mai \u00fcnnepi alkalommal nem csak bar\u00e1tai, de ellens\u00e9gei is tisztelegve k\u00f6sz\u00f6ntik \u0151t. K\u00e9ts\u00e9gtelen\u00fcl akadtak akik nem szerett\u00e9k. Irigyek, kisst\u00edl\u0171ek mindig is voltak tal\u00e1lhat\u00f3k a magyar seb\u00e9szek nagyjai k\u00f6r\u00fcl: sem Balassa, sem Dollinger nem sz\u0171k\u00f6lk\u00f6d\u00f6tt hasonl\u00f3kban. Sz\u00e9cs\u00e9ny Andor p\u00f3zokt\u00f3l mentes st\u00edlusa \u2013mely mind a m\u0171t\u0151ben, mind k\u00f6z\u00e9leti tev\u00e9kenys\u00e9ge sor\u00e1n r\u00e1 jellemz\u0151 volt- nem v\u00e1ltozott a sikerek, vagy elismer\u00e9sek hat\u00e1s\u00e1ra sem. Nem vezette tan\u00edtv\u00e1nyai kez\u00e9t, de hagyta hogy tanuljanak t\u0151le, \u00e9s ez adott el\u00e9g feladatot a mellette feln\u00f6v\u0151knek.<\/p>\n<p style=\"text-align: justify\">Kit\u00fcntet\u00e9sei: Balassa Eml\u00e9k\u00e9rem 1978, Markusovszky Eml\u00e9k\u00e9rem 1979, Szovjet Seb\u00e9sz T\u00e1rsas\u00e1g Pirogov Eml\u00e9k\u00e9rem 1979, Politzer \u00c1d\u00e1m Eml\u00e9k\u00e9rem 1981, A Magyar Gastroenterol\u00f3giai T\u00e1rsas\u00e1g \u201ePro Optimo Merito\u201d d\u00edja, 1983, Krompecher Eml\u00e9k\u00e9rem 1984, P\u00f3lya Eml\u00e9k\u00e9rem.1984. 1983-ban kapott \u00c1llami D\u00edjat, 1990-ben a Magyar K\u00f6zt\u00e1rsas\u00e1g Z\u00e1szl\u00f3rendje kit\u00fcntet\u00e9sben r\u00e9szes\u00fclt. 2002. janu\u00e1r 4-\u00e9n hunyt el Budapesten.<\/p>\n<p style=\"text-align: justify\">Kupcsulik P\u00e9ter<\/p>\n","protected":false},"excerpt":{"rendered":"<p>Sz\u00e9cs\u00e9ny Andor (1920-2002) <a href=\"https:\/\/semmelweis.hu\/sebeszet\/files\/2021\/01\/1.jpg\"><\/a> 1920. \u00e1prilis 8-\u00e1n sz\u00fcletett Faddon. A nagyk\u0151r\u00f6si Arany J\u00e1nos gimn\u00e1ziumban matur\u00e1lt, majd a fest\u00e9szet ir\u00e1nt \u00e9rdekl\u0151dve Olaszorsz\u00e1gi k\u00f6rutat tett. L\u00e1tv\u00e1n a remekm\u0171veket, letesz fest\u00e9szeti amb\u00edci\u00f3ir\u00f3l \u00e9s beiratkozik az orvosi egyetemre.1944-ben nyert orvosi diplom\u00e1t a Budapesti P\u00e1zm\u00e1ny P\u00e9ter Tudom\u00e1nyegyetemen. Azonnal a 11. Hadik\u00f3rh\u00e1z seb\u00e9szet\u00e9re ker\u00fcl. A h\u00e1bor\u00fa v\u00e9ge Bajororsz\u00e1gban \u00e9ri, ahol egy, az &hellip;<\/p>\n","protected":false},"author":41,"featured_media":0,"parent":243,"menu_order":14,"comment_status":"closed","ping_status":"closed","template":"","meta":{"_acf_changed":false,"footnotes":""},"categories":[],"tags":[],"class_list":["post-239","page","type-page","status-publish","hentry"],"acf":[],"_links":{"self":[{"href":"https:\/\/semmelweis.hu\/sebeszet\/wp-json\/wp\/v2\/pages\/239","targetHints":{"allow":["GET"]}}],"collection":[{"href":"https:\/\/semmelweis.hu\/sebeszet\/wp-json\/wp\/v2\/pages"}],"about":[{"href":"https:\/\/semmelweis.hu\/sebeszet\/wp-json\/wp\/v2\/types\/page"}],"author":[{"embeddable":true,"href":"https:\/\/semmelweis.hu\/sebeszet\/wp-json\/wp\/v2\/users\/41"}],"replies":[{"embeddable":true,"href":"https:\/\/semmelweis.hu\/sebeszet\/wp-json\/wp\/v2\/comments?post=239"}],"version-history":[{"count":10,"href":"https:\/\/semmelweis.hu\/sebeszet\/wp-json\/wp\/v2\/pages\/239\/revisions"}],"predecessor-version":[{"id":5819,"href":"https:\/\/semmelweis.hu\/sebeszet\/wp-json\/wp\/v2\/pages\/239\/revisions\/5819"}],"up":[{"embeddable":true,"href":"https:\/\/semmelweis.hu\/sebeszet\/wp-json\/wp\/v2\/pages\/243"}],"wp:attachment":[{"href":"https:\/\/semmelweis.hu\/sebeszet\/wp-json\/wp\/v2\/media?parent=239"}],"wp:term":[{"taxonomy":"category","embeddable":true,"href":"https:\/\/semmelweis.hu\/sebeszet\/wp-json\/wp\/v2\/categories?post=239"},{"taxonomy":"post_tag","embeddable":true,"href":"https:\/\/semmelweis.hu\/sebeszet\/wp-json\/wp\/v2\/tags?post=239"}],"curies":[{"name":"wp","href":"https:\/\/api.w.org\/{rel}","templated":true}]}}