{"id":236,"date":"2015-09-18T00:00:00","date_gmt":"2015-09-17T22:00:00","guid":{"rendered":"http:\/\/semmelweis.hu\/sebeszet1\/tortenet_52kk\/"},"modified":"2023-04-24T14:09:09","modified_gmt":"2023-04-24T12:09:09","slug":"klimko-dezso","status":"publish","type":"page","link":"https:\/\/semmelweis.hu\/sebeszet\/a-klinikarol\/a-xvii-szazadtol-napjainkig\/tanszekvezetok\/klimko-dezso\/","title":{"rendered":"1947 &#8211; 1949: Klimk\u00f3 Dezs\u0151 (1900-1972)"},"content":{"rendered":"<h2 align=\"center\">Klimk\u00f3 Dezs\u0151 (1900-1972)<\/h2>\n<p style=\"text-align: justify\">Seb\u00e9sz szakorvos, egyetemi tan\u00e1r. A budapesti egyetemen 1924-ben orvosdoktori oklevelet szerzett. 1927-t\u0151l seb\u00e9sz szakorvos, 1934-ben egyetemi mag\u00e1ntan\u00e1r, 1940-ben egyetemi rk. tan\u00e1ri c\u00edmmel t\u00fcntett\u00e9k ki.\u00a0\u00a01926-1937 k\u00f6z\u00f6tt a\u00a0budapesti egyetem II.sz. Seb\u00e9szeti Klinik\u00e1n volt tan\u00e1rseg\u00e9d, majd adjunktus. 1937-1940 k\u00f6z\u00f6tt a J\u00e1nos K\u00f3rh\u00e1z, majd az Istv\u00e1n K\u00f3rh\u00e1z seb\u00e9sz f\u0151orvosa. 1940-ben a kolozsv\u00e1ri egyetemen a Seb\u00e9szeti Klinika igazgat\u00f3ja, majd 1945-47 k\u00f6z\u00f6tt a marosv\u00e1s\u00e1rhelyi egyetem igazgat\u00f3 professzora.\u00a0<\/p>\n<p style=\"text-align: justify\">1947-t\u0151l a Budapesti Magyar P\u00e1zm\u00e1ny P\u00e9ter Tudom\u00e1nyegyetem a II. sz. Seb\u00e9szeti Klinika igazgat\u00f3ja.\u00a01948-49. okt\u00f3ber\u00e9ig -\u00e1tmenetileg- az I. sz. Seb\u00e9szeti Klinika vezet\u00e9s\u00e9vel is megb\u00edzt\u00e1k.\u00a0A k\u00e9s\u0151bbiekben a Kor\u00e1nyi Frigyes \u00e9s S\u00e1ndor K\u00f3rh\u00e1z, majd 1957-ig a Balassa J\u00e1nos K\u00f3rh\u00e1z seb\u00e9sz f\u0151orvosa, nyugd\u00edjba vonul\u00e1s\u00e1ig (1969) az Istv\u00e1n K\u00f3rh\u00e1zban \u00e9s a J\u00e1nos K\u00f3rh\u00e1zban seb\u00e9sz f\u0151orvos.\u00a0\u00a0Sz\u00e9lesk\u00f6r\u0171 tudom\u00e1nyos \u00e9s kutat\u00f3 munk\u00e1t folytatott. Az anaesthesia, az ileus \u00e9s az ulcus k\u00e9rd\u00e9seivel foglalkozott. Az \u00e1ltal\u00e1nos \u00e9rz\u00e9stelen\u00edt\u00e9s c\u00edm\u0171 k\u00f6nyve 1933-ban jelent meg. Jelent\u0151sebbek m\u00e9g a gyomor reoper\u00e1l\u00e1s\u00e1val foglalkoz\u00f3 k\u00f6zlem\u00e9nyei.<\/p>\n","protected":false},"excerpt":{"rendered":"<p>Klimk\u00f3 Dezs\u0151 (1900-1972) Seb\u00e9sz szakorvos, egyetemi tan\u00e1r. A budapesti egyetemen 1924-ben orvosdoktori oklevelet szerzett. 1927-t\u0151l seb\u00e9sz szakorvos, 1934-ben egyetemi mag\u00e1ntan\u00e1r, 1940-ben egyetemi rk. tan\u00e1ri c\u00edmmel t\u00fcntett\u00e9k ki.\u00a0\u00a01926-1937 k\u00f6z\u00f6tt a\u00a0budapesti egyetem II.sz. Seb\u00e9szeti Klinik\u00e1n volt tan\u00e1rseg\u00e9d, majd adjunktus. 1937-1940 k\u00f6z\u00f6tt a J\u00e1nos K\u00f3rh\u00e1z, majd az Istv\u00e1n K\u00f3rh\u00e1z seb\u00e9sz f\u0151orvosa. 1940-ben a kolozsv\u00e1ri egyetemen a Seb\u00e9szeti Klinika &hellip;<\/p>\n","protected":false},"author":41,"featured_media":0,"parent":243,"menu_order":11,"comment_status":"closed","ping_status":"closed","template":"","meta":{"_acf_changed":false,"footnotes":""},"categories":[],"tags":[],"class_list":["post-236","page","type-page","status-publish","hentry"],"acf":[],"_links":{"self":[{"href":"https:\/\/semmelweis.hu\/sebeszet\/wp-json\/wp\/v2\/pages\/236","targetHints":{"allow":["GET"]}}],"collection":[{"href":"https:\/\/semmelweis.hu\/sebeszet\/wp-json\/wp\/v2\/pages"}],"about":[{"href":"https:\/\/semmelweis.hu\/sebeszet\/wp-json\/wp\/v2\/types\/page"}],"author":[{"embeddable":true,"href":"https:\/\/semmelweis.hu\/sebeszet\/wp-json\/wp\/v2\/users\/41"}],"replies":[{"embeddable":true,"href":"https:\/\/semmelweis.hu\/sebeszet\/wp-json\/wp\/v2\/comments?post=236"}],"version-history":[{"count":5,"href":"https:\/\/semmelweis.hu\/sebeszet\/wp-json\/wp\/v2\/pages\/236\/revisions"}],"predecessor-version":[{"id":8001,"href":"https:\/\/semmelweis.hu\/sebeszet\/wp-json\/wp\/v2\/pages\/236\/revisions\/8001"}],"up":[{"embeddable":true,"href":"https:\/\/semmelweis.hu\/sebeszet\/wp-json\/wp\/v2\/pages\/243"}],"wp:attachment":[{"href":"https:\/\/semmelweis.hu\/sebeszet\/wp-json\/wp\/v2\/media?parent=236"}],"wp:term":[{"taxonomy":"category","embeddable":true,"href":"https:\/\/semmelweis.hu\/sebeszet\/wp-json\/wp\/v2\/categories?post=236"},{"taxonomy":"post_tag","embeddable":true,"href":"https:\/\/semmelweis.hu\/sebeszet\/wp-json\/wp\/v2\/tags?post=236"}],"curies":[{"name":"wp","href":"https:\/\/api.w.org\/{rel}","templated":true}]}}