{"id":234,"date":"2015-09-18T00:00:00","date_gmt":"2015-09-17T22:00:00","guid":{"rendered":"http:\/\/semmelweis.hu\/sebeszet1\/tortenet_59k\/"},"modified":"2023-04-24T14:09:31","modified_gmt":"2023-04-24T12:09:31","slug":"matolay-gyorgy","status":"publish","type":"page","link":"https:\/\/semmelweis.hu\/sebeszet\/a-klinikarol\/a-xvii-szazadtol-napjainkig\/tanszekvezetok\/matolay-gyorgy\/","title":{"rendered":"1941 &#8211; 1945: Matolay Gy\u00f6rgy (1891-1952)"},"content":{"rendered":"<h2 align=\"center\">Matolay Gy\u00f6rgy (1891-1952)<\/h2>\n<p style=\"text-align: justify\">Vereb\u00e9ly Tibor hal\u00e1la ut\u00e1n 1941-1945-ig az I. sz. Seb\u00e9szeti Klinika mb. majd kinevezett igazgat\u00f3ja.\u00a01915. okt\u00f3bert\u0151l a klinik\u00e1n m\u0171t\u0151n\u00f6vend\u00e9k. 1926-ban megszerezte az egyetemi mag\u00e1ntan\u00e1ri k\u00e9pes\u00edt\u00e9st, a klinika adjunktusa lett. 1932-ben egyetemi c.rk. tan\u00e1r, 1936-ban klinikai f\u0151orvos. Sz\u00e1mos tudom\u00e1nyos \u00e9s t\u00e1rsadalmi egyes\u00fcletnek tagja. A Magyar Orvosok Nemzeti Egyes\u00fclet\u00e9nek alap\u00edt\u00f3 tagja. Kiv\u00e1l\u00f3 seb\u00e9szorvos, tudom\u00e1nyos k\u00f6zlem\u00e9nyeinek t\u00e1rgya a seb\u00e9szet minden \u00e1g\u00e1b\u00f3l tev\u0151d\u00f6tt \u00f6ssze, de dolgozataiban els\u0151sorban a gyomor-b\u00e9l seb\u00e9szet\u00e9vel foglalkozott. A h\u00e1bor\u00fa ut\u00e1n politikai n\u00e9zetei miatt egyetemi tan\u00e1ri pozici\u00f3j\u00e1b\u00f3l elt\u00e1vol\u00edtott\u00e1k. 1952. dec. 6-\u00e1n halt meg.<\/p>\n","protected":false},"excerpt":{"rendered":"<p>Matolay Gy\u00f6rgy (1891-1952) Vereb\u00e9ly Tibor hal\u00e1la ut\u00e1n 1941-1945-ig az I. sz. Seb\u00e9szeti Klinika mb. majd kinevezett igazgat\u00f3ja.\u00a01915. okt\u00f3bert\u0151l a klinik\u00e1n m\u0171t\u0151n\u00f6vend\u00e9k. 1926-ban megszerezte az egyetemi mag\u00e1ntan\u00e1ri k\u00e9pes\u00edt\u00e9st, a klinika adjunktusa lett. 1932-ben egyetemi c.rk. tan\u00e1r, 1936-ban klinikai f\u0151orvos. Sz\u00e1mos tudom\u00e1nyos \u00e9s t\u00e1rsadalmi egyes\u00fcletnek tagja. A Magyar Orvosok Nemzeti Egyes\u00fclet\u00e9nek alap\u00edt\u00f3 tagja. Kiv\u00e1l\u00f3 seb\u00e9szorvos, tudom\u00e1nyos k\u00f6zlem\u00e9nyeinek &hellip;<\/p>\n","protected":false},"author":41,"featured_media":0,"parent":243,"menu_order":9,"comment_status":"closed","ping_status":"closed","template":"","meta":{"_acf_changed":false,"footnotes":""},"categories":[],"tags":[],"class_list":["post-234","page","type-page","status-publish","hentry"],"acf":[],"_links":{"self":[{"href":"https:\/\/semmelweis.hu\/sebeszet\/wp-json\/wp\/v2\/pages\/234","targetHints":{"allow":["GET"]}}],"collection":[{"href":"https:\/\/semmelweis.hu\/sebeszet\/wp-json\/wp\/v2\/pages"}],"about":[{"href":"https:\/\/semmelweis.hu\/sebeszet\/wp-json\/wp\/v2\/types\/page"}],"author":[{"embeddable":true,"href":"https:\/\/semmelweis.hu\/sebeszet\/wp-json\/wp\/v2\/users\/41"}],"replies":[{"embeddable":true,"href":"https:\/\/semmelweis.hu\/sebeszet\/wp-json\/wp\/v2\/comments?post=234"}],"version-history":[{"count":5,"href":"https:\/\/semmelweis.hu\/sebeszet\/wp-json\/wp\/v2\/pages\/234\/revisions"}],"predecessor-version":[{"id":8003,"href":"https:\/\/semmelweis.hu\/sebeszet\/wp-json\/wp\/v2\/pages\/234\/revisions\/8003"}],"up":[{"embeddable":true,"href":"https:\/\/semmelweis.hu\/sebeszet\/wp-json\/wp\/v2\/pages\/243"}],"wp:attachment":[{"href":"https:\/\/semmelweis.hu\/sebeszet\/wp-json\/wp\/v2\/media?parent=234"}],"wp:term":[{"taxonomy":"category","embeddable":true,"href":"https:\/\/semmelweis.hu\/sebeszet\/wp-json\/wp\/v2\/categories?post=234"},{"taxonomy":"post_tag","embeddable":true,"href":"https:\/\/semmelweis.hu\/sebeszet\/wp-json\/wp\/v2\/tags?post=234"}],"curies":[{"name":"wp","href":"https:\/\/api.w.org\/{rel}","templated":true}]}}