{"id":225,"date":"2015-09-18T00:00:00","date_gmt":"2015-09-17T22:00:00","guid":{"rendered":"http:\/\/semmelweis.hu\/sebeszet1\/tortenet_5\/"},"modified":"2023-04-24T14:02:49","modified_gmt":"2023-04-24T12:02:49","slug":"plenk-jozsef-jakab","status":"publish","type":"page","link":"https:\/\/semmelweis.hu\/sebeszet\/a-klinikarol\/a-xvii-szazadtol-napjainkig\/tanszekvezetok\/plenk-jozsef-jakab\/","title":{"rendered":"1770 &#8211; 1783: Plenk J\u00f3zsef Jakab (1739-1807)"},"content":{"rendered":"<h2 align=\"center\">Plenk J\u00f3zsef Jakab (1739-1807)<\/h2>\n<p style=\"text-align: justify\" align=\"center\">M\u00e1ria Ter\u00e9zia 1770-ben nevezte ki \u00e9s b\u00edzta meg a nagyszombati egyetem orvosi kar\u00e1n a seb\u00e9szeti tansz\u00e9k vezet\u00e9s\u00e9vel. Gyakorlati seb\u00e9szetet tan\u00edtott, de sz\u00fcl\u00e9szetb\u0151l \u00e9s szem\u00e9szetb\u0151l is tartott el\u0151ad\u00e1sokat. Kiv\u00e1lts\u00e1gos tehets\u00e9g\u0171 ember volt. 1768-ban megjelent &#8222;Sz\u00fcl\u00e9szet alapvonalai&#8221; c\u00edm\u0171 k\u00f6nyve t\u00f6bb kiad\u00e1st \u00e9rt meg. Tank\u00f6nyvek eg\u00e9sz sor\u00e1t \u00edrta, legjelent\u0151sebb az 1776-ban megjelent dermatol\u00f3gi\u00e1ja, a &#8222;Doctrina de morbis cutaneis&#8221;, mely a b\u0151rbajok els\u0151 tudom\u00e1nyos alapon val\u00f3 oszt\u00e1lyoz\u00e1sa.<\/p>\n<p style=\"text-align: justify\" align=\"center\">1783-ban II. J\u00f3zsef int\u00e9zked\u00e9se kapcs\u00e1n a b\u00e9csi Josephinum (katonai orvosseb\u00e9szi akad\u00e9mia) tan\u00e1ra lett. 1777-ben az egyetemet \u00e1thelyezt\u00e9k Bud\u00e1ra, a kir\u00e1lyi palot\u00e1ba \u00e9s a k\u00f6rnyez\u0151 \u00e9p\u00fcletekbe.<\/p>\n","protected":false},"excerpt":{"rendered":"<p>Plenk J\u00f3zsef Jakab (1739-1807) M\u00e1ria Ter\u00e9zia 1770-ben nevezte ki \u00e9s b\u00edzta meg a nagyszombati egyetem orvosi kar\u00e1n a seb\u00e9szeti tansz\u00e9k vezet\u00e9s\u00e9vel. Gyakorlati seb\u00e9szetet tan\u00edtott, de sz\u00fcl\u00e9szetb\u0151l \u00e9s szem\u00e9szetb\u0151l is tartott el\u0151ad\u00e1sokat. Kiv\u00e1lts\u00e1gos tehets\u00e9g\u0171 ember volt. 1768-ban megjelent &#8222;Sz\u00fcl\u00e9szet alapvonalai&#8221; c\u00edm\u0171 k\u00f6nyve t\u00f6bb kiad\u00e1st \u00e9rt meg. Tank\u00f6nyvek eg\u00e9sz sor\u00e1t \u00edrta, legjelent\u0151sebb az 1776-ban megjelent dermatol\u00f3gi\u00e1ja, a &hellip;<\/p>\n","protected":false},"author":41,"featured_media":0,"parent":243,"menu_order":0,"comment_status":"closed","ping_status":"closed","template":"","meta":{"_acf_changed":false,"footnotes":""},"categories":[],"tags":[],"class_list":["post-225","page","type-page","status-publish","hentry"],"acf":[],"_links":{"self":[{"href":"https:\/\/semmelweis.hu\/sebeszet\/wp-json\/wp\/v2\/pages\/225","targetHints":{"allow":["GET"]}}],"collection":[{"href":"https:\/\/semmelweis.hu\/sebeszet\/wp-json\/wp\/v2\/pages"}],"about":[{"href":"https:\/\/semmelweis.hu\/sebeszet\/wp-json\/wp\/v2\/types\/page"}],"author":[{"embeddable":true,"href":"https:\/\/semmelweis.hu\/sebeszet\/wp-json\/wp\/v2\/users\/41"}],"replies":[{"embeddable":true,"href":"https:\/\/semmelweis.hu\/sebeszet\/wp-json\/wp\/v2\/comments?post=225"}],"version-history":[{"count":6,"href":"https:\/\/semmelweis.hu\/sebeszet\/wp-json\/wp\/v2\/pages\/225\/revisions"}],"predecessor-version":[{"id":7994,"href":"https:\/\/semmelweis.hu\/sebeszet\/wp-json\/wp\/v2\/pages\/225\/revisions\/7994"}],"up":[{"embeddable":true,"href":"https:\/\/semmelweis.hu\/sebeszet\/wp-json\/wp\/v2\/pages\/243"}],"wp:attachment":[{"href":"https:\/\/semmelweis.hu\/sebeszet\/wp-json\/wp\/v2\/media?parent=225"}],"wp:term":[{"taxonomy":"category","embeddable":true,"href":"https:\/\/semmelweis.hu\/sebeszet\/wp-json\/wp\/v2\/categories?post=225"},{"taxonomy":"post_tag","embeddable":true,"href":"https:\/\/semmelweis.hu\/sebeszet\/wp-json\/wp\/v2\/tags?post=225"}],"curies":[{"name":"wp","href":"https:\/\/api.w.org\/{rel}","templated":true}]}}

1770 &#8211; 1783: Plenk József Jakab (1739-1807)

<h2 align="center">Plenk József Jakab (1739-1807)</h2>
<p style="text-align: justify" align="center">Mária Terézia 1770-ben nevezte ki és bízta meg a nagyszombati egyetem orvosi karán a sebészeti tanszék vezetésével. Gyakorlati sebészetet tanított, de szülészetből és szemészetből is tartott előadásokat. Kiváltságos tehetségű ember volt. 1768-ban megjelent &#8222;Szülészet alapvonalai&#8221; című könyve több kiadást ért meg. Tankönyvek egész sorát írta, legjelentősebb az 1776-ban megjelent dermatológiája, a &#8222;Doctrina de morbis cutaneis&#8221;, mely a bőrbajok első tudományos alapon való osztályozása.</p>
<p style="text-align: justify" align="center">1783-ban II. József intézkedése kapcsán a bécsi Josephinum (katonai orvossebészi akadémia) tanára lett. 1777-ben az egyetemet áthelyezték Budára, a királyi palotába és a környező épületekbe.</p>

<p>Plenk József Jakab (1739-1807) Mária Terézia 1770-ben nevezte ki és bízta meg a nagyszombati egyetem orvosi karán a sebészeti tanszék vezetésével. Gyakorlati sebészetet tanított, de szülészetből és szemészetből is tartott előadásokat. Kiváltságos tehetségű ember volt. 1768-ban megjelent &#8222;Szülészet alapvonalai&#8221; című könyve több kiadást ért meg. Tankönyvek egész sorát írta, legjelentősebb az 1776-ban megjelent dermatológiája, a &hellip;</p>
