{"id":213,"date":"2015-09-18T14:57:08","date_gmt":"2015-09-18T12:57:08","guid":{"rendered":"http:\/\/semmelweis.hu\/sebeszet1\/?page_id=213"},"modified":"2024-02-21T14:59:11","modified_gmt":"2024-02-21T13:59:11","slug":"koszonto-bemutatkozas","status":"publish","type":"page","link":"https:\/\/semmelweis.hu\/sebeszet\/a-klinikarol\/koszonto-bemutatkozas\/","title":{"rendered":"Professzori k\u00f6sz\u00f6nt\u0151"},"content":{"rendered":"<p style=\"text-align: left\"><strong>Tisztelt \u00c9rdekl\u0151d\u0151!<\/strong><br \/>\n<strong>Kedves Beteg\u00fcnk!<\/strong><\/p>\n<p style=\"text-align: justify\">A Semmelweis Egyetem Seb\u00e9szeti, Transzplant\u00e1ci\u00f3s \u00e9s Gasztroenterol\u00f3giai Klinik\u00e1ja 2021. okt\u00f3ber 1-j\u00e9n alakult meg Egyetem\u00fcnk h\u00e1rom, kor\u00e1bban \u00f6n\u00e1ll\u00f3 klinik\u00e1j\u00e1nak egyes\u00edt\u00e9s\u00e9vel.<\/p>\n<p style=\"text-align: justify\">Az alap szervezeti egys\u00e9g a megalap\u00edt\u00e1sakor &#8222;Els\u0151 sz\u00e1m\u00fa&#8221;-nak nevezett, majd k\u00e9s\u0151bb I. sz Seb\u00e9szeti Klinika nevet visel\u0151 int\u00e9zet volt. Az Int\u00e9zetet 1909-ben alap\u00edtott\u00e1k el\u0151deink, majd gasztroentrol\u00f3giai profillal b\u0151v\u00fclve k\u00f6zel egy \u00e9vig (2020. szept 1.-t\u0151l 2021. szept. 31-ig) I. sz. Seb\u00e9szeti \u00e9s Intervenci\u00f3s Gasztroenterol\u00f3giai Klinika n\u00e9ven m\u0171k\u00f6d\u00f6tt.<\/p>\n<p style=\"text-align: justify\">Az egyetemi szen\u00e1tus 2021. j\u00fanius 30-i hat\u00e1rozata alapj\u00e1n az els\u0151k\u00e9nt integr\u00e1lt szervezeti egys\u00e9g a II. Sz. Seb\u00e9szeti Klinika volt. Ezen int\u00e9zet 1997-ben alakult meg a Szent J\u00e1nos K\u00f3rh\u00e1zban m\u0171k\u00f6d\u0151 Seb\u00e9szeti Tansz\u00e9k \u00e9s az Oktat\u00f3 K\u00f3rh\u00e1z Seb\u00e9szeti Oszt\u00e1ly\u00e1nak \u00f6sszevon\u00e1s\u00e1b\u00f3l \u00e9s \u00edgy k\u00f6lt\u00f6z\u00f6tt a K\u00fatv\u00f6lgyi Klinikai T\u00f6mb IV. emelet\u00e9re, majd ezt k\u00f6vet\u0151en a Semmelweis Egyetem K\u00f6zponti Betegell\u00e1t\u00f3 \u00c9p\u00fclet III. emelet\u00e9n m\u0171k\u00f6d\u00f6tt tov\u00e1bb a fenti hat\u00e1rozat megsz\u00fclet\u00e9s\u00e9ig.<\/p>\n<p style=\"text-align: justify\">A tov\u00e1bbi b\u0151v\u00fcl\u00e9st a Transzplant\u00e1ci\u00f3s \u00e9s Seb\u00e9szeti Klinika csatlakoz\u00e1sa jelentette, mely int\u00e9zet 1994-ben alakult, majd 2021. szept. 30-ig m\u0171k\u00f6d\u00f6tt ezen a n\u00e9ven, \u00f6t kor\u00e1bbi tansz\u00e9kvezet\u0151 regn\u00e1l\u00e1sa alatt.<\/p>\n<figure id=\"attachment_5393\" aria-describedby=\"caption-attachment-5393\" style=\"width: 203px\" class=\"wp-caption alignleft\"><a href=\"https:\/\/semmelweis.hu\/sebeszet\/files\/2020\/11\/SA02s.jpg\"><img loading=\"lazy\" decoding=\"async\" class=\"wp-image-5393 size-medium\" src=\"https:\/\/semmelweis.hu\/sebeszet\/files\/2020\/11\/SA02s-203x300.jpg\" alt=\"\" width=\"203\" height=\"300\" srcset=\"https:\/\/semmelweis.hu\/sebeszet\/files\/2020\/11\/SA02s-203x300.jpg 203w, https:\/\/semmelweis.hu\/sebeszet\/files\/2020\/11\/SA02s.jpg 406w\" sizes=\"auto, (max-width: 203px) 100vw, 203px\" \/><\/a><figcaption id=\"caption-attachment-5393\" class=\"wp-caption-text\">Prof. Dr. Szij\u00e1rt\u00f3 Attila tansz\u00e9kvezet\u0151 egyetemi tan\u00e1r, klinikaigazgat\u00f3<\/figcaption><\/figure>\n<p style=\"text-align: justify\"><span style=\"font-size: 1rem\"><span style=\"font-size: 1rem\">A fenti \u00a0&#8211; \u00f6nmagukban is jelent\u0151s \u2013 gy\u00f3gy\u00edt\u00f3 int\u00e9zm\u00e9nyek integr\u00e1ci\u00f3j\u00e1val Magyarorsz\u00e1gon egy egyed\u00fcl\u00e1ll\u00f3, sz\u00e9lesk\u00f6r\u0171 ell\u00e1t\u00e1st biztos\u00edt\u00f3 seb\u00e9szeti-gasztroenterol\u00f3giai komplexum j\u00f6tt l\u00e9tre. Ez az a hely, ahol megval\u00f3sulhat a seb\u00e9szet m\u0171v\u00e9szi szinten val\u00f3 m\u0171vel\u00e9se, a komplementer t\u00e1rsszakm\u00e1k specialit\u00e1sainak er\u0151s\u00edt\u00e9se, valamint a szellemi t\u0151ke olyan soksz\u00edn\u0171, klinikai k\u00f6rnyezetben val\u00f3 koncentr\u00e1l\u00f3d\u00e1sa, amivel egy \u00faj &#8222;brand&#8221; j\u00f6tt l\u00e9tre, mely t\u00f6bb mint \u201ekiv\u00e1l\u00f3s\u00e1gi k\u00f6zpont\u201d. Mindh\u00e1rom hely egy-egy klasszikus seb\u00e9szeti iskola, alkot\u00f3m\u0171hely volt egykoron \u00e9s ma is, melyeknek jelenlegi egyes\u00edtett form\u00e1ja teszi lehet\u0151v\u00e9, hogy az elitk\u00e9pz\u00e9s helye legyen.<\/span><\/span><\/p>\n<p style=\"text-align: justify\">Rem\u00e9lj\u00fck, hogy szaktud\u00e1sunkkal mihamarabbi gy\u00f3gyul\u00e1s\u00e1t tudjuk el\u0151seg\u00edteni. K\u00f6sz\u00f6nj\u00fck, hogy megtisztelte bizalm\u00e1val int\u00e9zm\u00e9ny\u00fcnket!<\/p>\n<p style=\"text-align: justify\"><strong>A Seb\u00e9szeti, Traszplant\u00e1ci\u00f3s \u00e9s Gasztroenterol\u00f3giai Klinika, kor\u00e1bban I. Sz. Seb\u00e9szeti \u00e9s Intervenci\u00f3s Gasztroenterol\u00f3giai Klinika (\u201e\u00dcll\u0151i \u00fati\u201d Klinik\u00e1j\u00e1nak) bemutat\u00e1sa<\/strong><\/p>\n<p style=\"text-align: justify\">Az \u201e\u00fcll\u0151i \u00fati Seb\u00e9szeti Klinika\u201d t\u00f6bb mint 100 \u00e9ve a magyar seb\u00e9szet vezet\u0151 \u00e9s egyben a legr\u00e9gebbi hagyom\u00e1nyokkal b\u00edr\u00f3 seb\u00e9szeti int\u00e9zete. Ikonikus hely, egyed\u00fcl\u00e1ll\u00f3 betegell\u00e1t\u00f3, oktat\u00f3 \u00e9s kutat\u00f3, \u201ealkot\u00f3 m\u0171hely\u201d. Az I. Sz. Seb\u00e9szeti Klinika az orvostudom\u00e1ny legizgalmasabb sz\u00e1z \u00e9v\u00e9ben megker\u00fclhetetlen b\u00e1zisa volt a magyar seb\u00e9szet fejl\u0151d\u00e9s\u00e9nek, fejleszt\u00e9s\u00e9nek. Ezt a szerepet mind a mai napig bet\u00f6lti imm\u00e1r korszer\u0171 gasztroenterol\u00f3giai r\u00e9szleggel b\u0151v\u00fclve. A jelenlegi helyen 1909 \u00f3ta m\u0171k\u00f6d\u0151 Klinik\u00e1n, az akkori Eur\u00f3pa legmodernebb seb\u00e9szeti int\u00e9zet\u00e9ben tev\u00e9kenykedhettek a boldog b\u00e9keid\u0151k seb\u00e9szei. Forradalmi \u00faj\u00edt\u00e1soknak lehettek tan\u00fai ezek a falak. A szellemis\u00e9g, a szakma szeretete, a seb\u00e9szet m\u0171v\u00e9szi szint\u0171 m\u0171vel\u00e9se, a kialakul\u00f3 hagyom\u00e1nyok jellemezt\u00e9k \u00e9s jellemzik ma is a h\u00e1zat.<\/p>\n<p style=\"text-align: justify\">Klinik\u00e1nkon a seb\u00e9szet, az aneszteziol\u00f3gia \u00e9s intenz\u00edv ter\u00e1pia, illetve 2020. szeptember\u00e9t\u0151l a gasztroenterol\u00f3gia diszciplin\u00e1i tal\u00e1lhat\u00f3ak meg egy fed\u00e9l alatt. A Klinika seb\u00e9szeti \u00e9s aneszteziol\u00f3giai r\u00e9szlegein \u00f6sszesen 101 seb\u00e9szeti \u00e9s 9 intenz\u00edv oszt\u00e1lyos \u00e1gyon \u00e1ltal\u00e1nos seb\u00e9szeti, valamint az em\u00e9szt\u0151szervi seb\u00e9szet teljes spektrum\u00e1t lefedve m\u00e1j- \u00e9s epe\u00fati, hasny\u00e1lmirigy-, fels\u0151 gasztrointesztin\u00e1lis- \u00e9s coloproctol\u00f3giai, tov\u00e1bb\u00e1 eml\u0151- \u00e9s endokrin seb\u00e9szeti profilokon folyik az ell\u00e1t\u00e1s.<\/p>\n<p style=\"text-align: justify\">Az Int\u00e9zet akut seb\u00e9szeti \u00fcgyeletet l\u00e1t el ter\u00fcleti beoszt\u00e1snak megfelel\u0151en, illetve orsz\u00e1gos hat\u00e1sk\u00f6r\u0171 felv\u00e9telt biztos\u00edt a legmagasabb, III\/B szint\u0171, progressz\u00edv ell\u00e1t\u00e1st ig\u00e9nyl\u0151 seb\u00e9szeti betegek sz\u00e1m\u00e1ra.<\/p>\n<p style=\"text-align: justify\">Klinik\u00e1nk 2020. szeptember\u00e9ben 30 \u00e1gyas gasztroenterol\u00f3giai fekv\u0151beteg oszt\u00e1llyal \u00e9s intervenci\u00f3s gasztroenterol\u00f3giai k\u00f6zponttal b\u0151v\u00fclt. Magas szint\u0171 ell\u00e1t\u00e1st biztos\u00edtunk m\u00e1j- \u00e9s epe\u00fati betegs\u00e9gekben, gyullad\u00e1sos b\u00e9lbetegs\u00e9gben (IBD) szenved\u0151, valamint fels\u0151 \u00e9s als\u00f3 gasztrointesztin\u00e1lis betegek sz\u00e1m\u00e1ra, illetve gasztrointesztin\u00e1lis v\u00e9rz\u0151 \u00fcgyeletet l\u00e1tunk el. Otthoni mesters\u00e9ges (parenteralis) t\u00e1pl\u00e1l\u00e1si k\u00f6zpont is m\u0171k\u00f6dik az int\u00e9zm\u00e9nyben. Hepatol\u00f3giai gondoz\u00f3 centrumunk m\u00e1jseb\u00e9szeti ell\u00e1t\u00e1sunk egyik jelent\u0151s pill\u00e9re. A gasztroenterol\u00f3gia \u00e9s seb\u00e9szet \u00edgy komprehenz\u00edv m\u00f3don, Magyarorsz\u00e1gon egyed\u00fcl\u00e1ll\u00f3an, egy szervezeti egys\u00e9g keretein bel\u00fcl biztos\u00edtja a betegek legmagasabb szint\u0171 ell\u00e1t\u00e1s\u00e1t.<\/p>\n<p style=\"text-align: justify\"><a href=\"https:\/\/semmelweis.hu\/sebeszet\/files\/2021\/11\/12.jpg\"><img loading=\"lazy\" decoding=\"async\" class=\"aligncenter wp-image-6930 size-full\" src=\"https:\/\/semmelweis.hu\/sebeszet\/files\/2021\/11\/12.jpg\" alt=\"\" width=\"675\" height=\"450\" srcset=\"https:\/\/semmelweis.hu\/sebeszet\/files\/2021\/11\/12.jpg 675w, https:\/\/semmelweis.hu\/sebeszet\/files\/2021\/11\/12-300x200.jpg 300w, https:\/\/semmelweis.hu\/sebeszet\/files\/2021\/11\/12-203x135.jpg 203w\" sizes=\"auto, (max-width: 675px) 100vw, 675px\" \/><\/a><\/p>\n<p style=\"text-align: justify\">Az \u00e9ves m\u0171t\u00e9tsz\u00e1m 3.500-4.000 k\u00f6r\u00fcli, mely d\u00f6nt\u0151 t\u00f6bbs\u00e9ge onkol\u00f3giai m\u0171t\u00e9t vagy a legmagasabb progresszivit\u00e1s\u00fa ell\u00e1t\u00e1st ig\u00e9nyl\u0151 k\u00f3r\u00e1llapotok kezel\u00e9s\u00e9t teszi lehet\u0151v\u00e9. \u00c9vente t\u00f6bb mint 50.000 beteg fordul meg a j\u00e1r\u00f3beteg-szakrendel\u00e9seken. Term\u00e9szetesen jelen van az egynapos seb\u00e9szeti vagy halad\u00f3 laparoscopos m\u00f3dszerek alkalmaz\u00e1sa is, melyek \u00edgy a kor\u00e1bban hosszabb k\u00f3rh\u00e1zi \u00e1pol\u00e1st ig\u00e9nyl\u0151 betegs\u00e9gekben tesznek lehet\u0151v\u00e9 gyorsabb gy\u00f3gyul\u00e1si folyamatot. A klinika kiemelt ell\u00e1t\u00e1st ny\u00fajt orsz\u00e1gos szinten a sz\u00f6v\u0151dm\u00e9nyes seb\u00e9szi esetek kezel\u00e9s\u00e9ben, a hepato-pancreato-biliaris k\u00f3rk\u00e9pek ell\u00e1t\u00e1s\u00e1ban, a gasztroenterol\u00f3giai onkol\u00f3gia \u00e9s az endokrin seb\u00e9szet ter\u00fclet\u00e9n. E profilokhoz tartoz\u00f3 betegek kezel\u00e9s\u00e9t nemzetk\u00f6zileg ismert szakemberek \u00e1ltal vezetett munkacsoportok v\u00e9gzik. A m\u00e1j-, hasny\u00e1lmirigy- \u00e9s epe\u00fati seb\u00e9szeti munk\u00e1nk sz\u00e9lesebb k\u00f6r\u0171 kiterjeszt\u00e9se v\u00e9gett alap\u00edtottuk meg koll\u00e9g\u00e1immal a HPB Surgical Research Center n\u00e9vre hallgat\u00f3 szakmai h\u00e1l\u00f3zatot.<\/p>\n<p style=\"text-align: justify\">A komplex egys\u00e9gben korszer\u0171 gasztroenterol\u00f3giai diagnosztikus \u00e9s ter\u00e1pi\u00e1s lehet\u0151s\u00e9gek sora \u00e1ll rendelkez\u00e9sre: fels\u0151 \u00e9s als\u00f3 t\u00e1pcsatornai endoszk\u00f3pia, endoszk\u00f3pos ultrahang, illetve endoszk\u00f3pos retrogr\u00e1d cholangiopancreatographia (ERCP). Ezeken fel\u00fcl a mindennapi ell\u00e1t\u00e1s teljess\u00e9g\u00e9t biztos\u00edtj\u00e1k a hagyom\u00e1nyos-, intervenci\u00f3s- \u00e9s intraoperat\u00edv ultrahang vizsg\u00e1latok, komputertomogr\u00e1fia (CT), angiogr\u00e1fia, izot\u00f3pdiagnosztika, intervenci\u00f3s radiol\u00f3gia, valamint laparoszk\u00f3pos seb\u00e9szeti technika \u00e9s \u00fajabb v\u00e9rz\u00e9scsillap\u00edt\u00f3 elj\u00e1r\u00e1sok.<\/p>\n<p style=\"text-align: justify\"><strong>A Seb\u00e9szeti, Traszplant\u00e1ci\u00f3s \u00e9s Gasztroenterol\u00f3giai Klinika, kor\u00e1bban Transzplant\u00e1ci\u00f3s \u00e9s Seb\u00e9szeti Klinika (\u201eBaross utcai\u201d Klinik\u00e1j\u00e1nak) bemutat\u00e1sa<\/strong><\/p>\n<p style=\"text-align: justify\">A Klinika az Eur\u00f3pai Seb\u00e9szt\u00e1rsas\u00e1g (European Board of Surgery) Transzplant\u00e1ci\u00f3s Szekci\u00f3ja (UEMS-EBS, Section of Transplantation Surgery) \u00e9s az Eurotransplant \u00e1ltal nemzetk\u00f6zileg akkredit\u00e1lt eur\u00f3pai transzplant\u00e1ci\u00f3s seb\u00e9szeti kik\u00e9pz\u0151 k\u00f6zpont.<\/p>\n<p style=\"text-align: justify\">Tev\u00e9kenys\u00e9g\u00fcnk speci\u00e1lis ter\u00fclete a szerv\u00e1t\u00fcltet\u00e9s (vese, m\u00e1j, kombin\u00e1lt vese- hasny\u00e1lmirigy, valamint hasny\u00e1lmirigy szigetsejt) \u00e9s ezekkel kapcsolatos hat\u00e1rter\u00fcletek. 2014-ben az Eurotransplant nyolc eur\u00f3pai tagorsz\u00e1g\u00e1nak transzplant\u00e1ci\u00f3s centrumait \u00f6sszehasonl\u00edt\u00f3 adatai alapj\u00e1n a Transzplant\u00e1ci\u00f3s \u00e9s Seb\u00e9szeti Klinik\u00e1n v\u00e9gezt\u00e9k el a legt\u00f6bb vese\u00e1t\u00fcltet\u00e9st, a m\u00e1j\u00e1t\u00fcltet\u00e9sek k\u00f6z\u00f6tt pedig az \u00f6t\u00f6dik helyet \u00e9rt\u00fck el, ezzel elmondhatjuk, hogy Klinik\u00e1nk az \u00e9lvonalba tartozik a hasi szervek transzplant\u00e1ci\u00f3ja ter\u00fclet\u00e9n.<\/p>\n<p><a href=\"https:\/\/semmelweis.hu\/sebeszet\/files\/2021\/11\/img_0072.jpg\"><img loading=\"lazy\" decoding=\"async\" class=\"aligncenter wp-image-6913 size-full\" src=\"https:\/\/semmelweis.hu\/sebeszet\/files\/2021\/11\/img_0072.jpg\" alt=\"\" width=\"580\" height=\"300\" srcset=\"https:\/\/semmelweis.hu\/sebeszet\/files\/2021\/11\/img_0072.jpg 580w, https:\/\/semmelweis.hu\/sebeszet\/files\/2021\/11\/img_0072-300x155.jpg 300w\" sizes=\"auto, (max-width: 580px) 100vw, 580px\" \/><\/a><\/p>\n<p style=\"text-align: justify\">Klinik\u00e1nkon speci\u00e1lisan k\u00e9pzett koll\u00e9g\u00e1k \u00e1llnak a betegek rendelkez\u00e9s\u00e9re. Ell\u00e1tjuk az \u00e1ltal\u00e1nos hasi seb\u00e9szet minden ter\u00fclet\u00e9t, kiemelten foglalkozunk a daganatos betegek kezel\u00e9s\u00e9vel \u00e9s ut\u00f3gondoz\u00e1s\u00e1val, a bels\u0151 elv\u00e1laszt\u00e1s\u00fa mirigyek (mell\u00e9kvese, pajzsmirigy, mell\u00e9kpajzsmirigy) betegs\u00e9geinek seb\u00e9szeti kezel\u00e9s\u00e9vel. T\u00f6bb szerven a m\u0171t\u00e9teket minim\u00e1l invaz\u00edv (laparoszk\u00f3pos) m\u00f3dszerrel is v\u00e9gezz\u00fck (epeh\u00f3lyag, mell\u00e9kvese, vese, m\u00e1j, hasny\u00e1lmirigy, gyomor-b\u00e9lrendszer stb.). Orsz\u00e1gosan a legnagyobb sz\u00e1mban v\u00e9gz\u00fcnk \u00e9l\u0151donoros vese\u00e1t\u00fcltet\u00e9st, melynek donorm\u0171t\u00e9tj\u00e9t, a vese elt\u00e1vol\u00edt\u00e1s\u00e1t szint\u00e9n laparoszk\u00f3pos m\u00f3don v\u00e9gezz\u00fck. E nagy lehet\u0151s\u00e9gek el\u0151tt \u00e1ll\u00f3 ter\u00fcleten folyamatos profilb\u0151v\u00edt\u00e9st tervez\u00fcnk. Klinik\u00e1nkon v\u00e1llaljuk a sz\u00f6v\u0151dm\u00e9nyes epe\u00fati betegs\u00e9gek \u00e9s m\u00e1jdaganatok seb\u00e9szi korrekci\u00f3j\u00e1t, gy\u00f3gy\u00edt\u00e1s\u00e1t.<\/p>\n<p style=\"text-align: justify\">Intenz\u00edv oszt\u00e1lyunkon \u2013 a Semmelweis Egyetem Aneszteziol\u00f3giai \u00e9s Intenz\u00edv Ter\u00e1pi\u00e1s Klinika \u00e9gisze alatt \u2013 a legkorszer\u0171bb m\u00f3dszerekkel folyik a transzplant\u00e1ci\u00f3s vagy \u00e1ltal\u00e1nos seb\u00e9szeti ell\u00e1t\u00e1sban r\u00e9szes\u00fcl\u0151 \u00e9s intenz\u00edv oszt\u00e1lyos megfigyel\u00e9st vagy kezel\u00e9st ig\u00e9nyl\u0151 betegek gy\u00f3gy\u00edt\u00e1sa.<\/p>\n<p style=\"text-align: justify\">Szakk\u00e9pzett munkat\u00e1rsaink foglalkoznak a szerv\u00e1t\u00fcltet\u00e9s ut\u00e1n a betegek gondoz\u00e1s\u00e1val, a belgy\u00f3gy\u00e1szati vese- \u00e9s m\u00e1jbetegek kivizsg\u00e1l\u00e1s\u00e1val, kezel\u00e9s\u00e9vel, bele\u00e9rtve az \u00e9l\u0151donorok kivizsg\u00e1l\u00e1s\u00e1t is.<\/p>\n<p style=\"text-align: justify\">J\u00e1r\u00f3beteg-rendel\u00e9s\u00fcnk\u00f6n lehet\u0151s\u00e9g van \u2013 az Orvosi K\u00e9palkot\u00f3 Klinik\u00e1val egy\u00fcttm\u0171k\u00f6d\u00e9sben \u2013 a speci\u00e1lis szakrendel\u00e9seken k\u00edv\u00fcl endoszk\u00f3pos, ultrahangos, angiogr\u00e1fi\u00e1s \u00e9s sz\u00e1m\u00edt\u00f3g\u00e9pes r\u00e9tegvizsg\u00e1latok (CT) elv\u00e9gz\u00e9s\u00e9re, dietetikusi, fizioter\u00e1pi\u00e1s \u00e9s szt\u00f3mater\u00e1pi\u00e1s tan\u00e1csad\u00e1sra is. Diagnosztikus r\u00e9szleg\u00fcnk\u00f6n rutinszer\u0171en t\u0171biopszi\u00e1kat \u00e9s ultrahangvez\u00e9relt beavatkoz\u00e1sokat v\u00e9gz\u00fcnk.<\/p>\n<p style=\"text-align: justify\">Az ambul\u00e1ns m\u0171t\u0151 alkalmas kism\u0171t\u00e9tekre, diagnosztikus pr\u00f3bakimetsz\u00e9sekre, a m\u0171vese kezel\u00e9shez sz\u00fcks\u00e9ges arterioven\u00f3zus \u00e9r\u00f6sszek\u00f6ttet\u00e9s k\u00e9pz\u00e9s\u00e9re.<\/p>\n<p style=\"text-align: justify\">2015 okt\u00f3bere \u00f3ta a klinika transzplant\u00e1ci\u00f3s \u00e9s seb\u00e9szeti tev\u00e9kenys\u00e9ge ISO 9001 Min\u0151s\u00e9gbiztos\u00edt\u00e1s \u00e1ltal akkredit\u00e1lt.<\/p>\n<p style=\"text-align: justify\"><strong>Oktat\u00e1s a Seb\u00e9szeti, Transzplant\u00e1ci\u00f3s \u00e9s Gasztroenterol\u00f3giai Klinik\u00e1n<\/strong><\/p>\n<p style=\"text-align: justify\">Egyetem\u00fcnk m\u00e9lt\u00e1n lehet b\u00fcszke ezen Klinik\u00e1j\u00e1ra, tekintve kiemelked\u0151 teljes\u00edtm\u00e9nyeit, iskolateremt\u0151 m\u00faltj\u00e1t, jelen\u00e9t. A legkorszer\u0171bb elj\u00e1r\u00e1sok, a t\u00f6rt\u00e9nelmi fordulatot jelent\u0151 pillanatok (pl. a haz\u00e1nkban els\u0151k\u00e9nt elv\u00e9gzett m\u00e1jtranszplant\u00e1ci\u00f3, az els\u0151 vesetranszplant\u00e1ci\u00f3s program elind\u00edt\u00e1sa, az eur\u00f3pai h\u00edr\u0171 hasny\u00e1lmirigy-seb\u00e9szet elind\u00edt\u00e1sa, valamint egys\u00e9ges endokrin seb\u00e9szet ki\u00e9p\u00edt\u00e9se, stb.) mellett a tudom\u00e1nyos \u00e9let \u2013 \u00e9s ez\u00e1ltal a seb\u00e9szet fejl\u0151d\u00e9s\u00e9nek is \u2013 elv\u00e1laszthatatlan r\u00e9sze lett a Klinika.<\/p>\n<p><a href=\"https:\/\/semmelweis.hu\/sebeszet\/files\/2021\/11\/13.jpg\"><img loading=\"lazy\" decoding=\"async\" class=\"size-full wp-image-6931 aligncenter\" src=\"https:\/\/semmelweis.hu\/sebeszet\/files\/2021\/11\/13.jpg\" alt=\"\" width=\"494\" height=\"359\" srcset=\"https:\/\/semmelweis.hu\/sebeszet\/files\/2021\/11\/13.jpg 494w, https:\/\/semmelweis.hu\/sebeszet\/files\/2021\/11\/13-300x218.jpg 300w\" sizes=\"auto, (max-width: 494px) 100vw, 494px\" \/><\/a><\/p>\n<p style=\"text-align: justify\">Nagyon fontos szerep\u00fcnk van a seb\u00e9szeti elitk\u00e9pz\u00e9sben, abban, hogy a most feln\u00f6vekv\u0151 seb\u00e9szgener\u00e1ci\u00f3t milyen volumenben, mennyire egys\u00e9ges szeml\u00e9letben tudjuk oktatni. Oktat\u00e1si feladataink szintj\u00e9n I., IV. \u00e9s VI. \u00e9vfolyamos orvostanhallgat\u00f3k magyar, n\u00e9met \u00e9s angol nyelv\u0171 elm\u00e9leti \u00e9s gyakorlati k\u00e9pz\u00e9se is folyik. Az \u00c1ltal\u00e1nos Orvostudom\u00e1nyi Kar hallgat\u00f3i mellett a Fogorvostudom\u00e1nyi Kar \u00e9s az Eg\u00e9szs\u00e9gtudom\u00e1nyi Kar hallgat\u00f3i is n\u00e1lunk ismerkednek meg a seb\u00e9szeti alapismeretekkel.<\/p>\n<p style=\"text-align: justify\">Tudom\u00e1nyos di\u00e1kk\u00f6ri munka keretei k\u00f6z\u00f6tt \u00e9vente 10-15 hallgat\u00f3 foglalkozik k\u00eds\u00e9rleti \u00e9s klinikai seb\u00e9szeti, seb\u00e9szeti patol\u00f3giai, aneszteziol\u00f3giai \u00e9s gasztroenterol\u00f3giai tudom\u00e1nyos tev\u00e9kenys\u00e9ggel. Seb\u00e9szeti orient\u00e1ci\u00f3j\u00fa doktorandusz k\u00e9pz\u00e9s\u00fcnk (PhD) is kiemelked\u0151 orsz\u00e1gos viszonylatban n\u00e9zve.<\/p>\n<p style=\"text-align: justify\">Szakvizsga el\u0151k\u00e9sz\u00edt\u0151 tov\u00e1bbk\u00e9pz\u00e9s, szervezett \u00e9s egy\u00e9ni posztgradu\u00e1lis k\u00e9pz\u00e9s szakmai profiljainkban sz\u00e9lesk\u00f6r\u0171en folyik. A klinika szak\u00e1pol\u00f3k, m\u0171t\u0151i \u00e9s aneszteziol\u00f3gus szakasszisztensek gyakorl\u00f3-oktat\u00f3 int\u00e9zm\u00e9nye.<\/p>\n<p style=\"text-align: justify\">A fentiek alapj\u00e1n \u2013 rem\u00e9nyeink szerint \u2013 a j\u00f6v\u0151ben az \u201c\u00faj\u201d Seb\u00e9szeti, Transzplant\u00e1ci\u00f3s \u00e9s Gasztroenterol\u00f3giai Klinika m\u00e9lt\u00f3n helyt\u00e1ll majd a legnagyobb magyar seb\u00e9sz, tansz\u00e9k\u00fcnk kor\u00e1bbi legend\u00e1s professzora, Balassa J\u00e1nos gondolatainak:<\/p>\n<p style=\"text-align: justify\"><em>\u201eA seb\u00e9szet \u00e9s belgy\u00f3gy\u00e1szat ugyanazon a tudom\u00e1nyos alapon \u00e1ll. Ne legyen a seb\u00e9szet egyed\u00fcl k\u00fclform\u00e1kon alapul\u00f3 k\u00e9zm\u0171, hanem az eg\u00e9szet egyes r\u00e9szeiben feltal\u00e1l\u00f3 tudom\u00e1ny.\u201d<\/em><\/p>\n","protected":false},"excerpt":{"rendered":"<p>Tisztelt \u00c9rdekl\u0151d\u0151! Kedves Beteg\u00fcnk!<\/p>\n<p>A Semmelweis Egyetem Seb\u00e9szeti, Transzplant\u00e1ci\u00f3s \u00e9s Gasztroenterol\u00f3giai Klinik\u00e1ja 2021. okt\u00f3ber 1-j\u00e9n alakult meg Egyetem\u00fcnk h\u00e1rom, kor\u00e1bban \u00f6n\u00e1ll\u00f3 klinik\u00e1j\u00e1nak egyes\u00edt\u00e9s\u00e9vel. Ezen kor\u00e1bbi \u00f6n\u00e1ll\u00f3 gy\u00f3gy\u00edt\u00f3 int\u00e9zm\u00e9nyek integr\u00e1ci\u00f3j\u00e1val Magyarorsz\u00e1gon egy egyed\u00fcl\u00e1ll\u00f3, sz\u00e9lesk\u00f6r\u0171 ell\u00e1t\u00e1st biztos\u00edt\u00f3 seb\u00e9szeti-gasztroenterol\u00f3giai kompexum j\u00f6tt l\u00e9tre. Ez az a hely, ahol megval\u00f3sulhat a seb\u00e9szet m\u0171v\u00e9szi szinten val\u00f3 m\u0171vel\u00e9se, a komplementer t\u00e1rsszakm\u00e1k specialit\u00e1sainak er\u0151s\u00edt\u00e9se, valamint a szellemi t\u0151ke olyan soksz\u00edn\u0171, klinikai k\u00f6rnyezetben val\u00f3 koncentr\u00e1l\u00f3d\u00e1sa, amivel egy \u00faj \u201cbrand\u201d j\u00f6tt l\u00e9tre, mely t\u00f6bb mint \u201ekiv\u00e1l\u00f3s\u00e1gi k\u00f6zpont\u201d. Mindh\u00e1rom hely egy-egy klasszikus seb\u00e9szeti iskola, alkot\u00f3m\u0171hely volt egykoron \u00e9s ma is, melyeknek jelenlegi egyes\u00edtett form\u00e1ja teszi lehet\u0151v\u00e9, hogy az elitk\u00e9pz\u00e9s helye legyen.<\/p>\n","protected":false},"author":41,"featured_media":6683,"parent":5669,"menu_order":1,"comment_status":"closed","ping_status":"closed","template":"","meta":{"_acf_changed":false,"footnotes":""},"categories":[],"tags":[],"class_list":["post-213","page","type-page","status-publish","has-post-thumbnail","hentry"],"acf":[],"_links":{"self":[{"href":"https:\/\/semmelweis.hu\/sebeszet\/wp-json\/wp\/v2\/pages\/213","targetHints":{"allow":["GET"]}}],"collection":[{"href":"https:\/\/semmelweis.hu\/sebeszet\/wp-json\/wp\/v2\/pages"}],"about":[{"href":"https:\/\/semmelweis.hu\/sebeszet\/wp-json\/wp\/v2\/types\/page"}],"author":[{"embeddable":true,"href":"https:\/\/semmelweis.hu\/sebeszet\/wp-json\/wp\/v2\/users\/41"}],"replies":[{"embeddable":true,"href":"https:\/\/semmelweis.hu\/sebeszet\/wp-json\/wp\/v2\/comments?post=213"}],"version-history":[{"count":12,"href":"https:\/\/semmelweis.hu\/sebeszet\/wp-json\/wp\/v2\/pages\/213\/revisions"}],"predecessor-version":[{"id":8512,"href":"https:\/\/semmelweis.hu\/sebeszet\/wp-json\/wp\/v2\/pages\/213\/revisions\/8512"}],"up":[{"embeddable":true,"href":"https:\/\/semmelweis.hu\/sebeszet\/wp-json\/wp\/v2\/pages\/5669"}],"wp:featuredmedia":[{"embeddable":true,"href":"https:\/\/semmelweis.hu\/sebeszet\/wp-json\/wp\/v2\/media\/6683"}],"wp:attachment":[{"href":"https:\/\/semmelweis.hu\/sebeszet\/wp-json\/wp\/v2\/media?parent=213"}],"wp:term":[{"taxonomy":"category","embeddable":true,"href":"https:\/\/semmelweis.hu\/sebeszet\/wp-json\/wp\/v2\/categories?post=213"},{"taxonomy":"post_tag","embeddable":true,"href":"https:\/\/semmelweis.hu\/sebeszet\/wp-json\/wp\/v2\/tags?post=213"}],"curies":[{"name":"wp","href":"https:\/\/api.w.org\/{rel}","templated":true}]}}