{"id":77,"date":"2021-10-06T09:02:49","date_gmt":"2021-10-06T07:02:49","guid":{"rendered":"https:\/\/semmelweis.hu\/rokus\/?page_id=77"},"modified":"2025-01-13T10:43:18","modified_gmt":"2025-01-13T09:43:18","slug":"kepalkoto","status":"publish","type":"page","link":"https:\/\/semmelweis.hu\/rokus\/betegellatas\/kepalkoto\/","title":{"rendered":"K\u00e9palkot\u00f3 Diagnosztika &#8211; Orvosi K\u00e9palkot\u00f3 Klinika kihelyezett r\u00e9szleg"},"content":{"rendered":"<p><strong><a href=\"https:\/\/semmelweis.hu\/kepalkotas\/\"><img loading=\"lazy\" decoding=\"async\" class=\"alignright  wp-image-408\" src=\"https:\/\/semmelweis.hu\/rokus\/files\/2021\/11\/cropped-okk_logo.jpg\" alt=\"\" width=\"200\" height=\"200\" srcset=\"https:\/\/semmelweis.hu\/rokus\/files\/2021\/11\/cropped-okk_logo.jpg 310w, https:\/\/semmelweis.hu\/rokus\/files\/2021\/11\/cropped-okk_logo-150x150.jpg 150w\" sizes=\"auto, (max-width: 200px) 100vw, 200px\" \/><\/a>Helysz\u00edn:<\/strong> Gyulai P\u00e1l utca 2. f\u00e9lemelet<\/p>\n<p><strong>Id\u0151pontk\u00e9r\u00e9s:<\/strong> +36 1 55-33-501<\/p>\n<p>minden h\u00e9tk\u00f6znap 09:00-15:00-ig<\/p>\n<p><strong>Rendel\u00e9si id\u0151:<\/strong> minden nap 7:00 &#8211; 15:00 <br \/>\n(minden tev\u00e9kenys\u00e9gi k\u00f6r eset\u00e9n)<\/p>\n<h1>TEV\u00c9KENYS\u00c9GI K\u00d6R:<\/h1>\n<p>A R\u00f3kus K\u00e9palkot\u00f3 Diagnosztikai R\u00e9szleg az Orvosi K\u00e9palkot\u00f3 Klinika kihelyezett telephelye, ahol az al\u00e1bbi tev\u00e9kenys\u00e9gi k\u00f6r\u00f6kben t\u00f6rt\u00e9nik a betegek vizsg\u00e1lata:<\/p>\n<ul>\n<li>hagyom\u00e1nyos r\u00f6ntgen diagnosztika<\/li>\n<li>mammogr\u00e1fia<\/li>\n<li>ultrahangvizsg\u00e1lat\u00a0<\/li>\n<li>CT vizsg\u00e1lat<\/li>\n<\/ul>\n<div class=\"keretes w-100\">\n<p>Minden vizsg\u00e1latunkhoz <strong>beutal\u00f3 sz\u00fcks\u00e9ges<\/strong>.\u00a0<br \/>\nAz ultrahang, a mammogr\u00e1fia \u00e9s a CT vizsg\u00e1latokat el\u0151jegyz\u00e9s alapj\u00e1n v\u00e9gezz\u00fck. <strong>Id\u0151pontk\u00e9r\u00e9s rendel\u00e9si id\u0151ben a fenti telefonsz\u00e1mokon.<\/strong><\/p>\n<\/div>\n<h4>Leletkiad\u00e1s:<\/h4>\n<ul style=\"list-style-type: square\">\n<li><strong>hagyom\u00e1nyos r\u00f6ntgen<\/strong>\n<ul style=\"list-style-type: circle\">\n<li>a lelet a beutal\u00f3 orvosn\u00e1l \u00e9s az EESZT-ben is el\u00e9rhet\u0151\u00a0<\/li>\n<\/ul>\n<\/li>\n<li><strong>mammogr\u00e1fia \u00e9s ultrahangvizsg\u00e1lat<\/strong>\n<ul style=\"list-style-type: circle\">\n<li>a leletet helyben a vizsg\u00e1lat ut\u00e1n odaadjuk, valamint az EESZT-ben is el\u00e9rhet\u0151<\/li>\n<\/ul>\n<\/li>\n<li><strong>CT vizsg\u00e1lat<\/strong>\n<ul style=\"list-style-type: circle\">\n<li>a lelet a vizsg\u00e1latot k\u00f6vet\u0151 5 napon bel\u00fcl \u00e9rhet\u0151 el az EESZT-ben, vagy a rendel\u00e9s helysz\u00edn\u00e9n 8:00 \u00e9s 12:30 k\u00f6z\u00f6tt tudjuk kiadni<\/li>\n<\/ul>\n<\/li>\n<\/ul>\n<h1>Klinik\u00e1nkr\u00f3l:<\/h1>\n<p>Az Orvosi K\u00e9palkot\u00f3 Klinika a Radiol\u00f3giai Klinika, a Nukle\u00e1ris Medicina K\u00f6zpont, valamint az MR Kutat\u00f3k\u00f6zpont jogut\u00f3djak\u00e9nt j\u00f6tt l\u00e9tre a Semmelweis Egyetem Szen\u00e1tus\u00e1nak d\u00f6nt\u00e9se alapj\u00e1n 2019. szeptember 5-\u00e9n. Majd 2020. j\u00fanius 1-t\u0151l, &#8211; a Szent R\u00f3kus Klinikai T\u00f6mb egyetemi integr\u00e1ci\u00f3j\u00e1val &#8211; a R\u00f3kus K\u00e9palkot\u00f3 Diagnosztikai R\u00e9szleg tov\u00e1bb b\u0151v\u00edtette az Orvosi K\u00e9palkot\u00f3 Klinika int\u00e9zet\u00e9t.<\/p>\n<p>A nemzetk\u00f6zi sz\u00ednvonal\u00fa, feladatait egys\u00e9gesen \u00e9s hat\u00e9konyan ell\u00e1t\u00f3 \u00faj integr\u00e1lt klinika l\u00e9trej\u00f6tt\u00e9vel az oktat\u00e1s mellett egys\u00e9gesebb\u00e9 v\u00e1lik a betegell\u00e1t\u00e1s szervez\u00e9se, a kutat\u00e1si strat\u00e9gia, \u00e9s optim\u00e1lisabb\u00e1 az egyetem diagnosztikai kapacit\u00e1sainak kihaszn\u00e1l\u00e1sa.<\/p>\n<p>Honlapunk: <a href=\"https:\/\/semmelweis.hu\/kepalkotas\" target=\"_blank\" rel=\"noopener\">https:\/\/semmelweis.hu\/kepalkotas<\/a><\/p>\n","protected":false},"excerpt":{"rendered":"<p><a href=\"https:\/\/semmelweis.hu\/kepalkotas\/\"><\/a> Helysz\u00edn: Gyulai P\u00e1l utca 2. f\u00e9lemelet Id\u0151pontk\u00e9r\u00e9s: +36 1 55-33-501 minden h\u00e9tk\u00f6znap 09:00-15:00-ig Rendel\u00e9si id\u0151: minden nap 7:00 &#8211; 15:00 (minden tev\u00e9kenys\u00e9gi k\u00f6r eset\u00e9n) TEV\u00c9KENYS\u00c9GI K\u00d6R: A R\u00f3kus K\u00e9palkot\u00f3 Diagnosztikai R\u00e9szleg az Orvosi K\u00e9palkot\u00f3 Klinika kihelyezett telephelye, ahol az al\u00e1bbi tev\u00e9kenys\u00e9gi k\u00f6r\u00f6kben t\u00f6rt\u00e9nik a betegek vizsg\u00e1lata: hagyom\u00e1nyos r\u00f6ntgen diagnosztika mammogr\u00e1fia ultrahangvizsg\u00e1lat\u00a0 CT vizsg\u00e1lat Minden vizsg\u00e1latunkhoz &hellip;<\/p>\n","protected":false},"author":12,"featured_media":0,"parent":26,"menu_order":4,"comment_status":"closed","ping_status":"closed","template":"","meta":{"_acf_changed":false,"footnotes":""},"categories":[],"tags":[],"class_list":["post-77","page","type-page","status-publish","hentry"],"acf":[],"_links":{"self":[{"href":"https:\/\/semmelweis.hu\/rokus\/wp-json\/wp\/v2\/pages\/77","targetHints":{"allow":["GET"]}}],"collection":[{"href":"https:\/\/semmelweis.hu\/rokus\/wp-json\/wp\/v2\/pages"}],"about":[{"href":"https:\/\/semmelweis.hu\/rokus\/wp-json\/wp\/v2\/types\/page"}],"author":[{"embeddable":true,"href":"https:\/\/semmelweis.hu\/rokus\/wp-json\/wp\/v2\/users\/12"}],"replies":[{"embeddable":true,"href":"https:\/\/semmelweis.hu\/rokus\/wp-json\/wp\/v2\/comments?post=77"}],"version-history":[{"count":10,"href":"https:\/\/semmelweis.hu\/rokus\/wp-json\/wp\/v2\/pages\/77\/revisions"}],"predecessor-version":[{"id":679,"href":"https:\/\/semmelweis.hu\/rokus\/wp-json\/wp\/v2\/pages\/77\/revisions\/679"}],"up":[{"embeddable":true,"href":"https:\/\/semmelweis.hu\/rokus\/wp-json\/wp\/v2\/pages\/26"}],"wp:attachment":[{"href":"https:\/\/semmelweis.hu\/rokus\/wp-json\/wp\/v2\/media?parent=77"}],"wp:term":[{"taxonomy":"category","embeddable":true,"href":"https:\/\/semmelweis.hu\/rokus\/wp-json\/wp\/v2\/categories?post=77"},{"taxonomy":"post_tag","embeddable":true,"href":"https:\/\/semmelweis.hu\/rokus\/wp-json\/wp\/v2\/tags?post=77"}],"curies":[{"name":"wp","href":"https:\/\/api.w.org\/{rel}","templated":true}]}}