{"id":112,"date":"2014-07-31T21:58:11","date_gmt":"2014-07-31T19:58:11","guid":{"rendered":"http:\/\/semmelweis.hu\/tukeb\/?page_id=112"},"modified":"2026-03-10T10:39:06","modified_gmt":"2026-03-10T09:39:06","slug":"tajekoztatas","status":"publish","type":"page","link":"https:\/\/semmelweis.hu\/rkeb\/tajekoztatas\/","title":{"rendered":"K\u00e9relmek bead\u00e1sa"},"content":{"rendered":"<div>\n<p><strong>KUTAT\u00c1SETIKAI ENGED\u00c9LY IR\u00c1NTI K\u00c9RELEM BEAD\u00c1SA<\/strong><\/p>\n<p><strong>A<\/strong>\u00a0<strong>k\u00e9relmeket kinyomtatott form\u00e1ban, 1 pld-ban<\/strong>\u00a0\u00e9s\u00a0<b>e-mailen<\/b>\u00a0is k\u00e9rj\u00fck beadni, elk\u00fcldeni\u00a0<b>legk\u00e9s\u0151bb egy h\u00e9ttel az \u00fcl\u00e9s<\/b>\u00a0honlapon k\u00f6zz\u00e9tett\u00a0<b>id\u0151pontja el\u0151tt<\/b>. <b>K\u00e9rj\u00fck, hogy a beadv\u00e1nyt elektronikus \u00faton a t\u00e9mavezet\u0151 hivatalos, egyetemi e-mail c\u00edm\u00e9r\u0151l k\u00fcldj\u00e9k meg.<\/b><\/p>\n<p>Egyetemi hallgat\u00f3k, rezidensek \u00e9s PhD hallgat\u00f3k eset\u00e9ben k\u00e9rj\u00fck, hogy a t\u00e9mavezet\u0151 adja be a kutat\u00e1si enged\u00e9ly ir\u00e1nti k\u00e9relmet.<\/p>\n<p><strong>Beadand\u00f3 dokumentumok:<\/strong><\/p>\n<ul>\n<li>K\u00e9relem a Bizotts\u00e1g eln\u00f6k\u00e9nek c\u00edmezve, a kutat\u00e1s vezet\u0151j\u00e9nek al\u00e1\u00edr\u00e1s\u00e1val ell\u00e1tva.<\/li>\n<li><a href=\"https:\/\/semmelweis.hu\/rkeb\/files\/2025\/09\/Urlap_kutatasi_engedelyhez.docx\">\u0170rlap kutat\u00e1si enged\u00e9lyhez<\/a> kit\u00f6ltve<\/li>\n<li><a href=\"https:\/\/semmelweis.hu\/rkeb\/files\/2025\/07\/nyilatkozatok.docx\">Nyilatkozat a Helsinki Deklar\u00e1ci\u00f3r\u00f3l, Adatv\u00e9delmi nyilatkozat \u00e9s Sz\u00e1nd\u00e9knyilatkozat<\/a> kit\u00f6ltve<\/li>\n<li>R\u00e9szletes kutat\u00e1si terv, felt\u00fcntetve benne t\u00f6bbek k\u00f6z\u00f6tt a vizsg\u00e1lat pontos, magyar nyelv\u0171 c\u00edm\u00e9t, a vizsg\u00e1lat id\u0151tartam\u00e1t (mett\u0151l-meddig tervezik a vizsg\u00e1latot v\u00e9gezni), valamint az adott kutat\u00e1ssal kapcsolatos fontosabb publik\u00e1ci\u00f3k felsorol\u00e1sa.<\/li>\n<li>Befogad\u00f3 nyilatkozat a klinika, int\u00e9zet vezet\u0151j\u00e9t\u0151l (ha t\u00f6bb klinika, int\u00e9zet v\u00e9gzi a kutat\u00e1st az egyetemen bel\u00fcl, akkor mindegyikt\u0151l)<\/li>\n<li>Betegt\u00e1j\u00e9koztat\u00f3 (retrospekt\u00edv kutat\u00e1sn\u00e1l nem kell)<\/li>\n<li>Beleegyez\u0151 nyilatkozat (retrospekt\u00edv kutat\u00e1sn\u00e1l nem kell)<\/li>\n<li>A kutat\u00e1s vezet\u0151j\u00e9nek magyar nyelv\u0171 szakmai \u00f6n\u00e9letrajza, f\u0151bb publik\u00e1ci\u00f3k<\/li>\n<li>K\u00e9rd\u0151\u00edves kutat\u00e1s eset\u00e9n a teljes k\u00e9rd\u0151\u00edv<\/li>\n<\/ul>\n<p><strong>A betegt\u00e1j\u00e9koztat\u00f3 k\u00f6telez\u0151 tartalmi elemei: <\/strong><\/p>\n<ul>\n<li>a vizsg\u00e1lat azonos\u00edt\u00f3 adatai;<\/li>\n<li>a vizsg\u00e1lat\u00e9rt felel\u0151s szem\u00e9ly(ek) neve, beoszt\u00e1sa, munkak\u00f6re megnevez\u00e9se;<\/li>\n<li>a kutat\u00e1si enged\u00e9lyt k\u00e9relmez\u0151 neve, sz\u00e9khelye<\/li>\n<li>a tervezett vizsg\u00e1lat l\u00e9nyege, c\u00e9lja, v\u00e1rhat\u00f3 id\u0151tartama, helye, a bevonni k\u00edv\u00e1nt szem\u00e9lyek sz\u00e1ma, illetve k\u00f6re;<\/li>\n<li>a vizsg\u00e1lati alany vagy m\u00e1sok sz\u00e1m\u00e1ra v\u00e1rhat\u00f3 el\u0151ny\u00f6k \u00e9s a k\u00f6lts\u00e9gt\u00e9r\u00edt\u00e9s, ha van ilyen;<\/li>\n<li>a vizsg\u00e1lati alany adatainak kezel\u00e9s\u00e9re, az azokhoz val\u00f3 hozz\u00e1f\u00e9r\u00e9sre vonatkoz\u00f3 szab\u00e1lyok<\/li>\n<li>arr\u00f3l val\u00f3 t\u00e1j\u00e9koztat\u00e1s, hogy a vizsg\u00e1latban val\u00f3 r\u00e9szv\u00e9tel \u00f6nk\u00e9ntes \u00e9s a beleegyez\u00e9s b\u00e1rmikor, sz\u00f3ban vagy \u00edr\u00e1sban indokol\u00e1s \u00e9s h\u00e1tr\u00e1nyos k\u00f6vetkezm\u00e9nyek n\u00e9lk\u00fcl visszavonhat\u00f3.<\/li>\n<\/ul>\n<p style=\"text-align: justify\">A t\u00e1j\u00e9koztat\u00e1st ad\u00f3 szem\u00e9lynek \u00e9s a vizsg\u00e1lati alanynak \u2013 cselekv\u0151k\u00e9ptelen vagy 16 \u00e9ven aluli korl\u00e1tozottan cselekv\u0151k\u00e9pes kiskor\u00fa vizsg\u00e1lati alany eset\u00e9n a nyilatkozatt\u00e9telre jogosult szem\u00e9lynek \u2013az \u00edr\u00e1sos t\u00e1j\u00e9koztat\u00f3t al\u00e1 kell \u00edrnia!<\/p>\n<p><strong>A beleegyez\u0151 nyilatkozat k\u00f6telez\u0151 tartalmi elemei:<\/strong><strong style=\"font-size: 1rem\">\u00a0<\/strong><\/p>\n<ul>\n<li>annak az eg\u00e9szs\u00e9g\u00fcgyi szolg\u00e1ltat\u00f3nak a megnevez\u00e9se, ahol a vizsg\u00e1latot v\u00e9gezni k\u00edv\u00e1nj\u00e1k;<\/li>\n<li>a vizsg\u00e1lati alany azonos\u00edt\u00f3 adatai (neve, sz\u00fclet\u00e9si helye \u00e9s ideje), cselekv\u0151k\u00e9ptelen vagy 16 \u00e9ven aluli korl\u00e1tozottan cselekv\u0151k\u00e9pes kiskor\u00fa vizsg\u00e1lati alany eset\u00e9n a nyilatkozatt\u00e9telre jogosult szem\u00e9ly azonos\u00edt\u00f3 adatai is;<\/li>\n<li>annak a kijelent\u00e9se, hogy a vizsg\u00e1lati alany \u2013 cselekv\u0151k\u00e9ptelen vagy 16 \u00e9ven aluli korl\u00e1tozottan cselekv\u0151k\u00e9pes kiskor\u00fa vizsg\u00e1lati alany eset\u00e9n a nyilatkozatt\u00e9telre jogosult szem\u00e9ly \u2013 a vizsg\u00e1latban t\u00f6rt\u00e9n\u0151 r\u00e9szv\u00e9telre vonatkoz\u00f3 beleegyez\u00e9s\u00e9t a k\u00fcl\u00f6n \u00edvben \u00edr\u00e1sba foglalt t\u00e1j\u00e9koztat\u00e1st k\u00f6vet\u0151en \u00f6nk\u00e9nt, befoly\u00e1st\u00f3l mentesen adja, annak tudat\u00e1ban, hogy az b\u00e1rmikor, sz\u00f3ban vagy \u00edr\u00e1sban, indokol\u00e1s n\u00e9lk\u00fcl visszavonhat\u00f3;<\/li>\n<li>a beleegyez\u0151 nyilatkozat al\u00e1\u00edr\u00e1s\u00e1nak d\u00e1tuma<\/li>\n<li>a vizsg\u00e1lat vezet\u0151j\u00e9nek vagy a t\u00e1j\u00e9koztat\u00e1st ad\u00f3nak az al\u00e1\u00edr\u00e1sa;<\/li>\n<li>a beleegyez\u0151 nyilatkozatot tev\u0151 al\u00e1\u00edr\u00e1sa.<\/li>\n<\/ul>\n<p><strong>A kutat\u00e1si terv m\u00f3dos\u00edt\u00e1sa eset\u00e9n az al\u00e1bbiakat k\u00e9rj\u00fck beny\u00fajtani: <\/strong><\/p>\n<ul>\n<li>M\u00f3dos\u00edtott kutat\u00e1si terv, kiemelve benne, hogy az eredeti kutat\u00e1si tervhez k\u00e9pest mi v\u00e1ltozik<\/li>\n<li>befogad\u00f3 nyilatkozat: Int\u00e9zm\u00e9ny vezet\u0151j\u00e9nek a m\u00f3dos\u00edt\u00e1sra vonatkoz\u00f3 befogad\u00f3 nyilatkozata,<\/li>\n<li>a kutat\u00e1s eddigi tapasztalatair\u00f3l, eredm\u00e9nyeir\u0151l r\u00f6vid \u00f6sszefoglal\u00f3 jelent\u00e9s.<\/li>\n<\/ul>\n<p><strong>Besz\u00e1mol\u00f3 a kutat\u00e1sr\u00f3l annak lez\u00e1r\u00e1s\u00e1t k\u00f6vet\u0151en<\/strong><\/p>\n<p style=\"text-align: justify\">A beavatkoz\u00e1ssal nem j\u00e1r\u00f3 vizsg\u00e1lat befejez\u00e9s\u00e9t k\u00f6vet\u0151 kilencven napon bel\u00fcl a megb\u00edz\u00f3 \u00e9rtes\u00edt\u00e9st kell k\u00fcldeni a RKEB-nek a vizsg\u00e1lat befejez\u00e9s\u00e9r\u0151l, a bevont betegek sz\u00e1m\u00e1r\u00f3l, illetve k\u00f6r\u00e9r\u0151l.<\/p>\n<p style=\"text-align: justify\">A vizsg\u00e1lat befejez\u00e9s\u00e9t k\u00f6vet\u0151 sz\u00e1znyolcvan napon bel\u00fcl meg kell k\u00fcldeni az SE RKEB-nek a z\u00e1r\u00f3jelent\u00e9st, amelyben a kutat\u00e1svezet\u0151 besz\u00e1mol a vizsg\u00e1lat c\u00e9lkit\u0171z\u00e9s\u00e9re adott v\u00e1laszr\u00f3l \u00e9s a vizsg\u00e1lat tapasztalatair\u00f3l.<\/p>\n<p style=\"text-align: justify\">A megk\u00fcld\u00f6tt z\u00e1r\u00f3jelent\u00e9s alapj\u00e1n az etikai bizotts\u00e1gnak szakmai-etikai szempontb\u00f3l \u00e9rt\u00e9kelnie kell a vizsg\u00e1latot.<\/p>\n<p style=\"text-align: justify\"><strong>Az etikai bizotts\u00e1g \u00e1ltal sikertelennek \u00e9rt\u00e9kelt vizsg\u00e1lat nem hivatkozhat\u00f3, nem publik\u00e1lhat\u00f3, \u00e9s arra \u00e9p\u00fcl\u0151 vizsg\u00e1lat nem enged\u00e9lyezhet\u0151.<\/strong><\/p>\n<p style=\"text-align: justify\"><strong>B\u00e1rmilyen, a kutat\u00e1ssal kapcsolatos jelent\u00e9s, m\u00f3dos\u00edt\u00e1s, \u00e9rtes\u00edt\u00e9s megk\u00fcld\u00e9se eset\u00e9n k\u00e9rj\u00fck a kutat\u00e1s SE RKEB sz\u00e1m\u00e1t (kor\u00e1bban SE TUKEB sz\u00e1m\u00e1t) felt\u00fcntetni.<br \/>\n<\/strong><\/p>\n<\/div>\n<p>&nbsp;<\/p>\n","protected":false},"excerpt":{"rendered":"<p>KUTAT\u00c1SETIKAI ENGED\u00c9LY IR\u00c1NTI K\u00c9RELEM BEAD\u00c1SA A\u00a0k\u00e9relmeket kinyomtatott form\u00e1ban, 1 pld-ban\u00a0\u00e9s\u00a0e-mailen\u00a0is k\u00e9rj\u00fck beadni, elk\u00fcldeni\u00a0legk\u00e9s\u0151bb egy h\u00e9ttel az \u00fcl\u00e9s\u00a0honlapon k\u00f6zz\u00e9tett\u00a0id\u0151pontja el\u0151tt. K\u00e9rj\u00fck, hogy a beadv\u00e1nyt elektronikus \u00faton a t\u00e9mavezet\u0151 hivatalos, egyetemi e-mail c\u00edm\u00e9r\u0151l k\u00fcldj\u00e9k meg. Egyetemi hallgat\u00f3k, rezidensek \u00e9s PhD hallgat\u00f3k eset\u00e9ben k\u00e9rj\u00fck, hogy a t\u00e9mavezet\u0151 adja be a kutat\u00e1si enged\u00e9ly ir\u00e1nti k\u00e9relmet. Beadand\u00f3 dokumentumok: K\u00e9relem a &hellip;<\/p>\n","protected":false},"author":136,"featured_media":0,"parent":0,"menu_order":2,"comment_status":"closed","ping_status":"closed","template":"","meta":{"_acf_changed":false,"footnotes":""},"categories":[],"tags":[],"class_list":["post-112","page","type-page","status-publish","hentry"],"acf":[],"_links":{"self":[{"href":"https:\/\/semmelweis.hu\/rkeb\/wp-json\/wp\/v2\/pages\/112","targetHints":{"allow":["GET"]}}],"collection":[{"href":"https:\/\/semmelweis.hu\/rkeb\/wp-json\/wp\/v2\/pages"}],"about":[{"href":"https:\/\/semmelweis.hu\/rkeb\/wp-json\/wp\/v2\/types\/page"}],"author":[{"embeddable":true,"href":"https:\/\/semmelweis.hu\/rkeb\/wp-json\/wp\/v2\/users\/136"}],"replies":[{"embeddable":true,"href":"https:\/\/semmelweis.hu\/rkeb\/wp-json\/wp\/v2\/comments?post=112"}],"version-history":[{"count":10,"href":"https:\/\/semmelweis.hu\/rkeb\/wp-json\/wp\/v2\/pages\/112\/revisions"}],"predecessor-version":[{"id":353,"href":"https:\/\/semmelweis.hu\/rkeb\/wp-json\/wp\/v2\/pages\/112\/revisions\/353"}],"wp:attachment":[{"href":"https:\/\/semmelweis.hu\/rkeb\/wp-json\/wp\/v2\/media?parent=112"}],"wp:term":[{"taxonomy":"category","embeddable":true,"href":"https:\/\/semmelweis.hu\/rkeb\/wp-json\/wp\/v2\/categories?post=112"},{"taxonomy":"post_tag","embeddable":true,"href":"https:\/\/semmelweis.hu\/rkeb\/wp-json\/wp\/v2\/tags?post=112"}],"curies":[{"name":"wp","href":"https:\/\/api.w.org\/{rel}","templated":true}]}}

Kérelmek beadása

<div>
<p><strong>KUTATÁSETIKAI ENGEDÉLY IRÁNTI KÉRELEM BEADÁSA</strong></p>
<p><strong>A</strong> <strong>kérelmeket kinyomtatott formában, 1 pld-ban</strong> és <b>e-mailen</b> is kérjük beadni, elküldeni <b>legkésőbb egy héttel az ülés</b> honlapon közzétett <b>időpontja előtt</b>. <b>Kérjük, hogy a beadványt elektronikus úton a témavezető hivatalos, egyetemi e-mail címéről küldjék meg.</b></p>
<p>Egyetemi hallgatók, rezidensek és PhD hallgatók esetében kérjük, hogy a témavezető adja be a kutatási engedély iránti kérelmet.</p>
<p><strong>Beadandó dokumentumok:</strong></p>
<ul>
<li>Kérelem a Bizottság elnökének címezve, a kutatás vezetőjének aláírásával ellátva.</li>
<li><a href="https://semmelweis.hu/rkeb/files/2025/09/Urlap_kutatasi_engedelyhez.docx">Űrlap kutatási engedélyhez</a> kitöltve</li>
<li><a href="https://semmelweis.hu/rkeb/files/2025/07/nyilatkozatok.docx">Nyilatkozat a Helsinki Deklarációról, Adatvédelmi nyilatkozat és Szándéknyilatkozat</a> kitöltve</li>
<li>Részletes kutatási terv, feltüntetve benne többek között a vizsgálat pontos, magyar nyelvű címét, a vizsgálat időtartamát (mettől-meddig tervezik a vizsgálatot végezni), valamint az adott kutatással kapcsolatos fontosabb publikációk felsorolása.</li>
<li>Befogadó nyilatkozat a klinika, intézet vezetőjétől (ha több klinika, intézet végzi a kutatást az egyetemen belül, akkor mindegyiktől)</li>
<li>Betegtájékoztató (retrospektív kutatásnál nem kell)</li>
<li>Beleegyező nyilatkozat (retrospektív kutatásnál nem kell)</li>
<li>A kutatás vezetőjének magyar nyelvű szakmai önéletrajza, főbb publikációk</li>
<li>Kérdőíves kutatás esetén a teljes kérdőív</li>
</ul>
<p><strong>A betegtájékoztató kötelező tartalmi elemei: </strong></p>
<ul>
<li>a vizsgálat azonosító adatai;</li>
<li>a vizsgálatért felelős személy(ek) neve, beosztása, munkaköre megnevezése;</li>
<li>a kutatási engedélyt kérelmező neve, székhelye</li>
<li>a tervezett vizsgálat lényege, célja, várható időtartama, helye, a bevonni kívánt személyek száma, illetve köre;</li>
<li>a vizsgálati alany vagy mások számára várható előnyök és a költségtérítés, ha van ilyen;</li>
<li>a vizsgálati alany adatainak kezelésére, az azokhoz való hozzáférésre vonatkozó szabályok</li>
<li>arról való tájékoztatás, hogy a vizsgálatban való részvétel önkéntes és a beleegyezés bármikor, szóban vagy írásban indokolás és hátrányos következmények nélkül visszavonható.</li>
</ul>
<p style="text-align: justify">A tájékoztatást adó személynek és a vizsgálati alanynak – cselekvőképtelen vagy 16 éven aluli korlátozottan cselekvőképes kiskorú vizsgálati alany esetén a nyilatkozattételre jogosult személynek –az írásos tájékoztatót alá kell írnia!</p>
<p><strong>A beleegyező nyilatkozat kötelező tartalmi elemei:</strong><strong style="font-size: 1rem"> </strong></p>
<ul>
<li>annak az egészségügyi szolgáltatónak a megnevezése, ahol a vizsgálatot végezni kívánják;</li>
<li>a vizsgálati alany azonosító adatai (neve, születési helye és ideje), cselekvőképtelen vagy 16 éven aluli korlátozottan cselekvőképes kiskorú vizsgálati alany esetén a nyilatkozattételre jogosult személy azonosító adatai is;</li>
<li>annak a kijelentése, hogy a vizsgálati alany – cselekvőképtelen vagy 16 éven aluli korlátozottan cselekvőképes kiskorú vizsgálati alany esetén a nyilatkozattételre jogosult személy – a vizsgálatban történő részvételre vonatkozó beleegyezését a külön ívben írásba foglalt tájékoztatást követően önként, befolyástól mentesen adja, annak tudatában, hogy az bármikor, szóban vagy írásban, indokolás nélkül visszavonható;</li>
<li>a beleegyező nyilatkozat aláírásának dátuma</li>
<li>a vizsgálat vezetőjének vagy a tájékoztatást adónak az aláírása;</li>
<li>a beleegyező nyilatkozatot tevő aláírása.</li>
</ul>
<p><strong>A kutatási terv módosítása esetén az alábbiakat kérjük benyújtani: </strong></p>
<ul>
<li>Módosított kutatási terv, kiemelve benne, hogy az eredeti kutatási tervhez képest mi változik</li>
<li>befogadó nyilatkozat: Intézmény vezetőjének a módosításra vonatkozó befogadó nyilatkozata,</li>
<li>a kutatás eddigi tapasztalatairól, eredményeiről rövid összefoglaló jelentés.</li>
</ul>
<p><strong>Beszámoló a kutatásról annak lezárását követően</strong></p>
<p style="text-align: justify">A beavatkozással nem járó vizsgálat befejezését követő kilencven napon belül a megbízó értesítést kell küldeni a RKEB-nek a vizsgálat befejezéséről, a bevont betegek számáról, illetve köréről.</p>
<p style="text-align: justify">A vizsgálat befejezését követő száznyolcvan napon belül meg kell küldeni az SE RKEB-nek a zárójelentést, amelyben a kutatásvezető beszámol a vizsgálat célkitűzésére adott válaszról és a vizsgálat tapasztalatairól.</p>
<p style="text-align: justify">A megküldött zárójelentés alapján az etikai bizottságnak szakmai-etikai szempontból értékelnie kell a vizsgálatot.</p>
<p style="text-align: justify"><strong>Az etikai bizottság által sikertelennek értékelt vizsgálat nem hivatkozható, nem publikálható, és arra épülő vizsgálat nem engedélyezhető.</strong></p>
<p style="text-align: justify"><strong>Bármilyen, a kutatással kapcsolatos jelentés, módosítás, értesítés megküldése esetén kérjük a kutatás SE RKEB számát (korábban SE TUKEB számát) feltüntetni.<br />
</strong></p>
</div>
<p>&nbsp;</p>

<p>KUTATÁSETIKAI ENGEDÉLY IRÁNTI KÉRELEM BEADÁSA A kérelmeket kinyomtatott formában, 1 pld-ban és e-mailen is kérjük beadni, elküldeni legkésőbb egy héttel az ülés honlapon közzétett időpontja előtt. Kérjük, hogy a beadványt elektronikus úton a témavezető hivatalos, egyetemi e-mail címéről küldjék meg. Egyetemi hallgatók, rezidensek és PhD hallgatók esetében kérjük, hogy a témavezető adja be a kutatási engedély iránti kérelmet. Beadandó dokumentumok: Kérelem a &hellip;</p>
