{"id":44,"date":"2024-07-17T14:34:17","date_gmt":"2024-07-17T12:34:17","guid":{"rendered":"https:\/\/semmelweis.hu\/richtertanszek\/?page_id=44"},"modified":"2024-07-17T15:06:24","modified_gmt":"2024-07-17T13:06:24","slug":"the-department","status":"publish","type":"page","link":"https:\/\/semmelweis.hu\/richtertanszek\/en\/the-department\/","title":{"rendered":"About the Department"},"content":{"rendered":"<div class=\"keretes w-100\">\n<p>The <strong>Richter Departmen<\/strong>t was established at <a href=\"https:\/\/semmelweis.hu\/\">Semmelweis University<\/a> in September 2023 by the joint decision of <a href=\"https:\/\/www.gedeonrichter.com\/hu-hu\/\">Gedeon Richter Plc<\/a>. and Semmelweis University. The educational work of the full-time employees of the Department and their assistants working in the pharmaceutical industry aims to transfer to Semmelweis University the significant drug research experience and skills accumulated at Richter.<\/p>\n<\/div>\n<p>Our main goal is to provide students with tools and knowledge to evaluate the impact of drugs on the market by familiarizing students with the discovery and development process of medicines. Understanding all this is important because good practice in drug use is a complex process with many components; The application of all these at the level of the age represents significant added value for the successful application of medical and pharmaceutical sciences.<\/p>\n<h5>CONTACT<\/h5>\n<p>Secretary: Marianna P\u0151sz\u00e9rn\u00e9 Schrick\u00a0<br \/>H-1103 Budapest, Gy\u00f6mr\u0151i \u00fat 19-21.<br \/>Phone: +36 1 431 5707<br \/>E-mail:\u00a0<a href=\"mailto:schrickm@gedeonrichter.com\">schrickm@gedeonrichter.com<\/a><\/p>\n<p><img loading=\"lazy\" decoding=\"async\" class=\"alignnone  wp-image-39\" src=\"https:\/\/semmelweis.hu\/richtertanszek\/files\/2024\/07\/rg-headings-1-400x126.jpg\" alt=\"\" width=\"1263\" height=\"398\" srcset=\"https:\/\/semmelweis.hu\/richtertanszek\/files\/2024\/07\/rg-headings-1-400x126.jpg 400w, https:\/\/semmelweis.hu\/richtertanszek\/files\/2024\/07\/rg-headings-1-1024x324.jpg 1024w, https:\/\/semmelweis.hu\/richtertanszek\/files\/2024\/07\/rg-headings-1-768x243.jpg 768w, https:\/\/semmelweis.hu\/richtertanszek\/files\/2024\/07\/rg-headings-1-753x238.jpg 753w, https:\/\/semmelweis.hu\/richtertanszek\/files\/2024\/07\/rg-headings-1.jpg 1879w\" sizes=\"auto, (max-width: 1263px) 100vw, 1263px\" \/><\/p>\n<p>&nbsp;<\/p>\n<p>&nbsp;<\/p>\n<p>&nbsp;<\/p>\n","protected":false},"excerpt":{"rendered":"<p>The Richter Department was established at <a href=\"https:\/\/semmelweis.hu\/\">Semmelweis University<\/a> in September 2023 by the joint decision of <a href=\"https:\/\/www.gedeonrichter.com\/hu-hu\/\">Gedeon Richter Plc<\/a> . and Semmelweis University. The educational work of the full-time employees of the Department and their assistants working in the pharmaceutical industry aims to transfer to Semmelweis University the significant drug research experience and skills accumulated at Richter. Our main goal &hellip;<\/p>\n","protected":false},"author":102399,"featured_media":0,"parent":0,"menu_order":0,"comment_status":"closed","ping_status":"closed","template":"","meta":{"_acf_changed":false,"footnotes":""},"categories":[],"tags":[],"class_list":["post-44","page","type-page","status-publish","hentry"],"acf":[],"_links":{"self":[{"href":"https:\/\/semmelweis.hu\/richtertanszek\/wp-json\/wp\/v2\/pages\/44","targetHints":{"allow":["GET"]}}],"collection":[{"href":"https:\/\/semmelweis.hu\/richtertanszek\/wp-json\/wp\/v2\/pages"}],"about":[{"href":"https:\/\/semmelweis.hu\/richtertanszek\/wp-json\/wp\/v2\/types\/page"}],"author":[{"embeddable":true,"href":"https:\/\/semmelweis.hu\/richtertanszek\/wp-json\/wp\/v2\/users\/102399"}],"replies":[{"embeddable":true,"href":"https:\/\/semmelweis.hu\/richtertanszek\/wp-json\/wp\/v2\/comments?post=44"}],"version-history":[{"count":3,"href":"https:\/\/semmelweis.hu\/richtertanszek\/wp-json\/wp\/v2\/pages\/44\/revisions"}],"predecessor-version":[{"id":61,"href":"https:\/\/semmelweis.hu\/richtertanszek\/wp-json\/wp\/v2\/pages\/44\/revisions\/61"}],"wp:attachment":[{"href":"https:\/\/semmelweis.hu\/richtertanszek\/wp-json\/wp\/v2\/media?parent=44"}],"wp:term":[{"taxonomy":"category","embeddable":true,"href":"https:\/\/semmelweis.hu\/richtertanszek\/wp-json\/wp\/v2\/categories?post=44"},{"taxonomy":"post_tag","embeddable":true,"href":"https:\/\/semmelweis.hu\/richtertanszek\/wp-json\/wp\/v2\/tags?post=44"}],"curies":[{"name":"wp","href":"https:\/\/api.w.org\/{rel}","templated":true}]}}