{"id":53,"date":"2025-08-04T12:07:01","date_gmt":"2025-08-04T10:07:01","guid":{"rendered":"https:\/\/semmelweis.hu\/reziliencia-akademia\/?page_id=53"},"modified":"2025-10-12T16:01:26","modified_gmt":"2025-10-12T14:01:26","slug":"megoldaskozpontu-gondolkodas","status":"publish","type":"page","link":"https:\/\/semmelweis.hu\/reziliencia-akademia\/konfliktuskezeles\/megoldaskozpontu-gondolkodas\/","title":{"rendered":"Megold\u00e1sk\u00f6zpont\u00fa gondolkod\u00e1s"},"content":{"rendered":"<div class=\"keretes w-100\">\n<h6 style=\"text-align: center\"><img loading=\"lazy\" decoding=\"async\" class=\"alignright wp-image-433\" src=\"https:\/\/semmelweis.hu\/reziliencia-akademia\/files\/2025\/09\/megoldas_miert-1024x413.png\" alt=\"\" width=\"290\" height=\"117\" srcset=\"https:\/\/semmelweis.hu\/reziliencia-akademia\/files\/2025\/09\/megoldas_miert-1024x413.png 1024w, https:\/\/semmelweis.hu\/reziliencia-akademia\/files\/2025\/09\/megoldas_miert-400x161.png 400w, https:\/\/semmelweis.hu\/reziliencia-akademia\/files\/2025\/09\/megoldas_miert-768x309.png 768w, https:\/\/semmelweis.hu\/reziliencia-akademia\/files\/2025\/09\/megoldas_miert-753x303.png 753w, https:\/\/semmelweis.hu\/reziliencia-akademia\/files\/2025\/09\/megoldas_miert.png 1179w\" sizes=\"auto, (max-width: 290px) 100vw, 290px\" \/><\/h6>\n<h6 style=\"text-align: center\">Ha neh\u00e9z helyzetbe ker\u00fcl\u00fcnk, legt\u00f6bbsz\u00f6r automatikusan azon kezd\u00fcnk el gondolkodni, hogyan juthattunk id\u00e1ig.<\/h6>\n<h6 style=\"text-align: center\">Ez val\u00f3ban tanuls\u00e1gos lehet.<\/h6>\n<\/div>\n<h4 style=\"text-align: center\">A megold\u00e1st azonban k\u00e9sleltetheti, ha t\u00fal sokat r\u00e1g\u00f3dunk az okokon, ez\u00e9rt \u00e9rdemesebb gondolkod\u00e1sunkat \u00e1tkattintani \u201e<strong>megold\u00e1s-\u00fczemm\u00f3dba<\/strong>\u201d<\/h4>\n<p><img loading=\"lazy\" decoding=\"async\" class=\"aligncenter wp-image-434 \" src=\"https:\/\/semmelweis.hu\/reziliencia-akademia\/files\/2025\/09\/megoldas_kapcsolo-1024x185.png\" alt=\"\" width=\"703\" height=\"127\" srcset=\"https:\/\/semmelweis.hu\/reziliencia-akademia\/files\/2025\/09\/megoldas_kapcsolo-1024x185.png 1024w, https:\/\/semmelweis.hu\/reziliencia-akademia\/files\/2025\/09\/megoldas_kapcsolo-400x72.png 400w, https:\/\/semmelweis.hu\/reziliencia-akademia\/files\/2025\/09\/megoldas_kapcsolo-768x138.png 768w, https:\/\/semmelweis.hu\/reziliencia-akademia\/files\/2025\/09\/megoldas_kapcsolo-753x136.png 753w, https:\/\/semmelweis.hu\/reziliencia-akademia\/files\/2025\/09\/megoldas_kapcsolo.png 1237w\" sizes=\"auto, (max-width: 703px) 100vw, 703px\" \/><\/p>\n<h4 style=\"text-align: center\">Innent\u0151l fogva <strong>nem az okokkal<\/strong>\u00a0<br \/>\nhanem a megold\u00e1ssal foglalkozunk.<\/h4>\n<div class=\"keretes\" style=\"float: left !important;border: 2px solid #e3d496 !important;background-color: #ffff !important\">\n<h5 style=\"text-align: center\"><span style=\"font-size: 24pt\"><strong> \ud83d\ude12 <\/strong><\/span>Probl\u00e9mak\u00f6zpont\u00fa megk\u00f6zel\u00edt\u00e9s:<\/h5>\n<ul>\n<li>Ki tehet arr\u00f3l, hogy ez a helyzet \u00edgy alakult?<\/li>\n<li>Mi\u00e9rt felejtettem m\u00e1r megint ezt el?<\/li>\n<li>Mi\u00e9rt van az, hogy XY egy\u00e1ltal\u00e1n nem meg\u00e9rt\u0151 velem kapcsolatban?<\/li>\n<li>Jobb lett volna, ha \u2026<\/li>\n<\/ul>\n<\/div>\n<div class=\"keretes\" style=\"border: 2px solid #e3d496 !important;background-color: #ffff !important\">\n<h5 style=\"text-align: center\"><span style=\"font-size: 24pt\">\ud83d\udc4d<\/span> Megold\u00e1sk\u00f6zpont\u00fa megk\u00f6zel\u00edt\u00e9s:<\/h5>\n<ul>\n<li>Mit tehetek \u00e9n a helyzet megold\u00e1sa \u00e9rdek\u00e9ben?<\/li>\n<li>Hogyan \u00e9rhetem el, hogy mindent idej\u00e9ben elint\u00e9zzek?<\/li>\n<li>Hogyan \u00e9rhetem el, hogy XY meg\u00e9rtse a helyzetemet?<\/li>\n<li>Legk\u00f6zelebb azt csin\u00e1ljuk, hogy \u2026<\/li>\n<\/ul>\n<\/div>\n<hr style=\"background-color: white;height: 1px;border: 0\" \/>\n<h4 style=\"text-align: center\">A megold\u00e1sk\u00f6zpont\u00fa gondolkod\u00e1st a m\u00faltra is kiterjeszthetj\u00fck. Ez abban seg\u00edt, hogy megold\u00e1st tal\u00e1ljunk a jelenlegi helyzet\u00fcnkre.<\/h4>\n<h5 style=\"text-align: left\"><img loading=\"lazy\" decoding=\"async\" class=\"piktogram alignright wp-image-435\" src=\"https:\/\/semmelweis.hu\/reziliencia-akademia\/files\/2025\/09\/megoldas_hogyan-400x286.png\" alt=\"\" width=\"218\" height=\"156\" srcset=\"https:\/\/semmelweis.hu\/reziliencia-akademia\/files\/2025\/09\/megoldas_hogyan-400x286.png 400w, https:\/\/semmelweis.hu\/reziliencia-akademia\/files\/2025\/09\/megoldas_hogyan.png 689w\" sizes=\"auto, (max-width: 218px) 100vw, 218px\" \/>K\u00e9t kulcsk\u00e9rd\u00e9st \u00e9rdemes ilyenkor feltenn\u00fcnk:<\/h5>\n<ul>\n<li>\n<p>Volt-e a k\u00f6zeli vagy t\u00e1voli m\u00faltban olyan helyzet, amikor egy ehhez hasonl\u00f3 probl\u00e9m\u00e1t megoldottam? Mit tettem akkor? Mi seg\u00edtett akkor a megold\u00e1sban?<\/p>\n<\/li>\n<li>\n<p>Voltak-e olyan napok, melyeken a probl\u00e9ma nem, vagy legal\u00e1bbis kev\u00e9sb\u00e9 \u00e1llt fenn? Mi volt akkor m\u00e1s? Mit csin\u00e1ltam akkor m\u00e1sk\u00e9nt?<\/p>\n<\/li>\n<\/ul>\n<h5><span style=\"font-size: 24pt\">\ud83d\udc4e<\/span>Probl\u00e9mak\u00f6zpont\u00fa megk\u00f6zel\u00edt\u00e9s:<\/h5>\n<ul>\n<li>Ki tehet arr\u00f3l, hogy ez a helyzet \u00edgy alakult?<\/li>\n<li>Nagyon sz\u00e9gyellem magam, de rettegek ett\u0151l a helyzett\u0151l? Hogyan lehetne meg\u00faszni?<\/li>\n<li>Mi\u00e9rt nem tudom a hat\u00e1rid\u0151ket tartani?<\/li>\n<\/ul>\n<h5><span style=\"font-size: 24pt\">\ud83d\udc4d<\/span> <img loading=\"lazy\" decoding=\"async\" class=\"piktogram alignright wp-image-436\" src=\"https:\/\/semmelweis.hu\/reziliencia-akademia\/files\/2025\/09\/megoldas_ido-1024x602.png\" alt=\"\" width=\"289\" height=\"170\" srcset=\"https:\/\/semmelweis.hu\/reziliencia-akademia\/files\/2025\/09\/megoldas_ido-1024x602.png 1024w, https:\/\/semmelweis.hu\/reziliencia-akademia\/files\/2025\/09\/megoldas_ido-400x235.png 400w, https:\/\/semmelweis.hu\/reziliencia-akademia\/files\/2025\/09\/megoldas_ido-768x451.png 768w, https:\/\/semmelweis.hu\/reziliencia-akademia\/files\/2025\/09\/megoldas_ido-753x443.png 753w, https:\/\/semmelweis.hu\/reziliencia-akademia\/files\/2025\/09\/megoldas_ido.png 1252w\" sizes=\"auto, (max-width: 289px) 100vw, 289px\" \/>Megold\u00e1skeres\u00e9s a m\u00falt megold\u00e1sk\u00f6zpont\u00fa vizsg\u00e1lat\u00e1val:<\/h5>\n<ul>\n<li>Volt-e olyan, ehhez hasonl\u00f3 helyzet a m\u00faltban, amely szerencs\u00e9sebben alakult? Mit csin\u00e1ltam akkor m\u00e1sk\u00e9pp?<\/li>\n<li>Volt-e olyan helyzet, amikor le tudtam gy\u0151zni a f\u00e9lelmemet valamilyen c\u00e9l \u00e9rdek\u00e9ben?<\/li>\n<li>Volt-e olyan helyzet, amikor ak\u00e1r csak r\u00f6vid ideig is de k\u00e9pes voltam tartani a hat\u00e1rid\u0151ket? Mit csin\u00e1ltam olyankor m\u00e1sk\u00e9pp?<\/li>\n<\/ul>\n<h5 style=\"text-align: left\">N\u00e9zhetj\u00fck a jelent is folyamatosan megold\u00e1sk\u00f6zpont\u00fa szemmel:<\/h5>\n<ul>\n<li>\n<p>XY m\u00falt szerd\u00e1n sokkal norm\u00e1lisabb volt, mint szokott lenni. Mi lehetett aznap m\u00e1s? Mit tehetek ez\u00e9rt \u00e9n?<\/p>\n<\/li>\n<li>\n<p>Tegnap kev\u00e9sb\u00e9 voltam stresszes att\u00f3l a feladatt\u00f3l, amin egy\u00e9b\u00e9nt mindig stresszelek. Mi volt m\u00e1st tegnap? Mit tehetek \u00e9n ez\u00e9rt? Mit csin\u00e1ltam\/gondoltam \u00e9n m\u00e1sk\u00e9ppen?<\/p>\n<\/li>\n<\/ul>\n<p><img loading=\"lazy\" decoding=\"async\" class=\"aligncenter  wp-image-552\" src=\"https:\/\/semmelweis.hu\/reziliencia-akademia\/files\/2025\/09\/megoldas_kivetel-baranyok.jpg\" alt=\"\" width=\"638\" height=\"177\" srcset=\"https:\/\/semmelweis.hu\/reziliencia-akademia\/files\/2025\/09\/megoldas_kivetel-baranyok.jpg 1024w, https:\/\/semmelweis.hu\/reziliencia-akademia\/files\/2025\/09\/megoldas_kivetel-baranyok-400x111.jpg 400w, https:\/\/semmelweis.hu\/reziliencia-akademia\/files\/2025\/09\/megoldas_kivetel-baranyok-768x213.jpg 768w, https:\/\/semmelweis.hu\/reziliencia-akademia\/files\/2025\/09\/megoldas_kivetel-baranyok-753x209.jpg 753w\" sizes=\"auto, (max-width: 638px) 100vw, 638px\" \/><\/p>\n<div class=\"keretes w-100\">\n<h4 style=\"text-align: center\">Ne felejts\u00fck! A kiv\u00e9telek nemcsak a szab\u00e1lyt er\u0151s\u00edtik, hanem r\u00e1mutathatnak v\u00e9letlen megold\u00e1sokra, \u00e9s megmutathatj\u00e1k azt is, ha valamit v\u00e9letlen\u00fcl j\u00f3l csin\u00e1lunk!<\/h4>\n<\/div>\n<div class=\"w-100 keretes\">Az oldal tartalma coping cardk\u00e9nt is let\u00f6lthet\u0151 <a href=\"https:\/\/semmelweis.hu\/reziliencia-akademia\/files\/2025\/10\/Megoldaskozpontu_web.pdf\" target=\"_blank\" rel=\"noopener\">pdf form\u00e1tumban.<\/a><\/div>\n<style>\n           #page-grid .card-body > .line-clamp-box.excerpt{\n        width: inherit;\n        max-width: inherit;\n        display:flex;\n        min-height: 2.4em;\n        flex-direction: column;\n        justify-content: space-around;\n        background-color: #D6E4EA;\n        min-height: 3.4rem;\n        font-family: \"Montserrat\", sans-serif;\n    }\n\n    #page-grid a:hover .card-body > .line-clamp-box.excerpt {\n        background-color: #fff;\n        color: #313B40;\n    }\n\n    #page-grid .card-body .line-clamp-box.excerpt section{\n        max-width: inherit;\n        display: -webkit-box;\n        -webkit-line-clamp: 2;\n        -webkit-box-orient: vertical;\n        overflow: hidden;\n        text-overflow: ellipsis;\n        hyphens: auto;\n        margin: auto;\n        \n    }\n    .line-clamp-box.excerpt section, .line-clamp-box.excerpt section p{\n        font-size:0.8em;\n    }\n    \n<\/style>\n    <section id=\"page-grid\">\n        <section class=\"d-block d-md-flex title-row my-3 ml-0 ml-md-1\">\n<div class=\"section-title  mb-1 \">\n<h2>\n    A k\u00e9pz\u00e9s elemei\n<\/h2>\n<\/div>\n<\/section>\n        <div class=\"row row-cols-1 row-cols-md-2 row-cols-lg-3 no-gutters mx-0 \">    <div class =\"col  mb-2 card-wrapper\">\n        <a class=\"d-flex flex-fill card-link-warapper m-md-1\" href=\"https:\/\/semmelweis.hu\/reziliencia-akademia\/konfliktuskezeles\/konfliktuskezeles-altalaban\/\">\n            <div class=\"card border border-secondary se-border flex-fill\">\n                <div class=\"row no-gutters mx-0 d-flex flex-nowrap flex-md-wrap align-items-center\">\n                    <div class =\"  col-5 col-md-12  d-none  d-md-none d-md-none  bg-image  card-image justify-content-center\">\n                        <img class='wp-post-image img-fluid landscape' src='https:\/\/semmelweis.hu\/reziliencia-akademia\/wp-content\/themes\/se18\/dist\/images\/svg\/bg-image.svg' \/>\n                    <\/div>\n                    <div class=\"card-body  col flex-column  col-md-12 p-0\">\n                        <div class=\"line-clamp-box p-3\">\n                            <h5 class=\"ml-0 ml-sm-1 mt-2 align-items-center\"  >Konfliktuskezel\u00e9sr\u0151l \u00e1ltal\u00e1ban<\/h5>\n                        <\/div>\n                        \n                    <\/div>\n                <\/div>\n\n            <\/div>\n        <\/a>\n    <\/div>    <div class =\"col  mb-2 card-wrapper\">\n        <a class=\"d-flex flex-fill card-link-warapper m-md-1\" href=\"https:\/\/semmelweis.hu\/reziliencia-akademia\/konfliktuskezeles\/megoldaskozpontu-gondolkodas\/\">\n            <div class=\"card border border-secondary se-border flex-fill\">\n                <div class=\"row no-gutters mx-0 d-flex flex-nowrap flex-md-wrap align-items-center\">\n                    <div class =\"  col-5 col-md-12  d-none  d-md-none d-md-none  bg-image  card-image justify-content-center\">\n                        <img class='wp-post-image img-fluid landscape' src='https:\/\/semmelweis.hu\/reziliencia-akademia\/wp-content\/themes\/se18\/dist\/images\/svg\/bg-image.svg' \/>\n                    <\/div>\n                    <div class=\"card-body  col flex-column  col-md-12 p-0\">\n                        <div class=\"line-clamp-box p-3\">\n                            <h5 class=\"ml-0 ml-sm-1 mt-2 align-items-center\"  >Megold\u00e1sk\u00f6zpont\u00fa gondolkod\u00e1s<\/h5>\n                        <\/div>\n                        \n                    <\/div>\n                <\/div>\n\n            <\/div>\n        <\/a>\n    <\/div>    <div class =\"col  mb-2 card-wrapper\">\n        <a class=\"d-flex flex-fill card-link-warapper m-md-1\" href=\"https:\/\/semmelweis.hu\/reziliencia-akademia\/konfliktuskezeles\/mediacio-alapelvei\/\">\n            <div class=\"card border border-secondary se-border flex-fill\">\n                <div class=\"row no-gutters mx-0 d-flex flex-nowrap flex-md-wrap align-items-center\">\n                    <div class =\"  col-5 col-md-12  d-none  d-md-none d-md-none  bg-image  card-image justify-content-center\">\n                        <img class='wp-post-image img-fluid landscape' src='https:\/\/semmelweis.hu\/reziliencia-akademia\/wp-content\/themes\/se18\/dist\/images\/svg\/bg-image.svg' \/>\n                    <\/div>\n                    <div class=\"card-body  col flex-column  col-md-12 p-0\">\n                        <div class=\"line-clamp-box p-3\">\n                            <h5 class=\"ml-0 ml-sm-1 mt-2 align-items-center\"  >Medi\u00e1ci\u00f3 alapelvei<\/h5>\n                        <\/div>\n                        \n                    <\/div>\n                <\/div>\n\n            <\/div>\n        <\/a>\n    <\/div>    <div class =\"col  mb-2 card-wrapper\">\n        <a class=\"d-flex flex-fill card-link-warapper m-md-1\" href=\"https:\/\/semmelweis.hu\/reziliencia-akademia\/konfliktuskezeles\/interperszonalis-hatekonysag\/\">\n            <div class=\"card border border-secondary se-border flex-fill\">\n                <div class=\"row no-gutters mx-0 d-flex flex-nowrap flex-md-wrap align-items-center\">\n                    <div class =\"  col-5 col-md-12  d-none  d-md-none d-md-none  bg-image  card-image justify-content-center\">\n                        <img class='wp-post-image img-fluid landscape' src='https:\/\/semmelweis.hu\/reziliencia-akademia\/wp-content\/themes\/se18\/dist\/images\/svg\/bg-image.svg' \/>\n                    <\/div>\n                    <div class=\"card-body  col flex-column  col-md-12 p-0\">\n                        <div class=\"line-clamp-box p-3\">\n                            <h5 class=\"ml-0 ml-sm-1 mt-2 align-items-center\"  >Interperszon\u00e1lis hat\u00e9konys\u00e1g<\/h5>\n                        <\/div>\n                        \n                    <\/div>\n                <\/div>\n\n            <\/div>\n        <\/a>\n    <\/div>    <div class =\"col  mb-2 card-wrapper\">\n        <a class=\"d-flex flex-fill card-link-warapper m-md-1\" href=\"https:\/\/semmelweis.hu\/reziliencia-akademia\/konfliktuskezeles\/mentalizacio-es-empatia\/\">\n            <div class=\"card border border-secondary se-border flex-fill\">\n                <div class=\"row no-gutters mx-0 d-flex flex-nowrap flex-md-wrap align-items-center\">\n                    <div class =\"  col-5 col-md-12  d-none  d-md-none d-md-none  bg-image  card-image justify-content-center\">\n                        <img class='wp-post-image img-fluid landscape' src='https:\/\/semmelweis.hu\/reziliencia-akademia\/wp-content\/themes\/se18\/dist\/images\/svg\/bg-image.svg' \/>\n                    <\/div>\n                    <div class=\"card-body  col flex-column  col-md-12 p-0\">\n                        <div class=\"line-clamp-box p-3\">\n                            <h5 class=\"ml-0 ml-sm-1 mt-2 align-items-center\"  >Mentaliz\u00e1ci\u00f3 \u00e9s emp\u00e1tia<\/h5>\n                        <\/div>\n                        \n                    <\/div>\n                <\/div>\n\n            <\/div>\n        <\/a>\n    <\/div>        <\/div>\n    <\/section>\n<div class=\"keretes w-100\" style=\"border: 0px solid !important; background-color: #ffe79f !important;\">\n<h5><span style=\"font-size: 14pt;\">A <a href=\"https:\/\/semmelweis.hu\/reziliencia-akademia\/\">Reziliencia Akad\u00e9mia<\/a> programj\u00e1t a <\/span><span style=\"font-size: 14pt;\"><a href=\"https:\/\/www.merckgroup.com\/en\" target=\"_blank\" rel=\"noopener\"><img loading=\"lazy\" decoding=\"async\" class=\"alignnone wp-image-497 \" src=\"https:\/\/semmelweis.hu\/reziliencia-akademia\/files\/2025\/09\/MERCK_LOGO_Rich_RGB.png\" alt=\"\" width=\"117\" height=\"20\" \/><\/a><\/span><span style=\"font-size: 14pt;\">t\u00e1mogatja. <\/span><span style=\"font-size: 14pt;\">A weboldal tartalm\u00e1t a Semmelweis Egyetem <a href=\"https:\/\/semmelweis.hu\/magtud\/\" target=\"_blank\" rel=\"noopener\">Magatart\u00e1studom\u00e1nyi Int\u00e9zete<\/a> k\u00e9sz\u00edtette.\u00a0<\/span><\/h5>\n<\/div>\n\n","protected":false},"excerpt":{"rendered":"<p>Ha neh\u00e9z helyzetbe ker\u00fcl\u00fcnk, legt\u00f6bbsz\u00f6r automatikusan azon kezd\u00fcnk el gondolkodni, hogyan juthattunk id\u00e1ig. Ez val\u00f3ban tanuls\u00e1gos lehet. A megold\u00e1st azonban k\u00e9sleltetheti, ha t\u00fal sokat r\u00e1g\u00f3dunk az okokon, ez\u00e9rt \u00e9rdemesebb gondolkod\u00e1sunkat \u00e1tkattintani \u201emegold\u00e1s-\u00fczemm\u00f3dba\u201d Innent\u0151l fogva nem az okokkal\u00a0 hanem a megold\u00e1ssal foglalkozunk. \ud83d\ude12 Probl\u00e9mak\u00f6zpont\u00fa megk\u00f6zel\u00edt\u00e9s: Ki tehet arr\u00f3l, hogy ez a helyzet \u00edgy alakult? Mi\u00e9rt felejtettem &hellip;<\/p>\n","protected":false},"author":110,"featured_media":0,"parent":478,"menu_order":0,"comment_status":"closed","ping_status":"closed","template":"template-fullwidth.php","meta":{"_acf_changed":false,"footnotes":""},"categories":[],"tags":[],"class_list":["post-53","page","type-page","status-publish","hentry"],"acf":[],"_links":{"self":[{"href":"https:\/\/semmelweis.hu\/reziliencia-akademia\/wp-json\/wp\/v2\/pages\/53","targetHints":{"allow":["GET"]}}],"collection":[{"href":"https:\/\/semmelweis.hu\/reziliencia-akademia\/wp-json\/wp\/v2\/pages"}],"about":[{"href":"https:\/\/semmelweis.hu\/reziliencia-akademia\/wp-json\/wp\/v2\/types\/page"}],"author":[{"embeddable":true,"href":"https:\/\/semmelweis.hu\/reziliencia-akademia\/wp-json\/wp\/v2\/users\/110"}],"replies":[{"embeddable":true,"href":"https:\/\/semmelweis.hu\/reziliencia-akademia\/wp-json\/wp\/v2\/comments?post=53"}],"version-history":[{"count":10,"href":"https:\/\/semmelweis.hu\/reziliencia-akademia\/wp-json\/wp\/v2\/pages\/53\/revisions"}],"predecessor-version":[{"id":680,"href":"https:\/\/semmelweis.hu\/reziliencia-akademia\/wp-json\/wp\/v2\/pages\/53\/revisions\/680"}],"up":[{"embeddable":true,"href":"https:\/\/semmelweis.hu\/reziliencia-akademia\/wp-json\/wp\/v2\/pages\/478"}],"wp:attachment":[{"href":"https:\/\/semmelweis.hu\/reziliencia-akademia\/wp-json\/wp\/v2\/media?parent=53"}],"wp:term":[{"taxonomy":"category","embeddable":true,"href":"https:\/\/semmelweis.hu\/reziliencia-akademia\/wp-json\/wp\/v2\/categories?post=53"},{"taxonomy":"post_tag","embeddable":true,"href":"https:\/\/semmelweis.hu\/reziliencia-akademia\/wp-json\/wp\/v2\/tags?post=53"}],"curies":[{"name":"wp","href":"https:\/\/api.w.org\/{rel}","templated":true}]}}