{"id":40,"date":"2025-07-31T15:06:56","date_gmt":"2025-07-31T13:06:56","guid":{"rendered":"https:\/\/semmelweis.hu\/reziliencia-akademia\/?page_id=40"},"modified":"2025-10-12T15:40:18","modified_gmt":"2025-10-12T13:40:18","slug":"erzelemszabalyozas-elmelete","status":"publish","type":"page","link":"https:\/\/semmelweis.hu\/reziliencia-akademia\/erzelemszabalyozas\/erzelemszabalyozas-elmelete\/","title":{"rendered":"\u00c9rzelemszab\u00e1lyoz\u00e1s elm\u00e9lete"},"content":{"rendered":"<h1 style=\"text-align: center\">\u00e9rzelem \u00e9s \u00e9rtelem<\/h1>\n<div class=\"keretes w-100\">\n<h6>Az \u00e9rzelem \u00e9s \u00e9rtelem m\u0171k\u00f6d\u00e9s\u00e9t r\u00e9g\u00f3ta pr\u00f3b\u00e1ljuk meg\u00e9rteni. A kett\u0151t el\u0151szeretettel pr\u00f3b\u00e1ljuk meg k\u00fcl\u00f6n-k\u00fcl\u00f6n \u00e9rtelmezni \u00e9s elv\u00e1lasztani egym\u00e1st\u00f3l<\/h6>\n<\/div>\n<p><a href=\"https:\/\/semmelweis.hu\/reziliencia-akademia\/files\/2025\/09\/erzelem_elmelet.jpg\"><img loading=\"lazy\" decoding=\"async\" class=\"aligncenter  wp-image-458\" src=\"https:\/\/semmelweis.hu\/reziliencia-akademia\/files\/2025\/09\/erzelem_elmelet-1024x528.jpg\" alt=\"\" width=\"503\" height=\"259\" srcset=\"https:\/\/semmelweis.hu\/reziliencia-akademia\/files\/2025\/09\/erzelem_elmelet-1024x528.jpg 1024w, https:\/\/semmelweis.hu\/reziliencia-akademia\/files\/2025\/09\/erzelem_elmelet-400x206.jpg 400w, https:\/\/semmelweis.hu\/reziliencia-akademia\/files\/2025\/09\/erzelem_elmelet-768x396.jpg 768w, https:\/\/semmelweis.hu\/reziliencia-akademia\/files\/2025\/09\/erzelem_elmelet-753x388.jpg 753w, https:\/\/semmelweis.hu\/reziliencia-akademia\/files\/2025\/09\/erzelem_elmelet.jpg 1116w\" sizes=\"auto, (max-width: 503px) 100vw, 503px\" \/><\/a><\/p>\n<h4 style=\"text-align: center\">Az \u00f3kori g\u00f6r\u00f6g filoz\u00f3fusok szerint p\u00e9ld\u00e1ul az \u00e9rzelmek megzavarj\u00e1k a logikus gondolkod\u00e1st.<\/h4>\n<div class=\"keretes w-100\" style=\"background-color: #ffff !important;border: 1px solid lightgray !important\">\n<h6 style=\"text-align: left\"><img loading=\"lazy\" decoding=\"async\" class=\"piktogram alignleft wp-image-375\" src=\"https:\/\/semmelweis.hu\/reziliencia-akademia\/files\/2025\/09\/erzelem_idegtudomany-400x338.png\" alt=\"\" width=\"175\" height=\"148\" srcset=\"https:\/\/semmelweis.hu\/reziliencia-akademia\/files\/2025\/09\/erzelem_idegtudomany-400x338.png 400w, https:\/\/semmelweis.hu\/reziliencia-akademia\/files\/2025\/09\/erzelem_idegtudomany.png 530w\" sizes=\"auto, (max-width: 175px) 100vw, 175px\" \/><br \/>\nA 21. sz\u00e1zadban az idegtudom\u00e1nyok \u00e9s pszichol\u00f3giai kutat\u00e1sok eredm\u00e9nyei \u00e1ltal m\u00e1r tudjuk, hogy <strong>az \u00e9rzelmek, gondolatok \u00e9s viselked\u00e9s egym\u00e1ssal \u00f6sszef\u00fcgg\u00e9sben m\u0171k\u00f6dnek<\/strong>, ez\u00e9rt ezekr\u0151l egy\u00fctt \u00e9rdemes gondolkozni.<\/h6>\n<\/div>\n<div class=\"keretes w-100\" style=\"background-color: #ffff !important;border: 1px solid lightgray !important\">\n<h6><img loading=\"lazy\" decoding=\"async\" class=\"piktogram alignright wp-image-460\" src=\"https:\/\/semmelweis.hu\/reziliencia-akademia\/files\/2025\/09\/erzelem_szabalyzas-400x270.jpg\" alt=\"\" width=\"231\" height=\"156\" srcset=\"https:\/\/semmelweis.hu\/reziliencia-akademia\/files\/2025\/09\/erzelem_szabalyzas-400x270.jpg 400w, https:\/\/semmelweis.hu\/reziliencia-akademia\/files\/2025\/09\/erzelem_szabalyzas.jpg 692w\" sizes=\"auto, (max-width: 231px) 100vw, 231px\" \/><br \/>\nEzt \u00fagy kell elk\u00e9pzelni, hogy <strong>az \u00e9rzelmi \u00e1llapotokhoz kapcsol\u00f3dnak testi \u00e9rzetek<\/strong>, <strong>amelyeket<\/strong> valamilyen m\u00f3don <strong>\u00e9rtelmez\u00fcnk<\/strong> (gondolatok) \u00e9s valamilyen m\u00f3don <strong>reag\u00e1lunk r\u00e1juk<\/strong>.\u00a0<\/h6>\n<\/div>\n<h1 style=\"text-align: center\">Ennek a folyamatnak k\u00e9t \u00fatja van:<\/h1>\n<div class=\"keretes\" style=\"float: left !important;background-color: #ffff !important;border: 1px solid lightgray !important\">\n<h5><img loading=\"lazy\" decoding=\"async\" class=\"piktogram alignleft wp-image-381\" style=\"text-align: center\" src=\"https:\/\/semmelweis.hu\/reziliencia-akademia\/files\/2025\/09\/erzelem_down-400x325.png\" alt=\"\" width=\"209\" height=\"170\" srcset=\"https:\/\/semmelweis.hu\/reziliencia-akademia\/files\/2025\/09\/erzelem_down-400x325.png 400w, https:\/\/semmelweis.hu\/reziliencia-akademia\/files\/2025\/09\/erzelem_down.png 521w\" sizes=\"auto, (max-width: 209px) 100vw, 209px\" \/><\/h5>\n<h5 style=\"text-align: left\">top -down szab\u00e1lyoz\u00e1s:<\/h5>\n<p>testi \u00e9rzeteket, \u00e9rzelmi \u00e1llapotok befoly\u00e1solj\u00e1k a gondolatokat<\/p>\n<\/div>\n<div class=\"keretes\" style=\"background-color: #ffffff !important;border: 1px solid lightgray !important;text-align: center\">\n<h5><img loading=\"lazy\" decoding=\"async\" class=\"piktogram alignleft wp-image-382\" src=\"https:\/\/semmelweis.hu\/reziliencia-akademia\/files\/2025\/09\/erzelem_up-400x305.png\" alt=\"\" width=\"222\" height=\"170\" srcset=\"https:\/\/semmelweis.hu\/reziliencia-akademia\/files\/2025\/09\/erzelem_up-400x305.png 400w, https:\/\/semmelweis.hu\/reziliencia-akademia\/files\/2025\/09\/erzelem_up.png 547w\" sizes=\"auto, (max-width: 222px) 100vw, 222px\" \/><\/h5>\n<h5>bottom-up szab\u00e1lyoz\u00e1s:<\/h5>\n<p>gondolatok hatnak az \u00e9rzelmekre, testi \u00e9rzetekre<\/p>\n<\/div>\n<hr style=\"background-color: white;height: 1px;border: 0\" \/>\n<h1 style=\"text-align: center\">\u00c9rzelmek szerepe \u00e9s funkci\u00f3ja<\/h1>\n<h5><strong><img loading=\"lazy\" decoding=\"async\" class=\"piktogram wp-image-465 alignleft\" src=\"https:\/\/semmelweis.hu\/reziliencia-akademia\/files\/2025\/09\/erzelem_kommunikacio-ill.jpg\" alt=\"\" width=\"66\" height=\"158\" \/><\/strong>Kommunik\u00e1ci\u00f3 \u00e9s inform\u00e1ci\u00f3<\/h5>\n<p>Az \u00e9rzelmeink seg\u00edts\u00e9g\u00e9vel kapcsol\u00f3dni tudunk m\u00e1sokhoz \u00e9s magunkhoz is.\u00a0<\/p>\n<p>Az \u00e9rzelmeink sok mindent jeleznek nek\u00fcnk, A t\u00fal\u00e9l\u00e9sben is fontos szerepet j\u00e1tszanak, ez\u00e9rt fontos, hogy figyelj\u00fcnk r\u00e1juk, m\u00e9g ha nem is mindig viselked\u00fcnk aszerint, amit dikt\u00e1lnak.\u00a0<\/p>\n<hr style=\"background-color: white;height: 1px;border: 0\" \/>\n<h5 style=\"text-align: left\"><img loading=\"lazy\" decoding=\"async\" class=\"piktogram wp-image-468 alignleft\" src=\"https:\/\/semmelweis.hu\/reziliencia-akademia\/files\/2025\/09\/erzelem_kapcsolos.jpg\" alt=\"\" width=\"66\" height=\"165\" \/>Motiv\u00e1ci\u00f3 \u00e9s viselked\u00e9s szab\u00e1lyoz\u00e1s<\/h5>\n<p>Az \u00e9rzelmek seg\u00edtenek a cselekv\u00e9seinket elind\u00edtani, vagy felk\u00e9sz\u00fclni r\u00e1juk.\u00a0<\/p>\n<p>Aktiv\u00e1lnak vagy \u00e9ppen deaktiv\u00e1lj\u00e1k a k\u00fcl\u00f6nb\u00f6z\u0151 rendszereket (pl.: figyelem, percepci\u00f3, tanul\u00e1s)<\/p>\n<hr style=\"background-color: white;height: 1px;border: 0\" \/>\n<h5><img loading=\"lazy\" decoding=\"async\" class=\" wp-image-469 alignleft\" src=\"https:\/\/semmelweis.hu\/reziliencia-akademia\/files\/2025\/09\/erzelem_hatas-150x150.jpg\" alt=\"\" width=\"120\" height=\"120\" \/>Hat\u00e1s a gondolkoz\u00e1sra<\/h5>\n<p>Az \u00e9rzelmek befoly\u00e1solj\u00e1k, hogyan \u00e9rtelmezz\u00fck a vil\u00e1got: p\u00e9ld\u00e1ul f\u00e9lelem eset\u00e9n fenyeget\u0151bbnek l\u00e1tjuk a k\u00f6rnyezet\u00fcnket, m\u00edg \u00f6r\u00f6m eset\u00e9n nyitottabb\u00e1 v\u00e1lunk \u00faj \u00e9lm\u00e9nyekre.\u00a0<\/p>\n<h1 style=\"text-align: center\">Az \u00e9rzelmi v\u00e1lasz \u201canat\u00f3mi\u00e1ja\u201d<\/h1>\n<div class=\"keretes w-100\">\n<p>Teh\u00e1t, ahogy azt l\u00e1thattuk, az \u00e9rz\u00e9seinkre gondolhatunk <strong>h\u00edrviv\u0151<\/strong>k\u00e9nt is, aki <strong>ell\u00e1t minket<\/strong> <strong>inform\u00e1ci\u00f3val \u00e9s k\u00f6zvet\u00edt<\/strong> <strong>a<\/strong><\/p>\n<ol>\n<li style=\"list-style-type: none\">\n<ol>\n<li><strong>viselked\u00e9sek, <\/strong><\/li>\n<li><strong>testi \u00e9rzetek <\/strong>\u00e9s a<\/li>\n<li><strong>gondolatok<\/strong> <strong>k\u00f6z\u00f6tt<\/strong>.<\/li>\n<\/ol>\n<\/li>\n<\/ol>\n<\/div>\n<p><img loading=\"lazy\" decoding=\"async\" class=\"alignright wp-image-388\" src=\"https:\/\/semmelweis.hu\/reziliencia-akademia\/files\/2025\/09\/erzelem_folyamat.png\" alt=\"\" width=\"278\" height=\"239\" srcset=\"https:\/\/semmelweis.hu\/reziliencia-akademia\/files\/2025\/09\/erzelem_folyamat.png 691w, https:\/\/semmelweis.hu\/reziliencia-akademia\/files\/2025\/09\/erzelem_folyamat-400x343.png 400w\" sizes=\"auto, (max-width: 278px) 100vw, 278px\" \/>Ez a h\u00e1rom t\u00e9nyez\u0151 seg\u00edt abban is, hogy felismerj\u00fck, milyen \u00e9rzelmet \u00e9l\u00fcnk \u00e1t \u2013 hiszen sokszor \u00e9pp <strong>az \u00e9rzelem pontos beazonos\u00edt\u00e1sa okozza a legnagyobb neh\u00e9zs\u00e9get<\/strong>.<\/p>\n<p>L\u00e1thatjuk, hogy <strong>az \u00e9rzelmi v\u00e1lasz egy komplex, t\u00f6bbl\u00e9pcs\u0151s folyamat<\/strong>, amely sz\u00e1mos rendszert megmozgat.<\/p>\n<p>Ha szeretn\u00e9l tudatosabb lenni az \u00e9rzelmi reakci\u00f3iddal kapcsolatban, itt egy egyszer\u0171s\u00edtett bont\u00e1s, ami seg\u00edthet \u00e1tl\u00e1tni a folyamatot:<\/p>\n<h5 style=\"text-align: center\"><span style=\"font-size: 18pt\">\ud83c\udf2a\ufe0f <\/span>Kiv\u00e1lt\u00f3 esem\u00e9ny:<\/h5>\n<p>Valamilyen k\u00fcls\u0151 vagy bels\u0151 esem\u00e9ny, ami kiv\u00e1ltja az els\u0151 \u00e9rz\u00e9st \u00e9s elind\u00edtja a reakci\u00f3t.<\/p>\n<h5 style=\"text-align: center\"><span style=\"font-size: 18pt\">\ud83d\udcad<\/span> \u00c9rtelmez\u00e9s \u00e9s tov\u00e1bbi \u00e9rz\u00e9sek:<\/h5>\n<p>Az els\u0151dleges \u00e9rz\u00e9s\u00fcnket \u00e9rtelmezz\u00fck a m\u00faltbeli tapasztalataink, hiedelmeink, s\u00e9m\u00e1ink alapj\u00e1n \u2013 ez gyakran \u00fajabb \u00e9rzelmeket is aktiv\u00e1l<\/p>\n<h5 style=\"text-align: center\">\u2764\ufe0f\u00a0Testi v\u00e1lasz:<\/h5>\n<p style=\"text-align: left\">Az idegrendszer aktiv\u00e1l\u00f3dik: megv\u00e1ltozik a sz\u00edvver\u00e9s, l\u00e9gz\u00e9s, izomfesz\u00fclts\u00e9g, gyomort\u00e1ji \u00e9rz\u00e9s stb. A test\u00fcnk gyakran el\u0151bb \u201etudja\u201d, hogy \u00e9rzelmet \u00e9l\u00fcnk \u00e1t, mint az elm\u00e9nk.<\/p>\n<h5 style=\"text-align: center\"><span style=\"font-size: 18pt\">\ud83d\ude42<\/span> Az \u00e9rzelem megjelen\u00e9se \u00e9s kifejez\u0151d\u00e9se:<\/h5>\n<p>Az \u00e9rzelmeink megjelenhetnek mimik\u00e1ban, hangsz\u00ednben, testtart\u00e1sban vagy viselked\u00e9sben. Ez lehet tudatos vagy automatikus, \u00e9s m\u00e1sok fel\u00e9 is kommunik\u00e1lja, hogy mi zajlik benn\u00fcnk.<\/p>\n<div class=\"w-100 keretes\">Ez a modell seg\u00edthet abban, hogy jobban <strong>elk\u00fcl\u00f6n\u00edtsd az egyes elemeket, \u00e9s tudatosabban kezeld \u00e9s meg\u00e9rtsd az egyes \u00e9rzelmi reakci\u00f3idat<\/strong> \u2013 <strong>k\u00fcl\u00f6n\u00f6sen <a href=\"https:\/\/semmelweis.hu\/reziliencia-akademia\/stresszkezeles\/\">stresszhelyzetben<\/a> vagy <a href=\"https:\/\/semmelweis.hu\/reziliencia-akademia\/konfliktuskezeles\/\">konfliktusok<\/a> sor\u00e1n<\/strong>.<\/div>\n<h1 style=\"text-align: center\">Tolerancia ablak\u00a0<\/h1>\n<div class=\"keretes w-100\">\n<p><strong>A tolerancia ablak az idegrendszer optim\u00e1lis aktiv\u00e1ci\u00f3s z\u00f3n\u00e1ja<\/strong>, ahol k\u00e9pesek vagyunk hat\u00e9kony \u00e9rzelemszab\u00e1lyoz\u00e1sra, reflekt\u00edv gondolkod\u00e1sra \u00e9s kapcsol\u00f3d\u00e1sra. Ha t\u00fal nagy stressz \u00e9r, hiper- (pl. szorong\u00e1s, p\u00e1nik) vagy hipoarousal (pl. zsibbad\u00e1s, lelassul\u00e1s) \u00e1llapotba ker\u00fclhet\u00fcnk, ahol ezek a k\u00e9pess\u00e9gek besz\u0171k\u00fclnek.\u00a0<\/p>\n<\/div>\n<h5><strong><a href=\"https:\/\/semmelweis.hu\/reziliencia-akademia\/files\/2025\/09\/erzelem_tolerancia.png\"><img loading=\"lazy\" decoding=\"async\" class=\"wp-image-391  alignright\" src=\"https:\/\/semmelweis.hu\/reziliencia-akademia\/files\/2025\/09\/erzelem_tolerancia-287x400.png\" alt=\"\" width=\"230\" height=\"320\" srcset=\"https:\/\/semmelweis.hu\/reziliencia-akademia\/files\/2025\/09\/erzelem_tolerancia-287x400.png 287w, https:\/\/semmelweis.hu\/reziliencia-akademia\/files\/2025\/09\/erzelem_tolerancia.png 552w\" sizes=\"auto, (max-width: 230px) 100vw, 230px\" \/><\/a><\/strong>Hiperarousal<\/h5>\n<p>\u00e1llapotban az idegrendszer t\u00falm\u0171k\u00f6d\u00e9sbe kapcsol: szapora sz\u00edvver\u00e9s, szorong\u00e1s, irrit\u00e1lts\u00e1g vagy p\u00e1nik jelentkezhet. Ez a &#8222;fight or flight&#8221; (harc vagy menek\u00fcl\u00e9s) reakci\u00f3k\u00e9nt lehet ismer\u0151s. Tart\u00f3s fenn\u00e1ll\u00e1sa kimer\u00edti az idegrendszert.<\/p>\n<h5>Hipoarousal<\/h5>\n<p>eset\u00e9n az idegrendszer alulm\u0171k\u00f6dik, mintha \u201elekapcsolna\u201d: \u00fcress\u00e9g, f\u00e1sults\u00e1g, neh\u00e9z gondolkod\u00e1s vagy disszoci\u00e1ci\u00f3 l\u00e9phet fel. Ez a &#8222;freeze&#8221; (lefagy\u00e1s) reakci\u00f3val \u00e1ll kapcsolatban, amikor a szervezet tehetetlens\u00e9ggel v\u00e1laszol a megterhel\u0151 helyzetre.<\/p>\n<hr style=\"background-color: white;height: 1px;border: 0\" \/>\n<h4 style=\"text-align: center\"><strong><em>A tolerancia ablak \u201cm\u00e9rete\u201d mindenkin\u00e9l m\u00e1s.<\/em><\/strong><\/h4>\n<p><img loading=\"lazy\" decoding=\"async\" class=\"aligncenter size-medium wp-image-470\" src=\"https:\/\/semmelweis.hu\/reziliencia-akademia\/files\/2025\/09\/tolerancia-ablak-400x181.jpg\" alt=\"\" width=\"400\" height=\"181\" srcset=\"https:\/\/semmelweis.hu\/reziliencia-akademia\/files\/2025\/09\/tolerancia-ablak-400x181.jpg 400w, https:\/\/semmelweis.hu\/reziliencia-akademia\/files\/2025\/09\/tolerancia-ablak-768x347.jpg 768w, https:\/\/semmelweis.hu\/reziliencia-akademia\/files\/2025\/09\/tolerancia-ablak-753x340.jpg 753w, https:\/\/semmelweis.hu\/reziliencia-akademia\/files\/2025\/09\/tolerancia-ablak.jpg 975w\" sizes=\"auto, (max-width: 400px) 100vw, 400px\" \/><\/p>\n<p>Ez f\u00fcgghet \u00f6r\u00f6k\u00f6lt adotts\u00e1gokt\u00f3l, idegrendszeri saj\u00e1toss\u00e1gokt\u00f3l, szerepet j\u00e1tszanak benn az el\u0151zetes \u00e9letesem\u00e9ny is p\u00e9ld\u00e1ul a trauma vagy hosszan tart\u00f3 stressz sz\u0171k\u00edtheti ezt az ablakot.<\/p>\n<p><strong>Min\u00e9l sz\u0171kebb az ablakunk ann\u00e1l gyakrabban ker\u00fcl\u00fcnk k\u00fcl\u00f6nb\u00f6z\u0151 esem\u00e9nyek \u00e9s stresszorok hat\u00e1s\u00e1ra \u00e9rzelmileg t\u00falf\u0171t\u00f6tt vagy ki\u00fcresedett \u00e1llapotba<\/strong>.\u00a0<\/p>\n<div>\n<div class=\"fontos_div\">\n<p>De ahogyan k\u00fcl\u00f6nb\u00f6z\u0151 hat\u00e1sok sz\u0171k\u00edtik, \u00fagy <strong><span style=\"color: #ff6600\">bizonyos technik\u00e1k seg\u00edts\u00e9g\u00e9vel n\u00f6velni is tudjuk a tolerancia ablakunk hat\u00e1rait<\/span>.\u00a0<\/strong><\/p>\n<\/div>\n<\/div>\n<p>Ez fogja adni az \u00e9rzelemszab\u00e1lyoz\u00e1s alapj\u00e1t, hogy felismerj\u00fck hol vagyunk \u00e9ppen az optim\u00e1lis z\u00f3n\u00e1nkhoz k\u00e9pest, ha k\u00edv\u00fcl ker\u00fclt\u00fcnk rajta, hogyan tudunk oda visszat\u00e9rni vagy hogyan ne ragadjunk bele egy \u00e9rzelmileg t\u00falterhel\u0151 helyzetbe.\u00a0<\/p>\n<h1 style=\"text-align: center\">Mi\u00e9rt \u00e9rdemes megtanulni szab\u00e1lyozni az \u00e9rz\u00e9seimet?\u00a0<\/h1>\n<p>Ha az \u00e9rzelmeink el\u00f6ntenek minket \u00e9s nincs r\u00e1 megfelel\u0151 m\u00f3dszer\u00fcnk, hogy megnyugtassuk magunkat, az a mindennapi \u00e9let\u00fcnket \u00e9s kapcsolataink m\u0171k\u00f6dtet\u00e9s\u00e9t is megnehez\u00edtik<\/p>\n<p>Az\u00e1ltal, hogy jobban felismerj\u00fck azt, hogy mi zajlik a test\u00fcnkben, milyen \u00e9rz\u00e9seket \u00e9l\u00fcnk \u00e1t \u00e9ppen \u00e9s ez milyen gondolatokkal j\u00e1r, jobban <strong>k\u00e9pesek lesz\u00fcnk megk\u00fczdeni a neh\u00e9z helyzetekkel \u00e9s tudatosabban jelen tudunk lenni<\/strong>.\u00a0<\/p>\n<p>Az <strong>\u00e9rz\u00e9seinket nem v\u00e1laszthatjuk meg<\/strong>, de azt, hogy <strong>milyen m\u00f3don fejezz\u00fck ki \u0151ket, hogyan \u00e9rtelmezz\u00fck \u0151ket, arra m\u00e1r lehet hat\u00e1sunk<\/strong>.<\/p>\n<h1 style=\"text-align: center\">\u00a0Az \u00e9rzelemszab\u00e1lyoz\u00e1s egy k\u00e9szs\u00e9g, ez\u00e9rt fejleszthet\u0151.\u00a0<\/h1>\n<div class=\"fontos_div\">\n<p style=\"text-align: left\">A <a href=\"https:\/\/semmelweis.hu\/reziliencia-akademia\/erzelemszabalyozas\/foldelesi-technikak\/\">k\u00f6vetkez\u0151kben bemutatunk<\/a> t\u00f6bb olyan gyakorlatot amelyek seg\u00edthetnek , ha tudatosan \u00e9s k\u00f6vetkezetesen gyakoroljuk \u0151ket!<\/p>\n<\/div>\n<div class=\"w-100 keretes\">Az oldal tartalma coping cardk\u00e9nt is let\u00f6lthet\u0151\u00a0<a href=\"https:\/\/semmelweis.hu\/reziliencia-akademia\/files\/2025\/10\/erzelemszabalyozas_web.pdf\" target=\"_blank\" rel=\"noopener\">pdf form\u00e1tumban.<\/a><\/div>\n<style>\n           #page-grid .card-body > .line-clamp-box.excerpt{\n        width: inherit;\n        max-width: inherit;\n        display:flex;\n        min-height: 2.4em;\n        flex-direction: column;\n        justify-content: space-around;\n        background-color: #D6E4EA;\n        min-height: 3.4rem;\n        font-family: \"Montserrat\", sans-serif;\n    }\n\n    #page-grid a:hover .card-body > .line-clamp-box.excerpt {\n        background-color: #fff;\n        color: #313B40;\n    }\n\n    #page-grid .card-body .line-clamp-box.excerpt section{\n        max-width: inherit;\n        display: -webkit-box;\n        -webkit-line-clamp: 2;\n        -webkit-box-orient: vertical;\n        overflow: hidden;\n        text-overflow: ellipsis;\n        hyphens: auto;\n        margin: auto;\n        \n    }\n    .line-clamp-box.excerpt section, .line-clamp-box.excerpt section p{\n        font-size:0.8em;\n    }\n    \n<\/style>\n    <section id=\"page-grid\">\n        <section class=\"d-block d-md-flex title-row my-3 ml-0 ml-md-1\">\n<div class=\"section-title  mb-1 \">\n<h2>\n    A k\u00e9pz\u00e9s elemei\n<\/h2>\n<\/div>\n<\/section>\n        <div class=\"row row-cols-1 row-cols-md-2 row-cols-lg-2 no-gutters mx-0 \">    <div class =\"col  mb-2 card-wrapper\">\n        <a class=\"d-flex flex-fill card-link-warapper m-md-1\" href=\"https:\/\/semmelweis.hu\/reziliencia-akademia\/erzelemszabalyozas\/erzelemszabalyozas-elmelete\/\">\n            <div class=\"card border border-secondary se-border flex-fill\">\n                <div class=\"row no-gutters mx-0 d-flex flex-nowrap flex-md-wrap align-items-center\">\n                    <div class =\"  col-5 col-md-12  d-none  d-md-none d-md-none  bg-image  card-image justify-content-center\">\n                        <img class='wp-post-image img-fluid landscape' src='https:\/\/semmelweis.hu\/reziliencia-akademia\/wp-content\/themes\/se18\/dist\/images\/svg\/bg-image.svg' \/>\n                    <\/div>\n                    <div class=\"card-body  col flex-column  col-md-12 p-0\">\n                        <div class=\"line-clamp-box p-3\">\n                            <h5 class=\"ml-0 ml-sm-1 mt-2 align-items-center\"  >\u00c9rzelemszab\u00e1lyoz\u00e1s elm\u00e9lete<\/h5>\n                        <\/div>\n                        \n                    <\/div>\n                <\/div>\n\n            <\/div>\n        <\/a>\n    <\/div>    <div class =\"col  mb-2 card-wrapper\">\n        <a class=\"d-flex flex-fill card-link-warapper m-md-1\" href=\"https:\/\/semmelweis.hu\/reziliencia-akademia\/erzelemszabalyozas\/foldelesi-technikak\/\">\n            <div class=\"card border border-secondary se-border flex-fill\">\n                <div class=\"row no-gutters mx-0 d-flex flex-nowrap flex-md-wrap align-items-center\">\n                    <div class =\"  col-5 col-md-12  d-none  d-md-none d-md-none  bg-image  card-image justify-content-center\">\n                        <img class='wp-post-image img-fluid landscape' src='https:\/\/semmelweis.hu\/reziliencia-akademia\/wp-content\/themes\/se18\/dist\/images\/svg\/bg-image.svg' \/>\n                    <\/div>\n                    <div class=\"card-body  col flex-column  col-md-12 p-0\">\n                        <div class=\"line-clamp-box p-3\">\n                            <h5 class=\"ml-0 ml-sm-1 mt-2 align-items-center\"  >F\u00f6ldel\u00e9si technik\u00e1k<\/h5>\n                        <\/div>\n                        \n                    <\/div>\n                <\/div>\n\n            <\/div>\n        <\/a>\n    <\/div>        <\/div>\n    <\/section>\n<div class=\"keretes w-100\" style=\"border: 0px solid !important; background-color: #ffe79f !important;\">\n<h5><span style=\"font-size: 14pt;\">A <a href=\"https:\/\/semmelweis.hu\/reziliencia-akademia\/\">Reziliencia Akad\u00e9mia<\/a> programj\u00e1t a <\/span><span style=\"font-size: 14pt;\"><a href=\"https:\/\/www.merckgroup.com\/en\" target=\"_blank\" rel=\"noopener\"><img loading=\"lazy\" decoding=\"async\" class=\"alignnone wp-image-497 \" src=\"https:\/\/semmelweis.hu\/reziliencia-akademia\/files\/2025\/09\/MERCK_LOGO_Rich_RGB.png\" alt=\"\" width=\"117\" height=\"20\" \/><\/a><\/span><span style=\"font-size: 14pt;\">t\u00e1mogatja. <\/span><span style=\"font-size: 14pt;\">A weboldal tartalm\u00e1t a Semmelweis Egyetem <a href=\"https:\/\/semmelweis.hu\/magtud\/\" target=\"_blank\" rel=\"noopener\">Magatart\u00e1studom\u00e1nyi Int\u00e9zete<\/a> k\u00e9sz\u00edtette.\u00a0<\/span><\/h5>\n<\/div>\n\n","protected":false},"excerpt":{"rendered":"<p>\u00e9rzelem \u00e9s \u00e9rtelem Az \u00e9rzelem \u00e9s \u00e9rtelem m\u0171k\u00f6d\u00e9s\u00e9t r\u00e9g\u00f3ta pr\u00f3b\u00e1ljuk meg\u00e9rteni. A kett\u0151t el\u0151szeretettel pr\u00f3b\u00e1ljuk meg k\u00fcl\u00f6n-k\u00fcl\u00f6n \u00e9rtelmezni \u00e9s elv\u00e1lasztani egym\u00e1st\u00f3l <a href=\"https:\/\/semmelweis.hu\/reziliencia-akademia\/files\/2025\/09\/erzelem_elmelet.jpg\"><\/a> Az \u00f3kori g\u00f6r\u00f6g filoz\u00f3fusok szerint p\u00e9ld\u00e1ul az \u00e9rzelmek megzavarj\u00e1k a logikus gondolkod\u00e1st. A 21. sz\u00e1zadban az idegtudom\u00e1nyok \u00e9s pszichol\u00f3giai kutat\u00e1sok eredm\u00e9nyei \u00e1ltal m\u00e1r tudjuk, hogy az \u00e9rzelmek, gondolatok \u00e9s viselked\u00e9s egym\u00e1ssal \u00f6sszef\u00fcgg\u00e9sben m\u0171k\u00f6dnek, ez\u00e9rt &hellip;<\/p>\n","protected":false},"author":110,"featured_media":0,"parent":296,"menu_order":0,"comment_status":"closed","ping_status":"closed","template":"template-fullwidth.php","meta":{"_acf_changed":false,"footnotes":""},"categories":[],"tags":[],"class_list":["post-40","page","type-page","status-publish","hentry"],"acf":[],"_links":{"self":[{"href":"https:\/\/semmelweis.hu\/reziliencia-akademia\/wp-json\/wp\/v2\/pages\/40","targetHints":{"allow":["GET"]}}],"collection":[{"href":"https:\/\/semmelweis.hu\/reziliencia-akademia\/wp-json\/wp\/v2\/pages"}],"about":[{"href":"https:\/\/semmelweis.hu\/reziliencia-akademia\/wp-json\/wp\/v2\/types\/page"}],"author":[{"embeddable":true,"href":"https:\/\/semmelweis.hu\/reziliencia-akademia\/wp-json\/wp\/v2\/users\/110"}],"replies":[{"embeddable":true,"href":"https:\/\/semmelweis.hu\/reziliencia-akademia\/wp-json\/wp\/v2\/comments?post=40"}],"version-history":[{"count":10,"href":"https:\/\/semmelweis.hu\/reziliencia-akademia\/wp-json\/wp\/v2\/pages\/40\/revisions"}],"predecessor-version":[{"id":676,"href":"https:\/\/semmelweis.hu\/reziliencia-akademia\/wp-json\/wp\/v2\/pages\/40\/revisions\/676"}],"up":[{"embeddable":true,"href":"https:\/\/semmelweis.hu\/reziliencia-akademia\/wp-json\/wp\/v2\/pages\/296"}],"wp:attachment":[{"href":"https:\/\/semmelweis.hu\/reziliencia-akademia\/wp-json\/wp\/v2\/media?parent=40"}],"wp:term":[{"taxonomy":"category","embeddable":true,"href":"https:\/\/semmelweis.hu\/reziliencia-akademia\/wp-json\/wp\/v2\/categories?post=40"},{"taxonomy":"post_tag","embeddable":true,"href":"https:\/\/semmelweis.hu\/reziliencia-akademia\/wp-json\/wp\/v2\/tags?post=40"}],"curies":[{"name":"wp","href":"https:\/\/api.w.org\/{rel}","templated":true}]}}