{"id":38,"date":"2025-07-31T15:06:13","date_gmt":"2025-07-31T13:06:13","guid":{"rendered":"https:\/\/semmelweis.hu\/reziliencia-akademia\/?page_id=38"},"modified":"2025-10-01T10:48:16","modified_gmt":"2025-10-01T08:48:16","slug":"foldelesi-technikak","status":"publish","type":"page","link":"https:\/\/semmelweis.hu\/reziliencia-akademia\/erzelemszabalyozas\/foldelesi-technikak\/","title":{"rendered":"F\u00f6ldel\u00e9si technik\u00e1k"},"content":{"rendered":"<div class=\"keretes w-100\">\n<p>Az <a href=\"https:\/\/semmelweis.hu\/reziliencia-akademia\/erzelemszabalyozas\/\">el\u0151z\u0151 r\u00e9szben<\/a> m\u00e1r olvashatt\u00e1l arr\u00f3l, hogy milyen komplexen m\u0171k\u00f6dnek az \u00e9rz\u00e9seink, \u00e9s milyen \u00f6sszef\u00fcgg\u00e9sben vannak a gondolatainkkal \u00e9s a tetteinkkel.\u00a0<\/p>\n<\/div>\n<p><strong>Eml\u00e9kezz vissza a tolerancia-ablak elm\u00e9letre! Amikor valami miatt kibillen\u00fcnk \u00e9s min\u00e9l ink\u00e1bb benne vagyunk a piros z\u00f3n\u00e1ban ann\u00e1l jobban el\u00e1raszt\u00f3nak \u00e9s kezelhetetlennek \u00e9lj\u00fck meg az \u00e9rz\u00e9seinket.<\/strong><\/p>\n<p>Az\u00e9rt fontos, hogy ismerj\u00fck a m\u0171k\u00f6d\u00e9s\u00fcnket, hogy min\u00e9l pontosabban <strong>fel tudjuk ismerni \u00e9ppen melyik z\u00f3n\u00e1ban vagyunk<\/strong>, \u00e9s mire van sz\u00fcks\u00e9g\u00fcnk ahhoz, hogy <strong>visszaker\u00fclj\u00fcnk a biztons\u00e1gos, optim\u00e1lis helyzet\u00fcnkbe<\/strong>. S\u0151t, ha id\u0151ben felismerj\u00fck, hogy kezd\u00fcnk k\u00edv\u00fcl ker\u00fclni az optim\u00e1lis z\u00f3n\u00e1nkon, akkor a megfelel\u0151 \u00e9rzelemszab\u00e1lyoz\u00e1si technik\u00e1k seg\u00edts\u00e9g\u00e9vel elker\u00fclhetj\u00fck, hogy el\u00e1rasszannak vagy lefagyasszanak minket az \u00e9rz\u00e9seink.<\/p>\n<p>A k\u00f6vetkez\u0151kben neh\u00e1ny egyed\u00fcl is j\u00f3l alkalmazhat\u00f3 \u00e9rzelemszab\u00e1lyoz\u00e1si \u00e9s <strong>f\u00f6ldel\u00e9si technik\u00e1t<\/strong> mutatunk be, amelyekkel k\u00f6zelebb (vagy vissza) ker\u00fclhetsz a nyugodt, kiegyens\u00falyozott \u00e1llapotodhoz, az\u00e1ltal, hogy ezek a gyakorlatok k\u00f6zelebb hoznak az itt \u00e9s mosthoz.<\/p>\n<h1 style=\"text-align: center;\">\ud83d\udcaa L\u00e9gz\u0151gyakorlatok<\/h1>\n<p><strong>A nyugodt m\u00e9ly be-\u00e9s kil\u00e9gz\u00e9sek, \u00e9s az erre val\u00f3 tudatos odafigyel\u00e9s m\u00e1r \u00f6nmag\u00e1ban is k\u00e9pes lehet megnyugtatni minket. Nagyon sokf\u00e9le l\u00e9gz\u0151gyakorlat l\u00e9tezik, itt most egyet fogunk bemutatni, a n\u00e9gysz\u00f6gl\u00e9gz\u00e9st.<\/strong><\/p>\n<ul style=\"list-style-type: square;\">\n<li>\n<p>K\u00e9pzelj magad el\u00e9 egy n\u00e9gysz\u00f6get.<\/p>\n<\/li>\n<li>\n<p>K\u00e9pzeletben indulj el az egyik oldala ment\u00e9n, \u00e9s magadban n\u00e9gyig sz\u00e1molva lassan sz\u00edvd be a leveg\u0151t.<\/p>\n<\/li>\n<li>\n<p>A k\u00f6vetkez\u0151 oldala ment\u00e9n haladva is sz\u00e1molj el n\u00e9gyig, mik\u00f6zben besz\u00edvva tartod a leveg\u0151t.<\/p>\n<\/li>\n<li>\n<p>A harmadik oldal ment\u00e9n lassan n\u00e9gyig sz\u00e1molva f\u00fajd ki a leveg\u0151t.<\/p>\n<\/li>\n<li>\n<p>Az utols\u00f3 oldal ment\u00e9n tarts egy sz\u00fcnetet n\u00e9gyig sz\u00e1molva, miel\u0151tt \u00fajrakezded az egyes pontt\u00f3l.<\/p>\n<\/li>\n<li>\n<p>Ism\u00e9teld ezt p\u00e1r percen kereszt\u00fcl.<\/p>\n<\/li>\n<\/ul>\n<h1 style=\"text-align: center;\">\ud83d\udd22 5-4-3-2-1<\/h1>\n<p><strong>Ez a gyakorlat az \u00e9rz\u00e9kszerveiden kereszt\u00fcl megtapasztalt ingereken kereszt\u00fcl seg\u00edt neked az itt \u00e9s mostban lenni.<\/strong><\/p>\n<p>Keress 5 dolgot, amit \u00e9ppen l\u00e1tsz magad k\u00f6r\u00fcl. Ezut\u00e1n keress 4 dolgot, amit meg tudsz tapintani ( \u00e9s tapintsd is meg). Majd k\u00f6vetkezik 3 dolog, amit \u00e9ppen hallasz ut\u00e1na 2 dolog, aminek \u00e9rzed a szag\u00e1t\/illat\u00e1t, v\u00e9g\u00fcl 1 \u00edz, amit \u00e9ppen itt \u00e9s most \u00e9rzel a nyelveden.<\/p>\n<p>Ism\u00e9teld meg annyiszor ah\u00e1nyszor sz\u00fcks\u00e9ged van r\u00e1!<\/p>\n<h1 style=\"text-align: center;\">\ud83d\udce6 Dobozol\u00e1s<\/h1>\n<p><strong>Ez a gyakorlat abban seg\u00edt, hogy f\u00e9lre tudd tenni egy kicsit a fejedben kavarg\u00f3 zavar\u00f3 gondolatokat, \u00e9s adj p\u00e1r percet kikapcsol\u00f3d\u00e1st az agyadnak.<\/strong><\/p>\n<ul>\n<li>\n<p>K\u00e9pzelj el egy dobozt (vagy b\u00e1rmit, amibe el tudsz pakolni dolgokat)!<\/p>\n<\/li>\n<li>\n<p>Alaposan figyeld meg milyen is ez a doboz!<\/p>\n<\/li>\n<li>\n<p>Ha tiszt\u00e1n l\u00e1tod magad el\u0151tt, akkor k\u00e9pzeld el, hogy elkezded belepakolni a zavar\u00f3 gondolataidat \u00e9s \u00e9rz\u00e9seidet. Pr\u00f3b\u00e1lj meg nem leragadni egy-egy gondolatn\u00e1l, csak fogd meg \u00e9s rakd a dobozodba, majd z\u00e1rd le vagy rakd f\u00e9lre.<\/p>\n<\/li>\n<li>\n<p>Ha valami kir\u00e1ntana a jelenb\u0151l, ism\u00e9t vedd el\u0151 a dobozt \u00e9s tedd bele, majd rakd f\u00e9lre \u00fajra.<\/p>\n<\/li>\n<\/ul>\n<h1 style=\"text-align: center;\">\ud83c\udf2a\ufe0fSpir\u00e1l<\/h1>\n<ul style=\"list-style-type: square;\">\n<li>\n<p>Ehhez a gyakorlathoz helyezkedj el k\u00e9nyelmesen, vegy\u00e9l p\u00e1r m\u00e9ly leveg\u0151t, majd <strong>id\u00e9zz fel egy helyzetet, \u00e9rz\u00e9st vagy gondolatot, ami jelenleg zavar<\/strong>.<\/p>\n<\/li>\n<li>\n<p>Figyeld meg hogyan reag\u00e1l a tested erre!<\/p>\n<\/li>\n<li>\n<p>K\u00e9pzeld azt, hogy a felid\u00e9zett \u00e9lm\u00e9ny \u00e1ltal kiv\u00e1ltott \u00e9rzetek, mint energia mozognak a testedben \u00e9s spir\u00e1lform\u00e1ba rendez\u0151dnek.<\/p>\n<\/li>\n<li>\n<p>Most egy kicsit a spir\u00e1lt figyeld meg, ahogy mozog. Milyen ir\u00e1nyba forog? Milyen sebess\u00e9ggel?<\/p>\n<\/li>\n<li>\n<p>Most pedig pr\u00f3b\u00e1ld meg megford\u00edtani \u00e9s lelass\u00edtani a spir\u00e1l mozg\u00e1s\u00e1t.<\/p>\n<\/li>\n<li>\n<p>T\u00f6lts el egy kis id\u0151t a megv\u00e1ltozott spir\u00e1lt figyelve, majd engedd el a spir\u00e1l k\u00e9p\u00e9t, vegy\u00e9l egy m\u00e9ly leveg\u0151t \u00e9s ny\u00fajt\u00f3zz egyet.<\/p>\n<\/li>\n<\/ul>\n<h1 style=\"text-align: center;\">\ud83c\udfde\ufe0f Nyugodt hely<\/h1>\n<p><strong>Ez az el\u0151z\u0151h\u00f6z hasonl\u00f3 imagin\u00e1ci\u00f3s technika, a k\u00e9pzeleted seg\u00edt a gyakorlatban<\/strong>.<\/p>\n<ul style=\"list-style-type: square;\">\n<li>\n<p>Keress egy helyet, ahol k\u00e9nyelmesen el tudsz helyezkedni, csukd be a szemeidet, vegy\u00e9l p\u00e1r m\u00e9ly leveg\u0151t.<\/p>\n<\/li>\n<li>\n<p>K\u00e9pzelj el egy helyet, ahol \u00fagy \u00e9rzed meg tudsz nyugodni. Ez lehet egy val\u00f3di hely, ahol m\u00e1r j\u00e1rt\u00e1l, de egy teljesen elk\u00e9pzelt is. Nem kell er\u0151ltetni, csak hagyd, hogy megjelenjen el\u0151tted a k\u00e9p.\u00a0B\u00e1tran alak\u00edtsd kedved szerint, \u00fagy hogy neked kellemes legyen!<\/p>\n<\/li>\n<li>\n<p>Pr\u00f3b\u00e1ld meg min\u00e9l t\u00f6bb \u00e9rz\u00e9kszerveden kereszt\u00fcl megtapasztalni ezt a nyugodt helyet: mit l\u00e1tsz magad k\u00f6r\u00fcl, milyen illatok lehetnek itt, milyen hangok vesznek k\u00f6rbe?<\/p>\n<\/li>\n<li>\n<p>T\u00f6lts el itt p\u00e1r percet, engedd meg magadnak, hogy \u00e1tj\u00e1rjon a nyugalom. <span style=\"font-size: 1rem;\">Majd engedd el ennek a nyugodt helynek a k\u00e9p\u00e9t, vegy\u00e9l egy m\u00e9ly leveg\u0151t \u00e9s ny\u00fajt\u00f3zz egyet.<\/span><\/p>\n<\/li>\n<\/ul>\n<h1 style=\"text-align: center;\">\ud83d\uded1 S.T.O.P<\/h1>\n<p><strong>Amikor el\u00f6ntenek az \u00e9rz\u00e9sek \u00e9s hirtelen cselekedn\u00e9nk, el\u0151tte menj\u00fcnk v\u00e9gig ezeket a l\u00e9p\u00e9seken:<\/strong><\/p>\n<p><span style=\"color: #ff6600;\"><strong>S<\/strong> <\/span>\u2013 <strong>Sz\u00fcnetet tartok<\/strong> \u2013 Meg\u00e1llok, \u00e9s nem reag\u00e1lok automatikusan.<br \/>\n<span style=\"color: #ff6600;\"><strong>T<\/strong><\/span> \u2013 <strong>T\u00e1volodom<\/strong> \u2013 H\u00e1tral\u00e9pek, veszek egy m\u00e9ly leveg\u0151t, \u00e9s elt\u00e1volodom a helyzett\u0151l, ha kell.<br \/>\n<span style=\"color: #ff6600;\"><strong>O<\/strong><\/span> \u2013 <strong>Odafigyelek<\/strong> \u2013 Tudatosan megfigyelem a k\u00f6rnyezetemet \u00e9s ami t\u00f6rt\u00e9nik bennem.<br \/>\n<span style=\"color: #ff6600;\"><strong>P<\/strong> <\/span>\u2013 <strong>Pr\u00f3b\u00e1lok tudatos lenni<\/strong> \u2013 \u00c1tgondoltan, tudatosan d\u00f6nt\u00f6m el, mi a k\u00f6vetkez\u0151 l\u00e9p\u00e9sem<\/p>\n<h1 style=\"text-align: center;\">\ud83d\udebfEr\u0151s ingerek<\/h1>\n<p><strong>Intenz\u00edv fizikai \u00e9rzeteken kereszt\u00fcl is tudunk hatni az idegrendszer\u00fcnkre \u00e9s ezzel az el\u00e1raszt\u00f3 \u00e9rz\u00e9sekre is.<\/strong> Ilyen intenz\u00edv \u00e9rzetet adhat p\u00e9ld\u00e1ul a testmozg\u00e1s (ugr\u00e1l\u00e1s, t\u00e1ncol\u00e1s) vagy a k\u00fcl\u00f6nb\u00f6z\u0151 h\u0151ingerek (arc vagy k\u00e9zmos\u00e1s hideg v\u00edzben, j\u00e9g k\u00e9zben tart\u00e1sa, zuhanyz\u00e1s k\u00f6zben a hideg \u00e9s meleg v\u00edz v\u00e1ltogat\u00e1sa).<\/p>\n<h1 style=\"text-align: center;\">\ud83e\udd3f Eml\u0151s b\u00fav\u00e1rreflex<\/h1>\n<p>Mind rendelkez\u00fcnk ezzel a reflexszel, ez egy k\u00f3dolt fiziol\u00f3giai v\u00e1lasz arra, hogy t\u00fal\u00e9lj\u00fcnk ha hideg v\u00edzbe mer\u00fcl\u00fcnk. Ism\u00e9t h\u00edvjuk el\u0151 a tolerancia ablakot! <strong>Amikor a piros z\u00f3n\u00e1ba ker\u00fcl\u00fcnk, beindul az \u00fcss vagy fuss reakci\u00f3, a sz\u00edv\u00fcnk hevesebben ver, nehezebb ir\u00e1ny\u00edtani a l\u00e9gz\u00e9s\u00fcnket \u00e9s fura testi \u00e9rzeteink vannak. A b\u00fav\u00e1rreflexunk pedig ennek pont ellenkez\u0151j\u00e9t kapcsolja be: a sz\u00edvver\u00e9s\u00fcnk \u00e9s a l\u00e9gz\u00e9s\u00fcnk is automatikusan lelassul.<\/strong> Mivel ez egy \u201cbe\u00e9p\u00edtett\u201d mechanizmus, nem kell hozz\u00e1 gyakorl\u00e1s, hogy m\u0171k\u00f6dj\u00f6n. Persze, nem kell b\u00fav\u00e1rkodni menni valah\u00e1nyszor zaklatott vagy, el\u00e9g ha belemer\u00edted az arcodat egy t\u00e1l jeges v\u00edzbe. Fontos, hogy az eg\u00e9sz arcodat \u00e9rje a v\u00edz, a szemeidet \u00e9s a homlokodat is \u00e9s legal\u00e1bb 20-30 m\u00e1sodpercig maradj benne, visszatartott l\u00e9legzettel.<\/p>\n<h6><span style=\"font-size: 14pt;\">\u2757Ha valamilyen sz\u00edv-\u00e9rrendszeri probl\u00e9m\u00e1d van, akkor csak orvosod enged\u00e9ly\u00e9vel pr\u00f3b\u00e1ld ki ezt a m\u00f3dszert!<\/span><\/h6>\n<div class=\"keretes w-100\">\n<p><strong>Pr\u00f3b\u00e1ld ki ezeket a technik\u00e1kat \u00e9s figyeld meg neked mi m\u0171k\u00f6dik!<\/strong> Ezek a m\u00f3dszerek is olyanok, hogy <strong>k\u00f6vetkezetes gyakorl\u00e1ssal v\u00e1lnak egyre hat\u00e9konyabb\u00e1<\/strong>, ne add fel, ha els\u0151re nem \u00e9rzel \u00e1t\u00fct\u0151 v\u00e1ltoz\u00e1st, m\u00e1r akkor j\u00f3 \u00faton vagy, ha egy kicsit csitulnak az el\u00e1raszt\u00f3 \u00e9rz\u00e9seid.<\/p>\n<p>Persze nincsenek egyetemes megold\u00e1sok, ezek a m\u00f3dszerek olyanok, amik \u00e1ltal\u00e1ban seg\u00edteni szoktak, de nem minden m\u0171k\u00f6dik mindenkinek.<\/p>\n<\/div>\n<style>\n           #page-grid .card-body > .line-clamp-box.excerpt{\n        width: inherit;\n        max-width: inherit;\n        display:flex;\n        min-height: 2.4em;\n        flex-direction: column;\n        justify-content: space-around;\n        background-color: #D6E4EA;\n        min-height: 3.4rem;\n        font-family: \"Montserrat\", sans-serif;\n    }\n\n    #page-grid a:hover .card-body > .line-clamp-box.excerpt {\n        background-color: #fff;\n        color: #313B40;\n    }\n\n    #page-grid .card-body .line-clamp-box.excerpt section{\n        max-width: inherit;\n        display: -webkit-box;\n        -webkit-line-clamp: 2;\n        -webkit-box-orient: vertical;\n        overflow: hidden;\n        text-overflow: ellipsis;\n        hyphens: auto;\n        margin: auto;\n        \n    }\n    .line-clamp-box.excerpt section, .line-clamp-box.excerpt section p{\n        font-size:0.8em;\n    }\n    \n<\/style>\n    <section id=\"page-grid\">\n        <section class=\"d-block d-md-flex title-row my-3 ml-0 ml-md-1\">\n<div class=\"section-title  mb-1 \">\n<h2>\n    A k\u00e9pz\u00e9s elemei\n<\/h2>\n<\/div>\n<\/section>\n        <div class=\"row row-cols-1 row-cols-md-2 row-cols-lg-2 no-gutters mx-0 \">    <div class =\"col  mb-2 card-wrapper\">\n        <a class=\"d-flex flex-fill card-link-warapper m-md-1\" href=\"https:\/\/semmelweis.hu\/reziliencia-akademia\/erzelemszabalyozas\/erzelemszabalyozas-elmelete\/\">\n            <div class=\"card border border-secondary se-border flex-fill\">\n                <div class=\"row no-gutters mx-0 d-flex flex-nowrap flex-md-wrap align-items-center\">\n                    <div class =\"  col-5 col-md-12  d-none  d-md-none d-md-none  bg-image  card-image justify-content-center\">\n                        <img class='wp-post-image img-fluid landscape' src='https:\/\/semmelweis.hu\/reziliencia-akademia\/wp-content\/themes\/se18\/dist\/images\/svg\/bg-image.svg' \/>\n                    <\/div>\n                    <div class=\"card-body  col flex-column  col-md-12 p-0\">\n                        <div class=\"line-clamp-box p-3\">\n                            <h5 class=\"ml-0 ml-sm-1 mt-2 align-items-center\"  >\u00c9rzelemszab\u00e1lyoz\u00e1s elm\u00e9lete<\/h5>\n                        <\/div>\n                        \n                    <\/div>\n                <\/div>\n\n            <\/div>\n        <\/a>\n    <\/div>    <div class =\"col  mb-2 card-wrapper\">\n        <a class=\"d-flex flex-fill card-link-warapper m-md-1\" href=\"https:\/\/semmelweis.hu\/reziliencia-akademia\/erzelemszabalyozas\/foldelesi-technikak\/\">\n            <div class=\"card border border-secondary se-border flex-fill\">\n                <div class=\"row no-gutters mx-0 d-flex flex-nowrap flex-md-wrap align-items-center\">\n                    <div class =\"  col-5 col-md-12  d-none  d-md-none d-md-none  bg-image  card-image justify-content-center\">\n                        <img class='wp-post-image img-fluid landscape' src='https:\/\/semmelweis.hu\/reziliencia-akademia\/wp-content\/themes\/se18\/dist\/images\/svg\/bg-image.svg' \/>\n                    <\/div>\n                    <div class=\"card-body  col flex-column  col-md-12 p-0\">\n                        <div class=\"line-clamp-box p-3\">\n                            <h5 class=\"ml-0 ml-sm-1 mt-2 align-items-center\"  >F\u00f6ldel\u00e9si technik\u00e1k<\/h5>\n                        <\/div>\n                        \n                    <\/div>\n                <\/div>\n\n            <\/div>\n        <\/a>\n    <\/div>        <\/div>\n    <\/section>\n<div class=\"keretes w-100\" style=\"border: 0px solid !important; background-color: #ffe79f !important;\">\n<h5><span style=\"font-size: 14pt;\">A <a href=\"https:\/\/semmelweis.hu\/reziliencia-akademia\/\">Reziliencia Akad\u00e9mia<\/a> programj\u00e1t a <\/span><span style=\"font-size: 14pt;\"><a href=\"https:\/\/www.merckgroup.com\/en\" target=\"_blank\" rel=\"noopener\"><img loading=\"lazy\" decoding=\"async\" class=\"alignnone wp-image-497 \" src=\"https:\/\/semmelweis.hu\/reziliencia-akademia\/files\/2025\/09\/MERCK_LOGO_Rich_RGB.png\" alt=\"\" width=\"117\" height=\"20\" \/><\/a><\/span><span style=\"font-size: 14pt;\">t\u00e1mogatja. <\/span><span style=\"font-size: 14pt;\">A weboldal tartalm\u00e1t a Semmelweis Egyetem <a href=\"https:\/\/semmelweis.hu\/magtud\/\" target=\"_blank\" rel=\"noopener\">Magatart\u00e1studom\u00e1nyi Int\u00e9zete<\/a> k\u00e9sz\u00edtette.\u00a0<\/span><\/h5>\n<\/div>\n\n","protected":false},"excerpt":{"rendered":"<p>Az <a href=\"https:\/\/semmelweis.hu\/reziliencia-akademia\/erzelemszabalyozas\/\">el\u0151z\u0151 r\u00e9szben<\/a> m\u00e1r olvashatt\u00e1l arr\u00f3l, hogy milyen komplexen m\u0171k\u00f6dnek az \u00e9rz\u00e9seink, \u00e9s milyen \u00f6sszef\u00fcgg\u00e9sben vannak a gondolatainkkal \u00e9s a tetteinkkel.\u00a0 Eml\u00e9kezz vissza a tolerancia-ablak elm\u00e9letre! Amikor valami miatt kibillen\u00fcnk \u00e9s min\u00e9l ink\u00e1bb benne vagyunk a piros z\u00f3n\u00e1ban ann\u00e1l jobban el\u00e1raszt\u00f3nak \u00e9s kezelhetetlennek \u00e9lj\u00fck meg az \u00e9rz\u00e9seinket. Az\u00e9rt fontos, hogy ismerj\u00fck a m\u0171k\u00f6d\u00e9s\u00fcnket, hogy min\u00e9l pontosabban fel &hellip;<\/p>\n","protected":false},"author":110,"featured_media":0,"parent":296,"menu_order":1,"comment_status":"closed","ping_status":"closed","template":"template-fullwidth.php","meta":{"_acf_changed":false,"footnotes":""},"categories":[],"tags":[],"class_list":["post-38","page","type-page","status-publish","hentry"],"acf":[],"_links":{"self":[{"href":"https:\/\/semmelweis.hu\/reziliencia-akademia\/wp-json\/wp\/v2\/pages\/38","targetHints":{"allow":["GET"]}}],"collection":[{"href":"https:\/\/semmelweis.hu\/reziliencia-akademia\/wp-json\/wp\/v2\/pages"}],"about":[{"href":"https:\/\/semmelweis.hu\/reziliencia-akademia\/wp-json\/wp\/v2\/types\/page"}],"author":[{"embeddable":true,"href":"https:\/\/semmelweis.hu\/reziliencia-akademia\/wp-json\/wp\/v2\/users\/110"}],"replies":[{"embeddable":true,"href":"https:\/\/semmelweis.hu\/reziliencia-akademia\/wp-json\/wp\/v2\/comments?post=38"}],"version-history":[{"count":7,"href":"https:\/\/semmelweis.hu\/reziliencia-akademia\/wp-json\/wp\/v2\/pages\/38\/revisions"}],"predecessor-version":[{"id":657,"href":"https:\/\/semmelweis.hu\/reziliencia-akademia\/wp-json\/wp\/v2\/pages\/38\/revisions\/657"}],"up":[{"embeddable":true,"href":"https:\/\/semmelweis.hu\/reziliencia-akademia\/wp-json\/wp\/v2\/pages\/296"}],"wp:attachment":[{"href":"https:\/\/semmelweis.hu\/reziliencia-akademia\/wp-json\/wp\/v2\/media?parent=38"}],"wp:term":[{"taxonomy":"category","embeddable":true,"href":"https:\/\/semmelweis.hu\/reziliencia-akademia\/wp-json\/wp\/v2\/categories?post=38"},{"taxonomy":"post_tag","embeddable":true,"href":"https:\/\/semmelweis.hu\/reziliencia-akademia\/wp-json\/wp\/v2\/tags?post=38"}],"curies":[{"name":"wp","href":"https:\/\/api.w.org\/{rel}","templated":true}]}}