{"id":27,"date":"2025-07-31T14:35:12","date_gmt":"2025-07-31T12:35:12","guid":{"rendered":"https:\/\/semmelweis.hu\/reziliencia-akademia\/?page_id=27"},"modified":"2025-10-20T13:12:55","modified_gmt":"2025-10-20T11:12:55","slug":"idogazdalkodas","status":"publish","type":"page","link":"https:\/\/semmelweis.hu\/reziliencia-akademia\/stresszkezeles\/idogazdalkodas\/","title":{"rendered":"Id\u0151gazd\u00e1lkod\u00e1s"},"content":{"rendered":"<h1 style=\"text-align: center\">Az id\u0151gazd\u00e1lkod\u00e1sr\u00f3l \u231a<\/h1>\n<h5>\u2753Mi\u00e9rt van sz\u00fcks\u00e9g id\u0151gazd\u00e1lkod\u00e1sra?<\/h5>\n<ol>\n<li>Inform\u00e1ci\u00f3s t\u00falterhel\u00e9s<\/li>\n<li>Nagy id\u0151nyom\u00e1s a feladatokban<\/li>\n<li>Mindezek miatt roml\u00f3 figyelem \u00e9s koncentr\u00e1ci\u00f3<\/li>\n<\/ol>\n<h5>\ud83d\udc4cMire j\u00f3 az id\u0151gazd\u00e1lkod\u00e1s?<\/h5>\n<ol>\n<li>Kevesebb stressz<\/li>\n<li>Nagyon hat\u00e9konys\u00e1g<\/li>\n<li>Kevesebb hiba \u00e9s t\u00e9ved\u00e9s<\/li>\n<li>El\u00e9gedett koll\u00e9g\u00e1k \u00e9s betegek<\/li>\n<\/ol>\n<hr \/>\n<h1 style=\"text-align: center\">Hogyan \u00e1lljunk neki?<\/h1>\n<p style=\"text-align: left\">Ne t\u00f6lts t\u00fal sok id\u0151t a megfelel\u0151 id\u0151gazd\u00e1lkod\u00e1si technika megtal\u00e1l\u00e1s\u00e1val, el\u0151sz\u00f6r <strong>vezess napl\u00f3t<\/strong>, hogy <strong>megtal\u00e1ld jelenlegi id\u0151gazd\u00e1lkod\u00e1sod gyenge pontjait<\/strong>!<\/p>\n<p style=\"text-align: left\"><span style=\"font-size: 24pt\">\ud83d\udcdd<\/span> <strong>P\u00e1r napon kereszt\u00fcl jegyezd fel, hogy mivel t\u00f6lt\u00f6d az \u00f3r\u00e1id.\u00a0<\/strong><\/p>\n<ul style=\"list-style-type: square\">\n<li>fontos, hogy MINDEN ker\u00fclj\u00f6n r\u00f6gz\u00edt\u00e9sre,<\/li>\n<li>\u00a0vezesd olyan prec\u00edzen, ahogy csak tudod<\/li>\n<li>az is amikor nem tal\u00e1lsz semmit!<\/li>\n<\/ul>\n<p style=\"text-align: center\">Ezzel tudod megtal\u00e1lni az <span style=\"color: #ff6600\"><strong>id\u0151rabl\u00f3kat<\/strong><\/span> \ud83d\udc79 &#8211; azokat a tev\u00e9kenys\u00e9geket, amelyek csak viszik az id\u0151det!<\/p>\n<p style=\"text-align: center\">Ha ez megvan, j\u00f6hetnek az al\u00e1bbiak!<\/p>\n<p style=\"text-align: center\"><span style=\"font-size: 36pt\">\ud83d\udc47<\/span><\/p>\n<h5><span style=\"font-size: 24pt\">\ud83d\uddd3\ufe0f<\/span>Napi \u00e9s heti tervez\u00e9s &#8222;t\u00f3l-ig&#8221; szab\u00e1llyal<\/h5>\n<p>\u00cdrj heti tervet egy napt\u00e1rba \u00e9s a telefonodba!\u00a0A &#8222;t\u00f3l-ig&#8221; szab\u00e1ly azt jelenti, hogy azt is saccold meg \u00e9s \u00edrd bele, hogy egy program meddig fog tartani. Nem baj, ha nem tal\u00e1lod el, a tapasztalataid alapj\u00e1n a k\u00f6vetkez\u0151 h\u00e9ten m\u00e9g jobban megy majd.<\/p>\n<h5><span style=\"font-size: 24pt\">\ud83d\udea8<\/span>Priorit\u00e1sok fel\u00e1ll\u00edt\u00e1sa \u00e9s rugalmass\u00e1g<\/h5>\n<p>Mivel az eg\u00e9szs\u00e9g\u00fcgyi munk\u00e1ban b\u00e1rmikor be\u00fcthet valamilyen s\u00fcrg\u0151s \u00e9s fontos feladat, ami bor\u00edtja a terveket, p\u00e1r dolgot \u00e9rdemes bevezetni a rugalmass\u00e1g szempontj\u00e1b\u00f3l:<\/p>\n<div class=\"keretes w-100\">\n<ul style=\"list-style-type: square\">\n<li style=\"text-align: left\">Mindig hagyj plusz tartal\u00e9k id\u0151t<\/li>\n<li style=\"text-align: left\">Mindig legyen benne halaszthat\u00f3 tev\u00e9kenys\u00e9g<\/li>\n<li style=\"text-align: left\">Ne borulj ki azon, ha borul a terv, pr\u00f3b\u00e1lj helyettes\u00edt\u0151 gondolatokat behozni<\/li>\n<li style=\"text-align: left\">Ha m\u00e9gis kiborulsz, itt tal\u00e1lsz az <a href=\"https:\/\/semmelweis.hu\/reziliencia-akademia\/erzelemszabalyozas\/\">\u00e9rzelmeid szab\u00e1lyoz\u00e1s\u00e1ra<\/a> m\u00f3dszert\u00a0<\/li>\n<\/ul>\n<\/div>\n<h4 style=\"text-align: center\">A tervezhet\u0151 folyamatokhoz alkalmazhat\u00f3 az \u00fan. <b>Eisenhower-m\u00e1trix<\/b>.<\/h4>\n<p><a href=\"https:\/\/semmelweis.hu\/reziliencia-akademia\/files\/2025\/09\/eisenhover-matrix-kek.jpg\"><img loading=\"lazy\" decoding=\"async\" class=\"aligncenter  wp-image-364\" src=\"https:\/\/semmelweis.hu\/reziliencia-akademia\/files\/2025\/09\/eisenhover-matrix-kek-1024x588.jpg\" alt=\"\" width=\"500\" height=\"287\" srcset=\"https:\/\/semmelweis.hu\/reziliencia-akademia\/files\/2025\/09\/eisenhover-matrix-kek-1024x588.jpg 1024w, https:\/\/semmelweis.hu\/reziliencia-akademia\/files\/2025\/09\/eisenhover-matrix-kek-400x230.jpg 400w, https:\/\/semmelweis.hu\/reziliencia-akademia\/files\/2025\/09\/eisenhover-matrix-kek-768x441.jpg 768w, https:\/\/semmelweis.hu\/reziliencia-akademia\/files\/2025\/09\/eisenhover-matrix-kek-753x433.jpg 753w, https:\/\/semmelweis.hu\/reziliencia-akademia\/files\/2025\/09\/eisenhover-matrix-kek.jpg 1300w\" sizes=\"auto, (max-width: 500px) 100vw, 500px\" \/><\/a><\/p>\n<h1 style=\"text-align: center\">A halogat\u00e1s<\/h1>\n<p><span style=\"font-size: 18pt\">\u23f3<\/span>Az egyik leggyakoribb probl\u00e9ma <b>a halogat\u00e1s,<\/b> mely abban az esetben, ha nem valamilyen m\u00e9lyebb pszichol\u00f3giai probl\u00e9ma k\u00f6vetkezm\u00e9nye, megfelel\u0151en kezelhet\u0151 id\u0151menedzsmenttel.<\/p>\n<h4 style=\"text-align: left\"><strong>Id\u0151menedzsment technika a halogat\u00e1s ellen:<\/strong><\/h4>\n<ol>\n<li>\n<p><strong>\u00cdrj list\u00e1t a teend\u0151idr\u0151l!<\/strong>\u00a0 \u270f\ufe0f<\/p>\n<\/li>\n<li>\n<p><strong>Csoportos\u00edtsd fontoss\u00e1guk szerint<\/strong> \ud83d\udd24<\/p>\n<ol style=\"list-style-type: upper-alpha\">\n<li>\u00a0nagyon fontos<\/li>\n<li>fontos<\/li>\n<li>\n<p>nem olyan fontos<\/p>\n<\/li>\n<\/ol>\n<\/li>\n<li>\n<p><strong>Gyakorold, hogy mindig az A feladatot v\u00e9gzed el a B el\u0151tt, a B feladatot a C el\u0151tt<\/strong>, m\u00e9g akkor is, ha a kedved szerint nem \u00edgy tenn\u00e9l\u00a0 \ud83d\udd01<\/p>\n<\/li>\n<li>\n<p>Ha valamit nem siker\u00fclt aznap befejezni, <strong>vigy\u00fck \u00e1t m\u00e1snapra<\/strong>. Kezdj\u00fck azzal! \u2600\ufe0f<\/p>\n<\/li>\n<\/ol>\n<table style=\"width: 80%;margin-left: 20px\">\n<thead>\n<tr>\n<td style=\"width: 50%\"><strong>Feladatok<\/strong><\/td>\n<td><strong>Elv\u00e9gz\u00e9s id\u0151pontja<\/strong><\/td>\n<\/tr>\n<\/thead>\n<tbody>\n<tr>\n<td>A&#8230;<\/td>\n<td>&nbsp;<\/td>\n<\/tr>\n<tr>\n<td>B&#8230;<\/td>\n<td>&nbsp;<\/td>\n<\/tr>\n<tr>\n<td>C&#8230;<\/td>\n<td>&nbsp;<\/td>\n<\/tr>\n<\/tbody>\n<\/table>\n<h1 style=\"text-align: center\">A gondolatok elterel\u0151d\u00e9se<\/h1>\n<p>Gyakori lass\u00edt\u00f3 probl\u00e9ma a gondolatok elterel\u0151d\u00e9se Az al\u00e1bbiakat teheted ellene:<\/p>\n<h4 style=\"text-align: left\"><b><span style=\"font-size: 18pt\">\ud83c\udf25\ufe0f <\/span><\/b><strong>Felh\u0151-technika<\/strong><\/h4>\n<ol>\n<li>Jegyezd fel a gondolatot, ami annyira foglalkoztat, hogy eltereli a figyelmedet arr\u00f3l, amit csin\u00e1lsz.\u00a0<\/li>\n<li>K\u00e9s\u0151bb, amikor r\u00e1\u00e9rsz, de m\u00e9g aznap vedd el\u0151 a jegyzeted \u00e9s gondold \u00e1t a feljegyzett gondolatokat most!<\/li>\n<\/ol>\n<h4 style=\"text-align: left\"><b><span style=\"font-size: 18pt\">\ud83c\udf45 <\/span>Pomodoro-technika:\u00a0<\/b><\/h4>\n<p>45 perc tanul\u00e1s \u00e9s 15 k\u00f6telez\u0151 perc sz\u00fcnet akkor is, ha nagyon lend\u00fcletben vagyunk! Ezzel \u0151rizz\u00fck meg azt, hogy a harmadik 45 percben is lend\u00fcletben legy\u00fcnk, \u00e9s ne haszn\u00e1ljuk el az \u00f6sszes tanul\u00e1si energi\u00e1nkat a nap elej\u00e9n<\/p>\n<h4 style=\"text-align: left\"><b>\u26d4\u00a0Deleg\u00e1l\u00e1s \u00e9s nemet mond\u00e1s<\/b><\/h4>\n<ol>\n<li>Amit m\u00e1s is meg tud csin\u00e1lni, azt passzoljuk m\u00e1snak.<\/li>\n<li>Ha sok nek\u00fcnk mondjunk nyugodtan nemet,\u00a0<\/li>\n<\/ol>\n<p><a href=\"https:\/\/semmelweis.hu\/reziliencia-akademia\/segitohalo\/\">itt olvashat\u00f3, hogyan tegy\u00fck mindezt\u2026<\/a><\/p>\n<h4 style=\"text-align: left\"><span style=\"font-size: 18pt\"><b>\u23f0 <\/b><\/span><b>Id\u0151blokkol\u00e1s<\/b><\/h4>\n<p>K\u00fcl\u00f6n id\u0151keretet kell biztos\u00edtani mindenre, amit meg kell tenn\u00fcnk, de f\u0151k\u00e9nt:\u00a0<\/p>\n<ul>\n<li>adminisztr\u00e1ci\u00f3<\/li>\n<li>pihen\u0151<\/li>\n<li>betegekkel val\u00f3 adminisztr\u00e1ci\u00f3<\/li>\n<li>szakmai d\u00f6nt\u00e9sek\u00a0<\/li>\n<li>tanul\u00e1s<\/li>\n<li>utaz\u00e1s\u00a0<\/li>\n<li>ev\u00e9s<\/li>\n<li><b>legyen tartal\u00e9k id\u0151 minden nap a v\u00e1ratlan helyzetekre!!!<\/b><\/li>\n<\/ul>\n<p>Az oldal tartalma coping cardk\u00e9nt is let\u00f6lthet\u0151\u00a0<a href=\"https:\/\/semmelweis.hu\/reziliencia-akademia\/files\/2025\/10\/idogazdalkodas_web.pdf\" target=\"_blank\" rel=\"noopener\">pdf form\u00e1tumban.<\/a><\/p>\n<style>\n           #page-grid .card-body > .line-clamp-box.excerpt{\n        width: inherit;\n        max-width: inherit;\n        display:flex;\n        min-height: 2.4em;\n        flex-direction: column;\n        justify-content: space-around;\n        background-color: #D6E4EA;\n        min-height: 3.4rem;\n        font-family: \"Montserrat\", sans-serif;\n    }\n\n    #page-grid a:hover .card-body > .line-clamp-box.excerpt {\n        background-color: #fff;\n        color: #313B40;\n    }\n\n    #page-grid .card-body .line-clamp-box.excerpt section{\n        max-width: inherit;\n        display: -webkit-box;\n        -webkit-line-clamp: 2;\n        -webkit-box-orient: vertical;\n        overflow: hidden;\n        text-overflow: ellipsis;\n        hyphens: auto;\n        margin: auto;\n        \n    }\n    .line-clamp-box.excerpt section, .line-clamp-box.excerpt section p{\n        font-size:0.8em;\n    }\n    \n<\/style>\n    <section id=\"page-grid\">\n        <section class=\"d-block d-md-flex title-row my-3 ml-0 ml-md-1\">\n<div class=\"section-title  mb-1 \">\n<h2>\n    A k\u00e9pz\u00e9s elemei\n<\/h2>\n<\/div>\n<\/section>\n        <div class=\"row row-cols-1 row-cols-md-2 row-cols-lg-3 no-gutters mx-0 \">    <div class =\"col  mb-2 card-wrapper\">\n        <a class=\"d-flex flex-fill card-link-warapper m-md-1\" href=\"https:\/\/semmelweis.hu\/reziliencia-akademia\/stresszkezeles\/stresszelmelet\/\">\n            <div class=\"card border border-secondary se-border flex-fill\">\n                <div class=\"row no-gutters mx-0 d-flex flex-nowrap flex-md-wrap align-items-center\">\n                    <div class =\"  col-5 col-md-12  d-none  d-md-none d-md-none  bg-image  card-image justify-content-center\">\n                        <img class='wp-post-image img-fluid landscape' src='https:\/\/semmelweis.hu\/reziliencia-akademia\/wp-content\/themes\/se18\/dist\/images\/svg\/bg-image.svg' \/>\n                    <\/div>\n                    <div class=\"card-body  col flex-column  col-md-12 p-0\">\n                        <div class=\"line-clamp-box p-3\">\n                            <h5 class=\"ml-0 ml-sm-1 mt-2 align-items-center\"  >Stresszelm\u00e9let<\/h5>\n                        <\/div>\n                        \n                    <\/div>\n                <\/div>\n\n            <\/div>\n        <\/a>\n    <\/div>    <div class =\"col  mb-2 card-wrapper\">\n        <a class=\"d-flex flex-fill card-link-warapper m-md-1\" href=\"https:\/\/semmelweis.hu\/reziliencia-akademia\/stresszkezeles\/gondolatolvasas\/\">\n            <div class=\"card border border-secondary se-border flex-fill\">\n                <div class=\"row no-gutters mx-0 d-flex flex-nowrap flex-md-wrap align-items-center\">\n                    <div class =\"  col-5 col-md-12  d-none  d-md-none d-md-none  bg-image  card-image justify-content-center\">\n                        <img class='wp-post-image img-fluid landscape' src='https:\/\/semmelweis.hu\/reziliencia-akademia\/wp-content\/themes\/se18\/dist\/images\/svg\/bg-image.svg' \/>\n                    <\/div>\n                    <div class=\"card-body  col flex-column  col-md-12 p-0\">\n                        <div class=\"line-clamp-box p-3\">\n                            <h5 class=\"ml-0 ml-sm-1 mt-2 align-items-center\"  >Gondolatolvas\u00e1s<\/h5>\n                        <\/div>\n                        \n                    <\/div>\n                <\/div>\n\n            <\/div>\n        <\/a>\n    <\/div>    <div class =\"col  mb-2 card-wrapper\">\n        <a class=\"d-flex flex-fill card-link-warapper m-md-1\" href=\"https:\/\/semmelweis.hu\/reziliencia-akademia\/stresszkezeles\/relaxacio\/\">\n            <div class=\"card border border-secondary se-border flex-fill\">\n                <div class=\"row no-gutters mx-0 d-flex flex-nowrap flex-md-wrap align-items-center\">\n                    <div class =\"  col-5 col-md-12  d-none  d-md-none d-md-none  bg-image  card-image justify-content-center\">\n                        <img class='wp-post-image img-fluid landscape' src='https:\/\/semmelweis.hu\/reziliencia-akademia\/wp-content\/themes\/se18\/dist\/images\/svg\/bg-image.svg' \/>\n                    <\/div>\n                    <div class=\"card-body  col flex-column  col-md-12 p-0\">\n                        <div class=\"line-clamp-box p-3\">\n                            <h5 class=\"ml-0 ml-sm-1 mt-2 align-items-center\"  >Relax\u00e1ci\u00f3s technik\u00e1k<\/h5>\n                        <\/div>\n                        \n                    <\/div>\n                <\/div>\n\n            <\/div>\n        <\/a>\n    <\/div>    <div class =\"col  mb-2 card-wrapper\">\n        <a class=\"d-flex flex-fill card-link-warapper m-md-1\" href=\"https:\/\/semmelweis.hu\/reziliencia-akademia\/stresszkezeles\/rugalmas-gondolkodas\/\">\n            <div class=\"card border border-secondary se-border flex-fill\">\n                <div class=\"row no-gutters mx-0 d-flex flex-nowrap flex-md-wrap align-items-center\">\n                    <div class =\"  col-5 col-md-12  d-none  d-md-none d-md-none  bg-image  card-image justify-content-center\">\n                        <img class='wp-post-image img-fluid landscape' src='https:\/\/semmelweis.hu\/reziliencia-akademia\/wp-content\/themes\/se18\/dist\/images\/svg\/bg-image.svg' \/>\n                    <\/div>\n                    <div class=\"card-body  col flex-column  col-md-12 p-0\">\n                        <div class=\"line-clamp-box p-3\">\n                            <h5 class=\"ml-0 ml-sm-1 mt-2 align-items-center\"  >Rugalmas gondolkod\u00e1s<\/h5>\n                        <\/div>\n                        \n                    <\/div>\n                <\/div>\n\n            <\/div>\n        <\/a>\n    <\/div>    <div class =\"col  mb-2 card-wrapper\">\n        <a class=\"d-flex flex-fill card-link-warapper m-md-1\" href=\"https:\/\/semmelweis.hu\/reziliencia-akademia\/stresszkezeles\/idogazdalkodas\/\">\n            <div class=\"card border border-secondary se-border flex-fill\">\n                <div class=\"row no-gutters mx-0 d-flex flex-nowrap flex-md-wrap align-items-center\">\n                    <div class =\"  col-5 col-md-12  d-none  d-md-none d-md-none  bg-image  card-image justify-content-center\">\n                        <img class='wp-post-image img-fluid landscape' src='https:\/\/semmelweis.hu\/reziliencia-akademia\/wp-content\/themes\/se18\/dist\/images\/svg\/bg-image.svg' \/>\n                    <\/div>\n                    <div class=\"card-body  col flex-column  col-md-12 p-0\">\n                        <div class=\"line-clamp-box p-3\">\n                            <h5 class=\"ml-0 ml-sm-1 mt-2 align-items-center\"  >Id\u0151gazd\u00e1lkod\u00e1s<\/h5>\n                        <\/div>\n                        \n                    <\/div>\n                <\/div>\n\n            <\/div>\n        <\/a>\n    <\/div>        <\/div>\n    <\/section>\n<div class=\"keretes w-100\" style=\"border: 0px solid !important; background-color: #ffe79f !important;\">\n<h5><span style=\"font-size: 14pt;\">A <a href=\"https:\/\/semmelweis.hu\/reziliencia-akademia\/\">Reziliencia Akad\u00e9mia<\/a> programj\u00e1t a <\/span><span style=\"font-size: 14pt;\"><a href=\"https:\/\/www.merckgroup.com\/en\" target=\"_blank\" rel=\"noopener\"><img loading=\"lazy\" decoding=\"async\" class=\"alignnone wp-image-497 \" src=\"https:\/\/semmelweis.hu\/reziliencia-akademia\/files\/2025\/09\/MERCK_LOGO_Rich_RGB.png\" alt=\"\" width=\"117\" height=\"20\" \/><\/a><\/span><span style=\"font-size: 14pt;\">t\u00e1mogatja. <\/span><span style=\"font-size: 14pt;\">A weboldal tartalm\u00e1t a Semmelweis Egyetem <a href=\"https:\/\/semmelweis.hu\/magtud\/\" target=\"_blank\" rel=\"noopener\">Magatart\u00e1studom\u00e1nyi Int\u00e9zete<\/a> k\u00e9sz\u00edtette.\u00a0<\/span><\/h5>\n<\/div>\n\n","protected":false},"excerpt":{"rendered":"<p>Az id\u0151gazd\u00e1lkod\u00e1sr\u00f3l \u231a \u2753Mi\u00e9rt van sz\u00fcks\u00e9g id\u0151gazd\u00e1lkod\u00e1sra? Inform\u00e1ci\u00f3s t\u00falterhel\u00e9s Nagy id\u0151nyom\u00e1s a feladatokban Mindezek miatt roml\u00f3 figyelem \u00e9s koncentr\u00e1ci\u00f3 \ud83d\udc4cMire j\u00f3 az id\u0151gazd\u00e1lkod\u00e1s? Kevesebb stressz Nagyon hat\u00e9konys\u00e1g Kevesebb hiba \u00e9s t\u00e9ved\u00e9s El\u00e9gedett koll\u00e9g\u00e1k \u00e9s betegek Hogyan \u00e1lljunk neki? Ne t\u00f6lts t\u00fal sok id\u0151t a megfelel\u0151 id\u0151gazd\u00e1lkod\u00e1si technika megtal\u00e1l\u00e1s\u00e1val, el\u0151sz\u00f6r vezess napl\u00f3t, hogy megtal\u00e1ld jelenlegi id\u0151gazd\u00e1lkod\u00e1sod &hellip;<\/p>\n","protected":false},"author":110,"featured_media":0,"parent":293,"menu_order":5,"comment_status":"closed","ping_status":"closed","template":"template-fullwidth.php","meta":{"_acf_changed":false,"footnotes":""},"categories":[],"tags":[],"class_list":["post-27","page","type-page","status-publish","hentry"],"acf":[],"_links":{"self":[{"href":"https:\/\/semmelweis.hu\/reziliencia-akademia\/wp-json\/wp\/v2\/pages\/27","targetHints":{"allow":["GET"]}}],"collection":[{"href":"https:\/\/semmelweis.hu\/reziliencia-akademia\/wp-json\/wp\/v2\/pages"}],"about":[{"href":"https:\/\/semmelweis.hu\/reziliencia-akademia\/wp-json\/wp\/v2\/types\/page"}],"author":[{"embeddable":true,"href":"https:\/\/semmelweis.hu\/reziliencia-akademia\/wp-json\/wp\/v2\/users\/110"}],"replies":[{"embeddable":true,"href":"https:\/\/semmelweis.hu\/reziliencia-akademia\/wp-json\/wp\/v2\/comments?post=27"}],"version-history":[{"count":10,"href":"https:\/\/semmelweis.hu\/reziliencia-akademia\/wp-json\/wp\/v2\/pages\/27\/revisions"}],"predecessor-version":[{"id":698,"href":"https:\/\/semmelweis.hu\/reziliencia-akademia\/wp-json\/wp\/v2\/pages\/27\/revisions\/698"}],"up":[{"embeddable":true,"href":"https:\/\/semmelweis.hu\/reziliencia-akademia\/wp-json\/wp\/v2\/pages\/293"}],"wp:attachment":[{"href":"https:\/\/semmelweis.hu\/reziliencia-akademia\/wp-json\/wp\/v2\/media?parent=27"}],"wp:term":[{"taxonomy":"category","embeddable":true,"href":"https:\/\/semmelweis.hu\/reziliencia-akademia\/wp-json\/wp\/v2\/categories?post=27"},{"taxonomy":"post_tag","embeddable":true,"href":"https:\/\/semmelweis.hu\/reziliencia-akademia\/wp-json\/wp\/v2\/tags?post=27"}],"curies":[{"name":"wp","href":"https:\/\/api.w.org\/{rel}","templated":true}]}}