{"id":874,"date":"2025-10-21T13:46:07","date_gmt":"2025-10-21T11:46:07","guid":{"rendered":"https:\/\/semmelweis.hu\/reumatologia\/?page_id=874"},"modified":"2025-10-21T13:59:07","modified_gmt":"2025-10-21T11:59:07","slug":"gyik","status":"publish","type":"page","link":"https:\/\/semmelweis.hu\/reumatologia\/gyik\/","title":{"rendered":"GYIK"},"content":{"rendered":"            <div class=\"qae-faqs-container qae-faqs-toggle-container\">\n\t\t\t\t<h3 class=\"qe-faqs-group-title\">Gyakori K\u00e9rd\u00e9sek<\/h3>\t\t<div id=\"qaef-916\" class=\"qe-faq-toggle gyik\">\n\t\t\t<div class=\"qe-toggle-title\">\n\t\t\t\t<h4>\n\t\t\t\t\t<i class=\"fa fa-minus-circle\"><\/i> Mit vigyek magammal az ambulanci\u00e1ra?\t\t\t\t<\/h4>\n\t\t\t<\/div>\n\t\t\t<div class=\"qe-toggle-content\">\n\t\t\t\t<p>A h\u00e1zi orvosi vagy szakorvosi beutal\u00f3t, illetve minden relev\u00e1ns labor vizsg\u00e1lat eredm\u00e9ny\u00e9t \u00e9s r\u00e9gebbi diagn\u00f3zist. A betegir\u00e1ny\u00edt\u00f3kn\u00e1l be kell jelentkezni a vizsg\u00e1lat el\u0151tt, amihez sz\u00fcks\u00e9g van a beutal\u00f3ra, a szem\u00e9lyi, TAJ \u00e9s a lakc\u00edm k\u00e1rty\u00e1ra.<\/p>\n\t\t\t<\/div>\n\t\t<\/div>\n\t\t\t\t<div id=\"qaef-915\" class=\"qe-faq-toggle gyik\">\n\t\t\t<div class=\"qe-toggle-title\">\n\t\t\t\t<h4>\n\t\t\t\t\t<i class=\"fa fa-minus-circle\"><\/i> Mit kell magammal hoznom a fekv\u0151beteg-felv\u00e9telre?\t\t\t\t<\/h4>\n\t\t\t<\/div>\n\t\t\t<div class=\"qe-toggle-content\">\n\t\t\t\t<ul>\n<li>a felv\u00e9teli \u00e9rtes\u00edt\u0151j\u00e9t \/ beutal\u00f3j\u00e1t,<\/li>\n<li>szem\u00e9lyi igazolv\u00e1ny\/\u00fatlev\u00e9l,<\/li>\n<li>lakc\u00edmigazol\u00f3 k\u00e1rty\u00e1j\u00e1t,<\/li>\n<li>a t\u00e1rsadalombiztos\u00edt\u00e1si (TAJ) k\u00e1rty\u00e1j\u00e1t,<\/li>\n<li>el\u0151z\u0151 z\u00e1r\u00f3jelent\u00e9seit, vizsg\u00e1lati leleteit,<\/li>\n<li>r\u00f6ntgen felv\u00e9tel\u00e9t, ha birtok\u00e1ban van,<\/li>\n<li>jelenleg szedett gy\u00f3gyszereit,<\/li>\n<li>feljegyz\u00e9st az esetleges gy\u00f3gyszer-t\u00fal\u00e9rz\u00e9kenys\u00e9g\u00e9r\u0151l,<\/li>\n<li>k\u00f6zgy\u00f3gyell\u00e1t\u00e1si igazolv\u00e1ny (amennyiben van).<\/li>\n<\/ul>\n\t\t\t<\/div>\n\t\t<\/div>\n\t\t\t\t<div id=\"qaef-863\" class=\"qe-faq-toggle gyik\">\n\t\t\t<div class=\"qe-toggle-title\">\n\t\t\t\t<h4>\n\t\t\t\t\t<i class=\"fa fa-minus-circle\"><\/i> Mit hozzanak magukkal a befekv\u00e9s idej\u00e9re?\t\t\t\t<\/h4>\n\t\t\t<\/div>\n\t\t\t<div class=\"qe-toggle-content\">\n\t\t\t\t<p style=\"background: white\">A tiszt\u00e1lkod\u00e1si szereiket, szabadid\u0151 ruh\u00e1t, pizsam\u00e1t \u00e9jszak\u00e1ra, ev\u0151eszk\u00f6z\u00f6ket \u00e9s papucsot. Illetve ne felejts\u00e9k otthon az \u00e1lland\u00f3an szedett gy\u00f3gyszereiket sem. Enni \u00e9s innival\u00f3t nem kell, de \u00edzl\u00e9s szerint lehet hozni r\u00e1gcs\u00e1t, \u00e9dess\u00e9get.<\/p>\n\t\t\t<\/div>\n\t\t<\/div>\n\t\t\t\t<div id=\"qaef-864\" class=\"qe-faq-toggle gyik\">\n\t\t\t<div class=\"qe-toggle-title\">\n\t\t\t\t<h4>\n\t\t\t\t\t<i class=\"fa fa-minus-circle\"><\/i> Speci\u00e1lis \u00e9trend mellett adott az \u00e9tkeztet\u00e9s?\t\t\t\t<\/h4>\n\t\t\t<\/div>\n\t\t\t<div class=\"qe-toggle-content\">\n\t\t\t\t<p style=\"background: white\">\u00c9telallergia vagy speci\u00e1lis \u00e9trend eset\u00e9n a k\u00f3rh\u00e1z m\u00e1snap d\u00e9lt\u0151l tudja biztos\u00edtani az \u00e9tkeztet\u00e9st.<\/p>\n\t\t\t<\/div>\n\t\t<\/div>\n\t\t\t\t<div id=\"qaef-866\" class=\"qe-faq-toggle gyik\">\n\t\t\t<div class=\"qe-toggle-title\">\n\t\t\t\t<h4>\n\t\t\t\t\t<i class=\"fa fa-minus-circle\"><\/i> Mikor van a l\u00e1togat\u00e1si id\u0151?\t\t\t\t<\/h4>\n\t\t\t<\/div>\n\t\t\t<div class=\"qe-toggle-content\">\n\t\t\t\t<p>8:00-14:00 \u00e9s 16:00-19:00 k\u00f6z\u00f6tt, a betegek nyugalma \u00e9rdek\u00e9ben a csendespihen\u0151 ideje alatt 14 -16 \u00f3r\u00e1ig, valamint este 19 \u00e9s reggel 8 \u00f3ra k\u00f6z\u00f6tt k\u00e9rj\u00fck a l\u00e1togat\u00e1s mell\u0151z\u00e9s\u00e9t!<\/p>\n\t\t\t<\/div>\n\t\t<\/div>\n\t\t\t\t<div id=\"qaef-867\" class=\"qe-faq-toggle gyik\">\n\t\t\t<div class=\"qe-toggle-title\">\n\t\t\t\t<h4>\n\t\t\t\t\t<i class=\"fa fa-minus-circle\"><\/i> Ki l\u00e1togathat?\t\t\t\t<\/h4>\n\t\t\t<\/div>\n\t\t\t<div class=\"qe-toggle-content\">\n\t\t\t\t<p>K\u00e9rj\u00fck, hogy kisgyermekeket ne vigyenek be a k\u00f3rtermekbe. Fert\u0151z\u0151 betegs\u00e9gben szenved\u0151k nem l\u00e1togathatnak. Maszk visel\u00e9se \u00e1ltal\u00e1ban nem k\u00f6telez\u0151, azonban influenzaszezonban igen. Amennyiben sz\u00fcks\u00e9ges, az oszt\u00e1lyokon biztos\u00edtunk v\u00e9d\u0151felszerel\u00e9st (cip\u0151v\u00e9d\u0151t, maszkot, k\u00f6penyt).<\/p>\n\t\t\t<\/div>\n\t\t<\/div>\n\t\t\t\t<div id=\"qaef-873\" class=\"qe-faq-toggle gyik\">\n\t\t\t<div class=\"qe-toggle-title\">\n\t\t\t\t<h4>\n\t\t\t\t\t<i class=\"fa fa-minus-circle\"><\/i> Fal melletti vagy alacsony \u00e1gy van-e?\t\t\t\t<\/h4>\n\t\t\t<\/div>\n\t\t\t<div class=\"qe-toggle-content\">\n\t\t\t\t<p>Az \u00e1gyakat \u00e9rkez\u00e9si sorrendben adjuk ki, mindig a felszabadult helyek szerint. Az \u00e1gyak az \u00e1tlagosn\u00e1l magasabbak, de k\u00e9r\u00e9sre fell\u00e9p\u0151t tudunk biztos\u00edtani.<\/p>\n\t\t\t<\/div>\n\t\t<\/div>\n\t\t\t\t<div id=\"qaef-872\" class=\"qe-faq-toggle gyik\">\n\t\t\t<div class=\"qe-toggle-title\">\n\t\t\t\t<h4>\n\t\t\t\t\t<i class=\"fa fa-minus-circle\"><\/i> K\u00f3rtermenk\u00e9nt van saj\u00e1t f\u00fcrd\u0151szoba?\t\t\t\t<\/h4>\n\t\t\t<\/div>\n\t\t\t<div class=\"qe-toggle-content\">\n\t\t\t\t<p style=\"background: white\">K\u00f6z\u00f6s f\u00fcrd\u0151 van szintenk\u00e9nt, de nem koeduk\u00e1lt.<\/p>\n\t\t\t<\/div>\n\t\t<\/div>\n\t\t\t\t<div id=\"qaef-871\" class=\"qe-faq-toggle gyik\">\n\t\t\t<div class=\"qe-toggle-title\">\n\t\t\t\t<h4>\n\t\t\t\t\t<i class=\"fa fa-minus-circle\"><\/i> H\u00e1ny \u00e1gyasak a k\u00f3rtermek?\t\t\t\t<\/h4>\n\t\t\t<\/div>\n\t\t\t<div class=\"qe-toggle-content\">\n\t\t\t\t<p>4-6 \u00e1gyasak a k\u00f3rtermek. K\u00e9t \u00e1gyas k\u00f3rterem sajnos nincs.<\/p>\n\t\t\t<\/div>\n\t\t<\/div>\n\t\t\t\t<div id=\"qaef-870\" class=\"qe-faq-toggle gyik\">\n\t\t\t<div class=\"qe-toggle-title\">\n\t\t\t\t<h4>\n\t\t\t\t\t<i class=\"fa fa-minus-circle\"><\/i> TV van?\t\t\t\t<\/h4>\n\t\t\t<\/div>\n\t\t\t<div class=\"qe-toggle-content\">\n\t\t\t\t<p>Sajnos nincs.<\/p>\n\t\t\t<\/div>\n\t\t<\/div>\n\t\t\t\t<div id=\"qaef-869\" class=\"qe-faq-toggle gyik\">\n\t\t\t<div class=\"qe-toggle-title\">\n\t\t\t\t<h4>\n\t\t\t\t\t<i class=\"fa fa-minus-circle\"><\/i> Wifi van?\t\t\t\t<\/h4>\n\t\t\t<\/div>\n\t\t\t<div class=\"qe-toggle-content\">\n\t\t\t\t<p>Igen, a 1023 Budapest, Frankel Le\u00f3 u. 38-40.-ben a k\u00f3d: 943AE735B8<\/p>\n\t\t\t<\/div>\n\t\t<\/div>\n\t\t\t\t<div id=\"qaef-868\" class=\"qe-faq-toggle gyik\">\n\t\t\t<div class=\"qe-toggle-title\">\n\t\t\t\t<h4>\n\t\t\t\t\t<i class=\"fa fa-minus-circle\"><\/i> B\u00fcf\u00e9 van?\t\t\t\t<\/h4>\n\t\t\t<\/div>\n\t\t\t<div class=\"qe-toggle-content\">\n\t\t\t\t<p style=\"background: white\">Igen, h\u00e9tf\u0151t\u0151l p\u00e9ntekig tartanak nyitva. Illetve k\u00e1v\u00e9- \u00e9s italautomat\u00e1k is vannak az \u00e9p\u00fcletekben.<\/p>\n\t\t\t<\/div>\n\t\t<\/div>\n\t\t\t\t<div id=\"qaef-865\" class=\"qe-faq-toggle gyik\">\n\t\t\t<div class=\"qe-toggle-title\">\n\t\t\t\t<h4>\n\t\t\t\t\t<i class=\"fa fa-minus-circle\"><\/i> H\u0171t\u0151 van?\t\t\t\t<\/h4>\n\t\t\t<\/div>\n\t\t\t<div class=\"qe-toggle-content\">\n\t\t\t\t<p>Van. Az el nem fogyasztott \u00e9lelmiszereket a h\u0171t\u0151szekr\u00e9nyben kell t\u00e1rolni, melyet a beteg nev\u00e9vel \u00e9s a k\u00f3rterem sz\u00e1m\u00e1val jel\u00f6lni sz\u00fcks\u00e9ges. A h\u0171t\u0151szekr\u00e9nyben t\u00e1rolt \u00e9lelmiszerek szavatoss\u00e1gi idej\u00e9\u00e9rt a Klinika nem v\u00e1llal felel\u0151ss\u00e9get. A betegell\u00e1t\u00f3 oszt\u00e1lyr\u00f3l t\u00f6rt\u00e9n\u0151 t\u00e1voz\u00e1sakor az \u00e9lelmiszereket el kell t\u00e1vol\u00edtania a h\u0171t\u0151szekr\u00e9nyb\u0151l.<\/p>\n\t\t\t<\/div>\n\t\t<\/div>\n\t\t            <\/div>\n\t\t\n","protected":false},"excerpt":{"rendered":"","protected":false},"author":102538,"featured_media":0,"parent":0,"menu_order":0,"comment_status":"closed","ping_status":"closed","template":"","meta":{"_acf_changed":false,"footnotes":""},"categories":[],"tags":[],"class_list":["post-874","page","type-page","status-publish","hentry"],"acf":[],"_links":{"self":[{"href":"https:\/\/semmelweis.hu\/reumatologia\/wp-json\/wp\/v2\/pages\/874","targetHints":{"allow":["GET"]}}],"collection":[{"href":"https:\/\/semmelweis.hu\/reumatologia\/wp-json\/wp\/v2\/pages"}],"about":[{"href":"https:\/\/semmelweis.hu\/reumatologia\/wp-json\/wp\/v2\/types\/page"}],"author":[{"embeddable":true,"href":"https:\/\/semmelweis.hu\/reumatologia\/wp-json\/wp\/v2\/users\/102538"}],"replies":[{"embeddable":true,"href":"https:\/\/semmelweis.hu\/reumatologia\/wp-json\/wp\/v2\/comments?post=874"}],"version-history":[{"count":4,"href":"https:\/\/semmelweis.hu\/reumatologia\/wp-json\/wp\/v2\/pages\/874\/revisions"}],"predecessor-version":[{"id":880,"href":"https:\/\/semmelweis.hu\/reumatologia\/wp-json\/wp\/v2\/pages\/874\/revisions\/880"}],"wp:attachment":[{"href":"https:\/\/semmelweis.hu\/reumatologia\/wp-json\/wp\/v2\/media?parent=874"}],"wp:term":[{"taxonomy":"category","embeddable":true,"href":"https:\/\/semmelweis.hu\/reumatologia\/wp-json\/wp\/v2\/categories?post=874"},{"taxonomy":"post_tag","embeddable":true,"href":"https:\/\/semmelweis.hu\/reumatologia\/wp-json\/wp\/v2\/tags?post=874"}],"curies":[{"name":"wp","href":"https:\/\/api.w.org\/{rel}","templated":true}]}}