{"id":553,"date":"2025-03-25T15:21:45","date_gmt":"2025-03-25T14:21:45","guid":{"rendered":"https:\/\/semmelweis.hu\/reumatologia\/?page_id=553"},"modified":"2026-02-02T13:14:29","modified_gmt":"2026-02-02T12:14:29","slug":"phd-oktatas","status":"publish","type":"page","link":"https:\/\/semmelweis.hu\/reumatologia\/oktatas\/phd-oktatas\/","title":{"rendered":"PhD oktat\u00e1s"},"content":{"rendered":"<p>Klinik\u00e1nk r\u00e9szt vesz a PhD hallgat\u00f3k k\u00e9pz\u00e9s\u00e9ben is. T\u00e9m\u00e1ink a Molekul\u00e1ris Orvostudom\u00e1nyi Tagozat 05-\u00f6s Elm\u00e9leti \u00e9s klinikai immunol\u00f3gia \u00e9s reumatol\u00f3gia programj\u00e1nak keret\u00e9ben \u00e9rhet\u0151ek el.<\/p>\n<p><a href=\"https:\/\/semmelweis.hu\/phd\/doktori-tagozatok\/molekularis-orvostudomanyi-tagozat\/\" target=\"_blank\" rel=\"noopener\">B\u0151vebb inform\u00e1ci\u00f3 olvashat\u00f3 a Doktori Iskola honlapj\u00e1n \u2192<\/a><\/p>\n","protected":false},"excerpt":{"rendered":"<p>Klinik\u00e1nk r\u00e9szt vesz a PhD hallgat\u00f3k k\u00e9pz\u00e9s\u00e9ben is. T\u00e9m\u00e1ink a Molekul\u00e1ris Orvostudom\u00e1nyi Tagozat 05-\u00f6s Elm\u00e9leti \u00e9s klinikai immunol\u00f3gia \u00e9s reumatol\u00f3gia programj\u00e1nak keret\u00e9ben \u00e9rhet\u0151ek el.<br \/>\n<a href=\"https:\/\/semmelweis.hu\/phd\/doktori-tagozatok\/molekularis-orvostudomanyi-tagozat\/\" target=\"_blank\" rel=\"noopener\">B\u0151vebb inform\u00e1ci\u00f3 olvashat\u00f3 a Doktori Iskola honlapj\u00e1n \u2192<\/a><\/p>\n","protected":false},"author":12,"featured_media":0,"parent":242,"menu_order":3,"comment_status":"closed","ping_status":"closed","template":"","meta":{"_acf_changed":false,"footnotes":""},"categories":[],"tags":[],"class_list":["post-553","page","type-page","status-publish","hentry"],"acf":[],"_links":{"self":[{"href":"https:\/\/semmelweis.hu\/reumatologia\/wp-json\/wp\/v2\/pages\/553","targetHints":{"allow":["GET"]}}],"collection":[{"href":"https:\/\/semmelweis.hu\/reumatologia\/wp-json\/wp\/v2\/pages"}],"about":[{"href":"https:\/\/semmelweis.hu\/reumatologia\/wp-json\/wp\/v2\/types\/page"}],"author":[{"embeddable":true,"href":"https:\/\/semmelweis.hu\/reumatologia\/wp-json\/wp\/v2\/users\/12"}],"replies":[{"embeddable":true,"href":"https:\/\/semmelweis.hu\/reumatologia\/wp-json\/wp\/v2\/comments?post=553"}],"version-history":[{"count":2,"href":"https:\/\/semmelweis.hu\/reumatologia\/wp-json\/wp\/v2\/pages\/553\/revisions"}],"predecessor-version":[{"id":970,"href":"https:\/\/semmelweis.hu\/reumatologia\/wp-json\/wp\/v2\/pages\/553\/revisions\/970"}],"up":[{"embeddable":true,"href":"https:\/\/semmelweis.hu\/reumatologia\/wp-json\/wp\/v2\/pages\/242"}],"wp:attachment":[{"href":"https:\/\/semmelweis.hu\/reumatologia\/wp-json\/wp\/v2\/media?parent=553"}],"wp:term":[{"taxonomy":"category","embeddable":true,"href":"https:\/\/semmelweis.hu\/reumatologia\/wp-json\/wp\/v2\/categories?post=553"},{"taxonomy":"post_tag","embeddable":true,"href":"https:\/\/semmelweis.hu\/reumatologia\/wp-json\/wp\/v2\/tags?post=553"}],"curies":[{"name":"wp","href":"https:\/\/api.w.org\/{rel}","templated":true}]}}