{"id":245,"date":"2020-12-29T16:28:58","date_gmt":"2020-12-29T15:28:58","guid":{"rendered":"https:\/\/semmelweis.hu\/reumatologia\/?page_id=245"},"modified":"2025-03-25T16:00:54","modified_gmt":"2025-03-25T15:00:54","slug":"kutatas","status":"publish","type":"page","link":"https:\/\/semmelweis.hu\/reumatologia\/kutatas\/","title":{"rendered":"Kutat\u00e1s"},"content":{"rendered":"<div class=\"keretes w-100\">\n<p>Az oktat\u00e1s mellett a klinik\u00e1n fontos szerep jut a kutat\u00e1snak, mind alapkutat\u00e1si, mind pedig klinikai \u00e9s transzl\u00e1ci\u00f3s szinten, r\u00e9szben m\u00e1s egyetemi int\u00e9zetekkel \u00e9s klinik\u00e1kkal egy\u00fcttm\u0171k\u00f6d\u00e9sben. Kiemelt hangs\u00falyt kap az ut\u00e1np\u00f3tl\u00e1s-nevel\u00e9s a tudom\u00e1nyos di\u00e1kk\u00f6r\u00f6s \u00e9s a PhD-hallgat\u00f3k tudom\u00e1nyos munk\u00e1ba val\u00f3 bevon\u00e1s\u00e1val.<\/p>\n<\/div>\n<h4><strong>A Klinik\u00e1n foly\u00f3 kutat\u00e1si munka f\u0151bb ir\u00e1nyai:\u00a0<\/strong><\/h4>\n<ol>\n<li>\n<p>Experiment\u00e1lis reumatol\u00f3giai vizsg\u00e1latok, melyek c\u00e9lja a gyullad\u00e1sos mozg\u00e1sszervi betegs\u00e9gek k\u00eds\u00e9rletes \u00e1llatmodelljeiben szerepet j\u00e1tsz\u00f3 sejtek (p\u00e9ld\u00e1ul a neutrofil granulocit\u00e1k, a szinovi\u00e1lis fibroblasztok, stb.) funkci\u00f3inak \u00e9s jel\u00e1tviteli folyamatainak min\u00e9l pontosabb megismer\u00e9se, valamint \u00fajabb potenci\u00e1lis gy\u00f3gyszeres t\u00e1mad\u00e1spontok azonos\u00edt\u00e1sa.<\/p>\n<\/li>\n<li>\n<p>A reumatol\u00f3giai \u00e9s a k\u00fcl\u00f6nf\u00e9le sziszt\u00e9m\u00e1s autoimmun betegs\u00e9gek cardiovascularis vonatkoz\u00e1sainak vizsg\u00e1lata.<\/p>\n<\/li>\n<li>\n<p>A nemzetk\u00f6zi munkacsoportok munk\u00e1j\u00e1ban, a klasszifik\u00e1ci\u00f3s\/diagnosztikus krit\u00e9riumrendszerek \u00e9s a ter\u00e1pi\u00e1s aj\u00e1nl\u00e1sok kidolgoz\u00e1s\u00e1ban, valamint a klinikai vizsg\u00e1latok tervez\u00e9s\u00e9ben \u00e9s kivitelez\u00e9s\u00e9ben t\u00f6rt\u00e9n\u0151 r\u00e9szv\u00e9tel.<\/p>\n<\/li>\n<li>\n<p>Rheumatoid arthritis \u00e9s m\u00e1s sziszt\u00e9m\u00e1s autoimmun betegs\u00e9gek korai diagnosztik\u00e1j\u00e1nak, ter\u00e1pi\u00e1s v\u00e1lasz\u00e1nak, t\u00e1rsbetegs\u00e9geinek, infekci\u00f3-prevenci\u00f3j\u00e1nak vizsg\u00e1lata.<\/p>\n<\/li>\n<li>\n<p>Nehezen kezelhet\u0151 rheumatoid arthritises betegek t\u00e1rsbetegs\u00e9geinek, ter\u00e1pi\u00e1s lehet\u0151s\u00e9geinek vizsg\u00e1lata.<\/p>\n<\/li>\n<\/ol>\n","protected":false},"excerpt":{"rendered":"<p>Az oktat\u00e1s mellett a klinik\u00e1n fontos szerep jut a kutat\u00e1snak, mind alapkutat\u00e1si, mind pedig klinikai \u00e9s transzl\u00e1ci\u00f3s szinten, r\u00e9szben m\u00e1s egyetemi int\u00e9zetekkel \u00e9s klinik\u00e1kkal egy\u00fcttm\u0171k\u00f6d\u00e9sben. Kiemelt hangs\u00falyt kap az ut\u00e1np\u00f3tl\u00e1s-nevel\u00e9s a tudom\u00e1nyos di\u00e1kk\u00f6r\u00f6s \u00e9s a PhD-hallgat\u00f3k tudom\u00e1nyos munk\u00e1ba val\u00f3 bevon\u00e1s\u00e1val. A Klinik\u00e1n foly\u00f3 kutat\u00e1si munka f\u0151bb ir\u00e1nyai:\u00a0 Experiment\u00e1lis reumatol\u00f3giai vizsg\u00e1latok, melyek c\u00e9lja a gyullad\u00e1sos mozg\u00e1sszervi &hellip;<\/p>\n","protected":false},"author":101825,"featured_media":0,"parent":0,"menu_order":3,"comment_status":"closed","ping_status":"closed","template":"template-fullwidth.php","meta":{"_acf_changed":false,"footnotes":""},"categories":[11],"tags":[],"class_list":["post-245","page","type-page","status-publish","hentry","category-nyitolap"],"acf":[],"_links":{"self":[{"href":"https:\/\/semmelweis.hu\/reumatologia\/wp-json\/wp\/v2\/pages\/245","targetHints":{"allow":["GET"]}}],"collection":[{"href":"https:\/\/semmelweis.hu\/reumatologia\/wp-json\/wp\/v2\/pages"}],"about":[{"href":"https:\/\/semmelweis.hu\/reumatologia\/wp-json\/wp\/v2\/types\/page"}],"author":[{"embeddable":true,"href":"https:\/\/semmelweis.hu\/reumatologia\/wp-json\/wp\/v2\/users\/101825"}],"replies":[{"embeddable":true,"href":"https:\/\/semmelweis.hu\/reumatologia\/wp-json\/wp\/v2\/comments?post=245"}],"version-history":[{"count":5,"href":"https:\/\/semmelweis.hu\/reumatologia\/wp-json\/wp\/v2\/pages\/245\/revisions"}],"predecessor-version":[{"id":529,"href":"https:\/\/semmelweis.hu\/reumatologia\/wp-json\/wp\/v2\/pages\/245\/revisions\/529"}],"wp:attachment":[{"href":"https:\/\/semmelweis.hu\/reumatologia\/wp-json\/wp\/v2\/media?parent=245"}],"wp:term":[{"taxonomy":"category","embeddable":true,"href":"https:\/\/semmelweis.hu\/reumatologia\/wp-json\/wp\/v2\/categories?post=245"},{"taxonomy":"post_tag","embeddable":true,"href":"https:\/\/semmelweis.hu\/reumatologia\/wp-json\/wp\/v2\/tags?post=245"}],"curies":[{"name":"wp","href":"https:\/\/api.w.org\/{rel}","templated":true}]}}