{"id":34,"date":"2022-05-02T15:04:08","date_gmt":"2022-05-02T13:04:08","guid":{"rendered":"https:\/\/semmelweis.hu\/rendezveny\/?page_id=34"},"modified":"2024-09-13T13:59:01","modified_gmt":"2024-09-13T11:59:01","slug":"feladatok","status":"publish","type":"page","link":"https:\/\/semmelweis.hu\/rendezveny\/feladatok\/","title":{"rendered":"A Rendezv\u00e9nyszervez\u00e9si Igazgat\u00f3s\u00e1g feladatai"},"content":{"rendered":"<p>A Rendezv\u00e9nyszervez\u00e9si Igazgat\u00f3s\u00e1g a <a href=\"https:\/\/semmelweis.hu\/kommunikacio\/\" target=\"_blank\" rel=\"noopener\">Marketing \u00e9s a Kommunik\u00e1ci\u00f3s F\u0151igazgat\u00f3s\u00e1g<\/a> al\u00e1 tartoz\u00f3 \u00f6n\u00e1ll\u00f3 szervezeti egys\u00e9g. Igazgat\u00f3s\u00e1gunk c\u00e9lja a Semmelweis Egyetem szellemis\u00e9g\u00e9t, \u00e9rt\u00e9k\u00e9t t\u00fckr\u00f6z\u0151 rendezv\u00e9nyek magas sz\u00ednvonal\u00fa lebonyol\u00edt\u00e1s\u00e1nak biztos\u00edt\u00e1sa.<\/p>\n<p>&nbsp;<\/p>\n<p><img loading=\"lazy\" decoding=\"async\" class=\" wp-image-17046 aligncenter\" src=\"https:\/\/semmelweis.hu\/rendezveny\/files\/2024\/09\/RS200936_433A7979-1-400x267.jpg\" alt=\"\" width=\"693\" height=\"463\" srcset=\"https:\/\/semmelweis.hu\/rendezveny\/files\/2024\/09\/RS200936_433A7979-1-400x267.jpg 400w, https:\/\/semmelweis.hu\/rendezveny\/files\/2024\/09\/RS200936_433A7979-1-1024x683.jpg 1024w, https:\/\/semmelweis.hu\/rendezveny\/files\/2024\/09\/RS200936_433A7979-1-768x512.jpg 768w, https:\/\/semmelweis.hu\/rendezveny\/files\/2024\/09\/RS200936_433A7979-1-1536x1024.jpg 1536w, https:\/\/semmelweis.hu\/rendezveny\/files\/2024\/09\/RS200936_433A7979-1-2048x1365.jpg 2048w, https:\/\/semmelweis.hu\/rendezveny\/files\/2024\/09\/RS200936_433A7979-1-753x502.jpg 753w, https:\/\/semmelweis.hu\/rendezveny\/files\/2024\/09\/RS200936_433A7979-1-203x135.jpg 203w\" sizes=\"auto, (max-width: 693px) 100vw, 693px\" \/><\/p>\n<p>&nbsp;<\/p>\n<p><b>Legfontosabb feladataink:<\/b><\/p>\n<ul>\n<li>az egyetem k\u00f6zponti rendezv\u00e9nyeinek teljes k\u00f6r\u0171 szervez\u00e9se, lebonyol\u00edt\u00e1sa<\/li>\n<li>a \u201eszalon-rendezv\u00e9nyek\u201d szervez\u00e9se, lebonyol\u00edt\u00e1sa<\/li>\n<li>az egyetemi szervezeti egys\u00e9gek \u00f6n\u00e1ll\u00f3 rendezv\u00e9nyeinek seg\u00edt\u00e9se<\/li>\n<li>a k\u00f6zponti rendezv\u00e9nyekhez kapcsol\u00f3d\u00f3 d\u00edjak, kit\u00fcntet\u00e9sek k\u00e9sz\u00edttet\u00e9se<\/li>\n<\/ul>\n<p>A Rendezv\u00e9nyszervez\u00e9si Igazgat\u00f3s\u00e1g szervezi az egyetemi k\u00f6zponti rendezv\u00e9nyeit: Tan\u00e9vnyit\u00f3, Dies Academicus, 1956-os megeml\u00e9kez\u00e9s, 1848\/49-es megeml\u00e9kez\u00e9s, Semmelweis Nap, az Avat\u00e1sok \u00e9s Diplomaoszt\u00f3 cerem\u00f3ni\u00e1k, Kar\u00e1csonyi Tea, Doctor Honoris Causa, Educatio Oktat\u00e1si Expo, valamint a Semmelweis Egyetem Bora, a Semmelweis Szalon, tov\u00e1bb\u00e1 a Harm\u00f3nia Orvosklub rendezv\u00e9nyeit. A<\/p>\n<p>\u00c9vente t\u00f6bb, mint 100 olyan rendezv\u00e9ny van az egyetemen, melynek szervez\u00e9s\u00e9vel, lebonyol\u00edt\u00e1s\u00e1val kapcsolatos feladatok r\u00e9sz\u00e9t vagy eg\u00e9sz\u00e9t a Rendezv\u00e9nyszervez\u00e9si Igazgat\u00f3s\u00e1g koordin\u00e1lja, a rendezv\u00e9nyszervez\u00e9si \u00e9s rendezv\u00e9nybiztos\u00edt\u00e1si szab\u00e1lyzat\u00e1hoz, a Szalon rendj\u00e9hez \u00e9s m\u00e1s szen\u00e1tusi hat\u00e1rozatokhoz igaz\u00edtva.<\/p>\n<p>Rendezv\u00e9nyekkel kapcsolatos javaslatokat, \u00e9szrev\u00e9teleket a <a href=\"mailto:rendezveny@semmelweis.hu\">rendezveny@semmelweis.hu<\/a> e-mail c\u00edmen lehet tenni.<\/p>\n<p>Szalonfoglal\u00e1si fel\u00fclet\u00fcnket az al\u00e1bbi linken \u00e9rheti el: <a href=\"https:\/\/semmelweis.hu\/rendezveny\/szalon\/\">Szalonfoglal\u00f3 Rendszer<\/a><\/p>\n","protected":false},"excerpt":{"rendered":"<p>A Rendezv\u00e9nyszervez\u00e9si Igazgat\u00f3s\u00e1g a <a href=\"https:\/\/semmelweis.hu\/kommunikacio\/\" target=\"_blank\" rel=\"noopener\">Marketing \u00e9s a Kommunik\u00e1ci\u00f3s F\u0151igazgat\u00f3s\u00e1g<\/a> al\u00e1 tartoz\u00f3 \u00f6n\u00e1ll\u00f3 szervezeti egys\u00e9g. Igazgat\u00f3s\u00e1gunk c\u00e9lja a Semmelweis Egyetem szellemis\u00e9g\u00e9t, \u00e9rt\u00e9k\u00e9t t\u00fckr\u00f6z\u0151 rendezv\u00e9nyek magas sz\u00ednvonal\u00fa lebonyol\u00edt\u00e1s\u00e1nak biztos\u00edt\u00e1sa. &nbsp; &nbsp; Legfontosabb feladataink: az egyetem k\u00f6zponti rendezv\u00e9nyeinek teljes k\u00f6r\u0171 szervez\u00e9se, lebonyol\u00edt\u00e1sa a \u201eszalon-rendezv\u00e9nyek\u201d szervez\u00e9se, lebonyol\u00edt\u00e1sa az egyetemi szervezeti egys\u00e9gek \u00f6n\u00e1ll\u00f3 rendezv\u00e9nyeinek seg\u00edt\u00e9se a k\u00f6zponti rendezv\u00e9nyekhez kapcsol\u00f3d\u00f3 d\u00edjak, kit\u00fcntet\u00e9sek k\u00e9sz\u00edttet\u00e9se A Rendezv\u00e9nyszervez\u00e9si Igazgat\u00f3s\u00e1g &hellip;<\/p>\n","protected":false},"author":101987,"featured_media":17031,"parent":0,"menu_order":0,"comment_status":"closed","ping_status":"closed","template":"","meta":{"_acf_changed":false,"footnotes":""},"categories":[],"tags":[],"class_list":["post-34","page","type-page","status-publish","has-post-thumbnail","hentry"],"acf":[],"_links":{"self":[{"href":"https:\/\/semmelweis.hu\/rendezveny\/wp-json\/wp\/v2\/pages\/34","targetHints":{"allow":["GET"]}}],"collection":[{"href":"https:\/\/semmelweis.hu\/rendezveny\/wp-json\/wp\/v2\/pages"}],"about":[{"href":"https:\/\/semmelweis.hu\/rendezveny\/wp-json\/wp\/v2\/types\/page"}],"author":[{"embeddable":true,"href":"https:\/\/semmelweis.hu\/rendezveny\/wp-json\/wp\/v2\/users\/101987"}],"replies":[{"embeddable":true,"href":"https:\/\/semmelweis.hu\/rendezveny\/wp-json\/wp\/v2\/comments?post=34"}],"version-history":[{"count":10,"href":"https:\/\/semmelweis.hu\/rendezveny\/wp-json\/wp\/v2\/pages\/34\/revisions"}],"predecessor-version":[{"id":17044,"href":"https:\/\/semmelweis.hu\/rendezveny\/wp-json\/wp\/v2\/pages\/34\/revisions\/17044"}],"wp:featuredmedia":[{"embeddable":true,"href":"https:\/\/semmelweis.hu\/rendezveny\/wp-json\/wp\/v2\/media\/17031"}],"wp:attachment":[{"href":"https:\/\/semmelweis.hu\/rendezveny\/wp-json\/wp\/v2\/media?parent=34"}],"wp:term":[{"taxonomy":"category","embeddable":true,"href":"https:\/\/semmelweis.hu\/rendezveny\/wp-json\/wp\/v2\/categories?post=34"},{"taxonomy":"post_tag","embeddable":true,"href":"https:\/\/semmelweis.hu\/rendezveny\/wp-json\/wp\/v2\/tags?post=34"}],"curies":[{"name":"wp","href":"https:\/\/api.w.org\/{rel}","templated":true}]}}