{"id":5,"date":"2022-08-25T15:01:45","date_gmt":"2022-08-25T13:01:45","guid":{"rendered":"https:\/\/semmelweis.hu\/rektorikabinet\/?page_id=5"},"modified":"2025-06-25T11:43:14","modified_gmt":"2025-06-25T09:43:14","slug":"rolunk","status":"publish","type":"page","link":"https:\/\/semmelweis.hu\/rektorikabinet\/rolunk\/","title":{"rendered":"A Rektori Kabinetr\u0151l"},"content":{"rendered":"<div class=\"keretes w-100\">\n<p>A <strong>Rektori Kabinet<\/strong> a Semmelweis Egyetem \u00f6n\u00e1ll\u00f3 keretgazd\u00e1lkod\u00e1si jogk\u00f6rrel rendelkez\u0151 k\u00f6zponti szervezeti egys\u00e9ge, vezet\u0151je a kabinetvezet\u0151.<\/p>\n<p>A Rektori Kabinet a rektor jogszab\u00e1lyban, a <a href=\"https:\/\/semmelweis.hu\/jogigfoig\/dokumentumtar\/szabalyzattar\/szervezeti-es-mukodesi-szabalyzat\/\" target=\"_blank\" rel=\"noopener\">Szervezeti \u00e9s M\u0171k\u00f6d\u00e9si Szab\u00e1lyzat<\/a>ban meghat\u00e1rozott, valamint egy\u00e9b feladatainak ell\u00e1t\u00e1s\u00e1ban, jogk\u00f6reinek gyakorl\u00e1s\u00e1t seg\u00edt\u0151, abban k\u00f6zrem\u0171k\u00f6d\u0151, ezekhez kapcsol\u00f3d\u00f3 strat\u00e9giai d\u00f6nt\u00e9seket el\u0151k\u00e9sz\u00edt\u0151, v\u00e9lem\u00e9nyez\u0151, javaslattev\u0151 \u00e9s adminisztrat\u00edv feladatokat ell\u00e1t\u00f3 szervezeti egys\u00e9g, amely a rektor k\u00f6zvetlen ir\u00e1ny\u00edt\u00e1sa alatt \u00e1ll.<\/p>\n<p>A Rektori Kabinet munk\u00e1j\u00e1ban r\u00e9szt vesznek a rektorhelyettesek, valamint \u2013 a rektor ilyen rendelkez\u00e9se alapj\u00e1n, a rektor \u00e1ltal meghat\u00e1rozottak szerint \u2013 r\u00e9szt vehet a rektori tan\u00e1csad\u00f3, a rektori biztos \u00e9s a rektor \u00e1ltal kijel\u00f6lt szervezetiegys\u00e9g-vezet\u0151.<\/p>\n<\/div>\n<h4><strong>A Rektori Kabinet tov\u00e1bbi feladatai k\u00fcl\u00f6n\u00f6sen:<\/strong><\/h4>\n<ul>\n<li>strat\u00e9giai d\u00f6nt\u00e9s-el\u0151k\u00e9sz\u00edt\u0151 \u00e9s v\u00e9grehajt\u00e1s-ellen\u0151rz\u0151 tev\u00e9kenys\u00e9g, amellyel k\u00f6zvetlen\u00fcl t\u00e1mogatja a rektor, a rektorhelyettesek, valamint a rektor tan\u00e1csad\u00f3 test\u00fcleteinek munk\u00e1j\u00e1t;<\/li>\n<li>a rektor feladatk\u00f6r\u00e9be tartoz\u00f3 szakmai k\u00e9rd\u00e9sekben koncepci\u00f3k kidolgoz\u00e1sa, szervezet-\u00e9s m\u0171k\u00f6d\u00e9sfejleszt\u00e9si, valamint egy\u00e9b elemz\u00e9sek, javaslatok k\u00e9sz\u00edt\u00e9se;<\/li>\n<li>tan\u00e1csad\u00f3i tev\u00e9kenys\u00e9g ell\u00e1t\u00e1sa, el\u0151zetes \u00e1ll\u00e1sfoglal\u00e1s d\u00f6nt\u00e9si tervezetek megalapozotts\u00e1g\u00e1r\u00f3l, koncepci\u00f3k v\u00e9lem\u00e9nyez\u00e9se;<\/li>\n<li>a rektor \u00e9s a rektor \u00e1ltal vezetett egyes vezet\u0151 test\u00fcletek d\u00f6nt\u00e9seinek, javaslatainak, \u00e1ll\u00e1sfoglal\u00e1sainak el\u0151k\u00e9sz\u00edt\u00e9se, a d\u00f6nt\u00e9sek v\u00e9grehajt\u00e1s\u00e1nak nyomon k\u00f6vet\u00e9se;<\/li>\n<li>a rektor \u00e1ltal megjel\u00f6lt, alaptev\u00e9kenys\u00e9gekre vonatkoz\u00f3 c\u00e9lok vonatkoz\u00e1s\u00e1ban k\u00f6zrem\u0171k\u00f6dik az ezek teljes\u00edt\u00e9s\u00e9hez sz\u00fcks\u00e9ges anyagi \u00e9s m\u00e1s er\u0151forr\u00e1sok sz\u00fcks\u00e9gess\u00e9g\u00e9nek kijel\u00f6l\u00e9s\u00e9ben, figyelemmel k\u00eds\u00e9ri a gazdas\u00e1gi ter\u00fclet javaslatait \u00e9s adatait, a rektor r\u00e9sz\u00e9re feldolgozza ezeket, e tekintetben folyamatos kapcsolatot tart a kancell\u00e1r ir\u00e1ny\u00edt\u00e1sa alatt \u00e1ll\u00f3 szervezeti egys\u00e9gekkel, \u00e9s k\u00e9pviseli ir\u00e1nyukba a rektort;<\/li>\n<li>k\u00f6zrem\u0171k\u00f6d\u00e9s a rektor \u00e9s a rektorhelyettesek vezet\u0151i feladatainak \u00e9s hat\u00e1sk\u00f6reinek gyakorl\u00e1s\u00e1ban, amelynek keret\u00e9ben megb\u00edz\u00e1sukb\u00f3l \u00e9s nev\u00fckben elj\u00e1rhat az ir\u00e1ny\u00edtott, illetve fel\u00fcgyelt, valamint m\u00e1s szervezeti egys\u00e9gek \u00e9s vezet\u0151ik ir\u00e1ny\u00e1ba;<\/li>\n<li>a rektori vezet\u00e9s feladatk\u00f6r\u00e9be tartoz\u00f3 tev\u00e9kenys\u00e9gek ell\u00e1t\u00e1s\u00e1nak \u00f6sszehangol\u00e1sa;<\/li>\n<li>a rektor egyedi d\u00f6nt\u00e9se alapj\u00e1n k\u00f6zrem\u0171k\u00f6d\u00e9s, t\u00e1mogat\u00e1s \u2013 a kancell\u00e1r \u00e1ltal ir\u00e1ny\u00edtott szervezeti egys\u00e9gek kiv\u00e9tel\u00e9vel \u2013 valamely szervezeti egys\u00e9g r\u00e9sz\u00e9re feladatainak ell\u00e1t\u00e1s\u00e1ban;<\/li>\n<li>a Professzorok Semmelweis Koll\u00e9giuma m\u0171k\u00f6d\u00e9s\u00e9vel kapcsolatos koordin\u00e1ci\u00f3s feladatok ell\u00e1t\u00e1sa;<\/li>\n<li>a rektor \u00e1ltal vezetett \u00e9rtekezletek, megbesz\u00e9l\u00e9sek el\u0151k\u00e9sz\u00edt\u00e9se;<\/li>\n<li>a rektor k\u00fcls\u0151, k\u00fcl\u00f6n\u00f6sen nemzetk\u00f6zi megjelen\u00e9seivel kapcsolatos feladatok ell\u00e1t\u00e1sa;<\/li>\n<li>a rektor, a rektorhelyettesek tev\u00e9kenys\u00e9g\u00e9vel kapcsolatos szervez\u0151, kapcsolattart\u00f3 \u00e9s adminisztrat\u00edv feladatok, a rektor k\u00f6r\u00fcli szem\u00e9lyi titk\u00e1ri feladatok ell\u00e1t\u00e1sa;<\/li>\n<li>a K\u00f6zhaszn\u00fas\u00e1gi Fel\u00fcgyel\u0151 Bizotts\u00e1g munk\u00e1j\u00e1t t\u00e1mogat\u00f3 feladatok ell\u00e1t\u00e1sa.<\/li>\n<\/ul>\n<p><a href=\"https:\/\/semmelweis.hu\/rektorikabinet\/szervezet\/\">Tov\u00e1bb a szervezeti egys\u00e9gekhez \u2192<\/a><\/p>\n","protected":false},"excerpt":{"rendered":"<p>A Rektori Kabinet a Semmelweis Egyetem \u00f6n\u00e1ll\u00f3 keretgazd\u00e1lkod\u00e1si jogk\u00f6rrel rendelkez\u0151 k\u00f6zponti szervezeti egys\u00e9ge, vezet\u0151je a kabinetvezet\u0151.<\/p>\n<p>A Rektori Kabinet a rektor jogszab\u00e1lyban, a Szervezeti \u00e9s M\u0171k\u00f6d\u00e9si Szab\u00e1lyzatban meghat\u00e1rozott, valamint egy\u00e9b feladatainak ell\u00e1t\u00e1s\u00e1ban, jogk\u00f6reinek gyakorl\u00e1s\u00e1t seg\u00edt\u0151, abban k\u00f6zrem\u0171k\u00f6d\u0151, ezekhez kapcsol\u00f3d\u00f3 strat\u00e9giai d\u00f6nt\u00e9seket el\u0151k\u00e9sz\u00edt\u0151, v\u00e9lem\u00e9nyez\u0151, javaslattev\u0151 \u00e9s adminisztrat\u00edv feladatokat ell\u00e1t\u00f3 szervezeti egys\u00e9g, amely a rektor k\u00f6zvetlen ir\u00e1ny\u00edt\u00e1sa alatt \u00e1ll.<\/p>\n","protected":false},"author":12,"featured_media":52,"parent":0,"menu_order":0,"comment_status":"closed","ping_status":"closed","template":"","meta":{"_acf_changed":false,"footnotes":""},"categories":[],"tags":[],"class_list":["post-5","page","type-page","status-publish","has-post-thumbnail","hentry"],"acf":[],"_links":{"self":[{"href":"https:\/\/semmelweis.hu\/rektorikabinet\/wp-json\/wp\/v2\/pages\/5","targetHints":{"allow":["GET"]}}],"collection":[{"href":"https:\/\/semmelweis.hu\/rektorikabinet\/wp-json\/wp\/v2\/pages"}],"about":[{"href":"https:\/\/semmelweis.hu\/rektorikabinet\/wp-json\/wp\/v2\/types\/page"}],"author":[{"embeddable":true,"href":"https:\/\/semmelweis.hu\/rektorikabinet\/wp-json\/wp\/v2\/users\/12"}],"replies":[{"embeddable":true,"href":"https:\/\/semmelweis.hu\/rektorikabinet\/wp-json\/wp\/v2\/comments?post=5"}],"version-history":[{"count":6,"href":"https:\/\/semmelweis.hu\/rektorikabinet\/wp-json\/wp\/v2\/pages\/5\/revisions"}],"predecessor-version":[{"id":263,"href":"https:\/\/semmelweis.hu\/rektorikabinet\/wp-json\/wp\/v2\/pages\/5\/revisions\/263"}],"wp:featuredmedia":[{"embeddable":true,"href":"https:\/\/semmelweis.hu\/rektorikabinet\/wp-json\/wp\/v2\/media\/52"}],"wp:attachment":[{"href":"https:\/\/semmelweis.hu\/rektorikabinet\/wp-json\/wp\/v2\/media?parent=5"}],"wp:term":[{"taxonomy":"category","embeddable":true,"href":"https:\/\/semmelweis.hu\/rektorikabinet\/wp-json\/wp\/v2\/categories?post=5"},{"taxonomy":"post_tag","embeddable":true,"href":"https:\/\/semmelweis.hu\/rektorikabinet\/wp-json\/wp\/v2\/tags?post=5"}],"curies":[{"name":"wp","href":"https:\/\/api.w.org\/{rel}","templated":true}]}}

A Rektori Kabinetről

<div class="keretes w-100">
<p>A <strong>Rektori Kabinet</strong> a Semmelweis Egyetem önálló keretgazdálkodási jogkörrel rendelkező központi szervezeti egysége, vezetője a kabinetvezető.</p>
<p>A Rektori Kabinet a rektor jogszabályban, a <a href="https://semmelweis.hu/jogigfoig/dokumentumtar/szabalyzattar/szervezeti-es-mukodesi-szabalyzat/" target="_blank" rel="noopener">Szervezeti és Működési Szabályzat</a>ban meghatározott, valamint egyéb feladatainak ellátásában, jogköreinek gyakorlását segítő, abban közreműködő, ezekhez kapcsolódó stratégiai döntéseket előkészítő, véleményező, javaslattevő és adminisztratív feladatokat ellátó szervezeti egység, amely a rektor közvetlen irányítása alatt áll.</p>
<p>A Rektori Kabinet munkájában részt vesznek a rektorhelyettesek, valamint – a rektor ilyen rendelkezése alapján, a rektor által meghatározottak szerint – részt vehet a rektori tanácsadó, a rektori biztos és a rektor által kijelölt szervezetiegység-vezető.</p>
</div>
<h4><strong>A Rektori Kabinet további feladatai különösen:</strong></h4>
<ul>
<li>stratégiai döntés-előkészítő és végrehajtás-ellenőrző tevékenység, amellyel közvetlenül támogatja a rektor, a rektorhelyettesek, valamint a rektor tanácsadó testületeinek munkáját;</li>
<li>a rektor feladatkörébe tartozó szakmai kérdésekben koncepciók kidolgozása, szervezet-és működésfejlesztési, valamint egyéb elemzések, javaslatok készítése;</li>
<li>tanácsadói tevékenység ellátása, előzetes állásfoglalás döntési tervezetek megalapozottságáról, koncepciók véleményezése;</li>
<li>a rektor és a rektor által vezetett egyes vezető testületek döntéseinek, javaslatainak, állásfoglalásainak előkészítése, a döntések végrehajtásának nyomon követése;</li>
<li>a rektor által megjelölt, alaptevékenységekre vonatkozó célok vonatkozásában közreműködik az ezek teljesítéséhez szükséges anyagi és más erőforrások szükségességének kijelölésében, figyelemmel kíséri a gazdasági terület javaslatait és adatait, a rektor részére feldolgozza ezeket, e tekintetben folyamatos kapcsolatot tart a kancellár irányítása alatt álló szervezeti egységekkel, és képviseli irányukba a rektort;</li>
<li>közreműködés a rektor és a rektorhelyettesek vezetői feladatainak és hatásköreinek gyakorlásában, amelynek keretében megbízásukból és nevükben eljárhat az irányított, illetve felügyelt, valamint más szervezeti egységek és vezetőik irányába;</li>
<li>a rektori vezetés feladatkörébe tartozó tevékenységek ellátásának összehangolása;</li>
<li>a rektor egyedi döntése alapján közreműködés, támogatás – a kancellár által irányított szervezeti egységek kivételével – valamely szervezeti egység részére feladatainak ellátásában;</li>
<li>a Professzorok Semmelweis Kollégiuma működésével kapcsolatos koordinációs feladatok ellátása;</li>
<li>a rektor által vezetett értekezletek, megbeszélések előkészítése;</li>
<li>a rektor külső, különösen nemzetközi megjelenéseivel kapcsolatos feladatok ellátása;</li>
<li>a rektor, a rektorhelyettesek tevékenységével kapcsolatos szervező, kapcsolattartó és adminisztratív feladatok, a rektor körüli személyi titkári feladatok ellátása;</li>
<li>a Közhasznúsági Felügyelő Bizottság munkáját támogató feladatok ellátása.</li>
</ul>
<p><a href="https://semmelweis.hu/rektorikabinet/szervezet/">Tovább a szervezeti egységekhez →</a></p>

<p>A Rektori Kabinet a Semmelweis Egyetem önálló keretgazdálkodási jogkörrel rendelkező központi szervezeti egysége, vezetője a kabinetvezető.</p>
<p>A Rektori Kabinet a rektor jogszabályban, a Szervezeti és Működési Szabályzatban meghatározott, valamint egyéb feladatainak ellátásában, jogköreinek gyakorlását segítő, abban közreműködő, ezekhez kapcsolódó stratégiai döntéseket előkészítő, véleményező, javaslattevő és adminisztratív feladatokat ellátó szervezeti egység, amely a rektor közvetlen irányítása alatt áll.</p>
