{"id":28,"date":"2022-08-25T15:34:50","date_gmt":"2022-08-25T13:34:50","guid":{"rendered":"https:\/\/semmelweis.hu\/rektorikabinet\/?page_id=28"},"modified":"2023-08-01T13:22:01","modified_gmt":"2023-08-01T11:22:01","slug":"strategiai-es-fejlesztesi-rektorhelyettesi-iroda","status":"publish","type":"page","link":"https:\/\/semmelweis.hu\/rektorikabinet\/szervezet\/strategiai-es-fejlesztesi-rektorhelyettesi-iroda\/","title":{"rendered":"Strat\u00e9giai \u00e9s Fejleszt\u00e9si Rektorhelyettesi Iroda"},"content":{"rendered":"<div class=\"keretes w-100\">\n<p style=\"text-align: justify\"><strong>A Strat\u00e9giai \u00e9s Fejleszt\u00e9si Rektorhelyettesi Iroda l\u00e1tja el a <\/strong>strat\u00e9giai \u00e9s fejleszt\u00e9si rektorhelyettes d\u00f6nt\u00e9seinek szakmai el\u0151k\u00e9sz\u00edt\u00e9s\u00e9t, v\u00e9lem\u00e9nyez\u00e9s\u00e9t, a feladatok megval\u00f3sul\u00e1s\u00e1nak nyomon k\u00f6vet\u00e9s\u00e9t. R\u00e9szt vesz a k\u00f6rnyezetv\u00e9delemmel, fenntarthat\u00f3s\u00e1ggal kapcsolatos programok koordin\u00e1l\u00e1s\u00e1ban, valamint az egyetemi adom\u00e1nygy\u0171jt\u0151 tev\u00e9kenys\u00e9ghez kapcsol\u00f3d\u00f3 projektek \u00e9s kamp\u00e1nyok lebonyol\u00edt\u00e1s\u00e1ban. Szervezeti egys\u00e9ge a Min\u0151s\u00e9gbiztos\u00edt\u00e1si Oszt\u00e1ly, amely az Egyetem valamennyi szervezeti egys\u00e9g\u00e9re vonatkoz\u00f3an folyamatosan fejleszti \u00e9s m\u0171k\u00f6dteti a min\u0151s\u00e9gbiztos\u00edt\u00e1si rendszert (MIR, ISO 9001, MEES), ennek \u00e9rdek\u00e9ben rendszeres ellen\u0151rz\u00e9seket tart \u00e9s tov\u00e1bbk\u00e9pz\u00e9seket szervez. <a href=\"https:\/\/semmelweis.hu\/minoseg\/\" target=\"_blank\" rel=\"noopener\">Tov\u00e1bb a Min\u0151s\u00e9gbiztos\u00edt\u00e1si Oszt\u00e1ly intraneten el\u00e9rhet\u0151 honlapj\u00e1ra \u2192<\/a><\/p>\n<\/div>\n<p><a href=\"https:\/\/semmelweis.hu\/az-egyetemrol\/az-egyetem-bemutatasa\/a-semmelweis-egyetem-strategiaja\/\" target=\"_blank\" rel=\"noopener\">Tov\u00e1bb a Semmelweis Egyetem strat\u00e9gi\u00e1ihoz \u2192<\/a><\/p>\n<p>&nbsp;<\/p>\n<h4><strong>Munkat\u00e1rsak:<\/strong><\/h4>\n\r\n<div id=\"telefonkonyv\">\r\n  <div class=\"tel-results col-12 px-0\">\r\n      <p class=\"desc mb-1\"><span>Ha hib\u00e1s, vagy hi\u00e1nyz\u00f3 adatot tal\u00e1l, k\u00e9rj\u00fck jelezze szervezeti egys\u00e9g\u00fcnk titk\u00e1rs\u00e1g\u00e1n.<\/span><\/p>\r\n      <p class=\"desc\"><em>A telefonk\u00f6nyvben tal\u00e1lhat\u00f3 adatok nem haszn\u00e1lhat\u00f3k fel az 1995. \u00e9vi CXIX. t\u00f6rv\u00e9ny szerinti kutat\u00e1s \u00e9s k\u00f6zvetlen \u00fczletszerz\u00e9s c\u00e9lj\u00e1ra.<\/em><\/p>\r\n                <div class=\"row mx-0 mt-3 mb-3 subunit-line text-uppercase font-weight-bold \r\n                    status-SZE\">\r\n                    <div class=\"col col-12 col-md-10 pl-2 pr-0\">\r\n                        <span>Strat\u00e9giai \u00e9s Fejleszt\u00e9si Rektorhelyettesi Iroda<\/span>\r\n                    <\/div>\r\n                <\/div> \r\n          <div class=\"row mx-0 py-2 result-line emp-leader\">\r\n            <div class=\"col col-12 px-0 \"><div class=\"row mx-0 pr-2 result-line-content align-items-center\">\r\n                        <div class=\"col-12 col-md-6 px-0 \">\r\n                            <a class=\"emp-name\" href=\"https:\/\/semmelweis.hu\/telefonkonyv?emp_id=16956\"> Feket\u00e9n\u00e9 Dr. Szab\u00f3 \u00c9va <\/a>\r\n                            <br \/><span class=\"emp-phone\">strat\u00e9giai \u00e9s fejleszt\u00e9si rektorhelyettes<\/span><\/div>\r\n                        <div class=\"col-12 col-md-6 px-0\"><span class=\"emp-phone\"><i class=\"fa fa-phone\" aria-hidden=\"true\"><\/i>459-1500, 55444<\/span><span class=\"emp-email\"><i class=\"fa fa-envelope-o\" aria-hidden=\"true\"><\/i>rektorhelyettes<i class=\"fa fa-at m-0 text-body\"><\/i>semmelweis.hu<\/span>\r\n                        <\/div>\r\n                    <\/div>\r\n                \r\n            <\/div>\r\n\r\n                <div class=\"col-12 col-md-6 px-0 d-none\"><span class=\"emp-phone\"><i class=\"fa fa-phone\" aria-hidden=\"true\"><\/i>459-1500, 55444<\/span><span class=\"emp-email\"><i class=\"fa fa-envelope-o\" aria-hidden=\"true\"><\/i>rektorhelyettes<i class=\"fa fa-at m-0 text-body\"><\/i>semmelweis.hu<\/span>\r\n                <\/div>\r\n\r\n\r\n        <\/div>\r\n          <div class=\"row mx-0 py-2 result-line \">\r\n            <div class=\"col col-12 px-0 \"><div class=\"row mx-0 pr-2 result-line-content align-items-center\">\r\n                        <div class=\"col-12 col-md-6 px-0 \">\r\n                            <a class=\"emp-name\" href=\"https:\/\/semmelweis.hu\/telefonkonyv?emp_id=21749\">Dr. B\u00e1tyi Emese <\/a>\r\n                            <br \/><span class=\"emp-phone\">irodavezet\u0151<\/span><\/div>\r\n                        <div class=\"col-12 col-md-6 px-0\"><span class=\"emp-email\"><i class=\"fa fa-envelope-o\" aria-hidden=\"true\"><\/i>batyi.emese<i class=\"fa fa-at m-0 text-body\"><\/i>semmelweis.hu<\/span>\r\n                        <\/div>\r\n                    <\/div>\r\n                \r\n            <\/div>\r\n\r\n                <div class=\"col-12 col-md-6 px-0 d-none\"><span class=\"emp-email\"><i class=\"fa fa-envelope-o\" aria-hidden=\"true\"><\/i>batyi.emese<i class=\"fa fa-at m-0 text-body\"><\/i>semmelweis.hu<\/span>\r\n                <\/div>\r\n\r\n\r\n        <\/div>\r\n          <div class=\"row mx-0 py-2 result-line \">\r\n            <div class=\"col col-12 px-0 \"><div class=\"row mx-0 pr-2 result-line-content align-items-center\">\r\n                        <div class=\"col-12 col-md-6 px-0 \">\r\n                            <a class=\"emp-name\" href=\"https:\/\/semmelweis.hu\/telefonkonyv?emp_id=20306\"> B\u00facs\u00fa Szilvia <\/a>\r\n                            <br \/><span class=\"emp-phone\">adom\u00e1nyszervez\u00e9si koordin\u00e1tor<\/span><\/div>\r\n                        <div class=\"col-12 col-md-6 px-0\"><span class=\"emp-email\"><i class=\"fa fa-envelope-o\" aria-hidden=\"true\"><\/i>bucsu.szilvia<i class=\"fa fa-at m-0 text-body\"><\/i>semmelweis.hu<\/span>\r\n                        <\/div>\r\n                    <\/div>\r\n                \r\n            <\/div>\r\n\r\n                <div class=\"col-12 col-md-6 px-0 d-none\"><span class=\"emp-email\"><i class=\"fa fa-envelope-o\" aria-hidden=\"true\"><\/i>bucsu.szilvia<i class=\"fa fa-at m-0 text-body\"><\/i>semmelweis.hu<\/span>\r\n                <\/div>\r\n\r\n\r\n        <\/div><\/div><\/div>\n","protected":false},"excerpt":{"rendered":"<p>A Strat\u00e9giai \u00e9s Fejleszt\u00e9si Rektorhelyettesi Iroda l\u00e1tja el a strat\u00e9giai \u00e9s fejleszt\u00e9si rektorhelyettes d\u00f6nt\u00e9seinek szakmai el\u0151k\u00e9sz\u00edt\u00e9s\u00e9t, v\u00e9lem\u00e9nyez\u00e9s\u00e9t, a feladatok megval\u00f3sul\u00e1s\u00e1nak nyomon k\u00f6vet\u00e9s\u00e9t. R\u00e9szt vesz a k\u00f6rnyezetv\u00e9delemmel, fenntarthat\u00f3s\u00e1ggal kapcsolatos programok koordin\u00e1l\u00e1s\u00e1ban, valamint az egyetemi adom\u00e1nygy\u0171jt\u0151 tev\u00e9kenys\u00e9ghez kapcsol\u00f3d\u00f3 projektek \u00e9s kamp\u00e1nyok lebonyol\u00edt\u00e1s\u00e1ban. Szervezeti egys\u00e9ge a Min\u0151s\u00e9gbiztos\u00edt\u00e1si Oszt\u00e1ly, amely az Egyetem valamennyi szervezeti egys\u00e9g\u00e9re vonatkoz\u00f3an folyamatosan fejleszti \u00e9s &hellip;<\/p>\n","protected":false},"author":12,"featured_media":0,"parent":7,"menu_order":5,"comment_status":"closed","ping_status":"closed","template":"","meta":{"_acf_changed":false,"footnotes":""},"categories":[],"tags":[],"class_list":["post-28","page","type-page","status-publish","hentry"],"acf":[],"_links":{"self":[{"href":"https:\/\/semmelweis.hu\/rektorikabinet\/wp-json\/wp\/v2\/pages\/28","targetHints":{"allow":["GET"]}}],"collection":[{"href":"https:\/\/semmelweis.hu\/rektorikabinet\/wp-json\/wp\/v2\/pages"}],"about":[{"href":"https:\/\/semmelweis.hu\/rektorikabinet\/wp-json\/wp\/v2\/types\/page"}],"author":[{"embeddable":true,"href":"https:\/\/semmelweis.hu\/rektorikabinet\/wp-json\/wp\/v2\/users\/12"}],"replies":[{"embeddable":true,"href":"https:\/\/semmelweis.hu\/rektorikabinet\/wp-json\/wp\/v2\/comments?post=28"}],"version-history":[{"count":10,"href":"https:\/\/semmelweis.hu\/rektorikabinet\/wp-json\/wp\/v2\/pages\/28\/revisions"}],"predecessor-version":[{"id":199,"href":"https:\/\/semmelweis.hu\/rektorikabinet\/wp-json\/wp\/v2\/pages\/28\/revisions\/199"}],"up":[{"embeddable":true,"href":"https:\/\/semmelweis.hu\/rektorikabinet\/wp-json\/wp\/v2\/pages\/7"}],"wp:attachment":[{"href":"https:\/\/semmelweis.hu\/rektorikabinet\/wp-json\/wp\/v2\/media?parent=28"}],"wp:term":[{"taxonomy":"category","embeddable":true,"href":"https:\/\/semmelweis.hu\/rektorikabinet\/wp-json\/wp\/v2\/categories?post=28"},{"taxonomy":"post_tag","embeddable":true,"href":"https:\/\/semmelweis.hu\/rektorikabinet\/wp-json\/wp\/v2\/tags?post=28"}],"curies":[{"name":"wp","href":"https:\/\/api.w.org\/{rel}","templated":true}]}}