{"id":15,"date":"2022-08-25T15:16:50","date_gmt":"2022-08-25T13:16:50","guid":{"rendered":"https:\/\/semmelweis.hu\/rektorikabinet\/?page_id=15"},"modified":"2025-01-28T08:44:43","modified_gmt":"2025-01-28T07:44:43","slug":"rektori-kabinetiroda","status":"publish","type":"page","link":"https:\/\/semmelweis.hu\/rektorikabinet\/szervezet\/rektori-kabinetiroda\/","title":{"rendered":"Rektori Kabinetiroda"},"content":{"rendered":"<div class=\"keretes w-100\">\n<p>A <strong>Rektori Kabinetiroda<\/strong> l\u00e1tja el a Rektori Kabinet mindazon feladatait, amelyek nem tartoznak a Rektori Kabinet m\u00e1s szervezeti egys\u00e9g\u00e9nek feladatk\u00f6r\u00e9be. A Rektori Kabinetiroda vezet\u00e9s\u00e9t k\u00f6zvetlen\u00fcl a Rektori Kabinet kabinetvezet\u0151je l\u00e1tja el.<\/p>\n<\/div>\n<p><strong>Dr. Kormos Andrea<\/strong><br \/>\nkabinetvezet\u0151<\/p>\n<p>C\u00edm:1085 Budapest, Baross utca 22.\u00a0<br \/>\nTelefon:\u00a0+36 1 459-1500\/55188 m.<br \/>\nEmail: kormos.andrea@semmelweis.hu<\/p>\n<h4><strong>Munkat\u00e1rsak<\/strong><\/h4>\n\r\n<div id=\"telefonkonyv\">\r\n  <div class=\"tel-results col-12 px-0\">\r\n      <p class=\"desc mb-1\"><span>Ha hib\u00e1s, vagy hi\u00e1nyz\u00f3 adatot tal\u00e1l, k\u00e9rj\u00fck jelezze szervezeti egys\u00e9g\u00fcnk titk\u00e1rs\u00e1g\u00e1n.<\/span><\/p>\r\n      <p class=\"desc\"><em>A telefonk\u00f6nyvben tal\u00e1lhat\u00f3 adatok nem haszn\u00e1lhat\u00f3k fel az 1995. \u00e9vi CXIX. t\u00f6rv\u00e9ny szerinti kutat\u00e1s \u00e9s k\u00f6zvetlen \u00fczletszerz\u00e9s c\u00e9lj\u00e1ra.<\/em><\/p>\r\n                <div class=\"row mx-0 mt-3 mb-3 subunit-line text-uppercase font-weight-bold \r\n                    status-SZE\">\r\n                    <div class=\"col col-12 col-md-10 pl-2 pr-0\">\r\n                        <span>Rektori Kabinetiroda<\/span>\r\n                    <\/div>\r\n                <\/div> \r\n          <div class=\"row mx-0 py-2 result-line emp-leader\">\r\n            <div class=\"col col-12 px-0 \"><div class=\"row mx-0 pr-2 result-line-content align-items-center\">\r\n                        <div class=\"col-12 col-md-6 px-0 \">\r\n                            <a class=\"emp-name\" href=\"https:\/\/semmelweis.hu\/telefonkonyv?emp_id=14929\">Dr. Kormos Andrea <\/a>\r\n                            <br \/><span class=\"emp-phone\">kabinetvezet\u0151<\/span><\/div>\r\n                        <div class=\"col-12 col-md-6 px-0\"><span class=\"emp-phone\"><i class=\"fa fa-phone\" aria-hidden=\"true\"><\/i>459-1500\/55188, <\/span><span class=\"emp-email\"><i class=\"fa fa-envelope-o\" aria-hidden=\"true\"><\/i>kormos.andrea<i class=\"fa fa-at m-0 text-body\"><\/i>semmelweis.hu<\/span>\r\n                        <\/div>\r\n                    <\/div>\r\n                \r\n            <\/div>\r\n\r\n                <div class=\"col-12 col-md-6 px-0 d-none\"><span class=\"emp-phone\"><i class=\"fa fa-phone\" aria-hidden=\"true\"><\/i>459-1500\/55188, <\/span><span class=\"emp-email\"><i class=\"fa fa-envelope-o\" aria-hidden=\"true\"><\/i>kormos.andrea<i class=\"fa fa-at m-0 text-body\"><\/i>semmelweis.hu<\/span>\r\n                <\/div>\r\n\r\n\r\n        <\/div>\r\n          <div class=\"row mx-0 py-2 result-line \">\r\n            <div class=\"col col-12 px-0 \"><div class=\"row mx-0 pr-2 result-line-content align-items-center\">\r\n                        <div class=\"col-12 col-md-6 px-0 \">\r\n                            <a class=\"emp-name\" href=\"https:\/\/semmelweis.hu\/telefonkonyv?emp_id=14465\"> Cz\u00e9t\u00e9nyi T\u00fcnde <\/a>\r\n                            <br \/><span class=\"emp-phone\">k\u00fcl\u00fcgyi szak\u00e9rt\u0151<\/span><\/div>\r\n                        <div class=\"col-12 col-md-6 px-0\"><span class=\"emp-email\"><i class=\"fa fa-envelope-o\" aria-hidden=\"true\"><\/i>czetenyi.tunde<i class=\"fa fa-at m-0 text-body\"><\/i>semmelweis.hu<\/span>\r\n                        <\/div>\r\n                    <\/div>\r\n                \r\n            <\/div>\r\n\r\n                <div class=\"col-12 col-md-6 px-0 d-none\"><span class=\"emp-email\"><i class=\"fa fa-envelope-o\" aria-hidden=\"true\"><\/i>czetenyi.tunde<i class=\"fa fa-at m-0 text-body\"><\/i>semmelweis.hu<\/span>\r\n                <\/div>\r\n\r\n\r\n        <\/div>\r\n          <div class=\"row mx-0 py-2 result-line \">\r\n            <div class=\"col col-12 px-0 \"><div class=\"row mx-0 pr-2 result-line-content align-items-center\">\r\n                        <div class=\"col-12 col-md-6 px-0 \">\r\n                            <a class=\"emp-name\" href=\"https:\/\/semmelweis.hu\/telefonkonyv?emp_id=19470\"> Dub\u00f3czky Gergely <\/a>\r\n                            <br \/><span class=\"emp-phone\">mesteroktat\u00f3<\/span><\/div>\r\n                        <div class=\"col-12 col-md-6 px-0\"><span class=\"emp-email\"><i class=\"fa fa-envelope-o\" aria-hidden=\"true\"><\/i>duboczky.gergely<i class=\"fa fa-at m-0 text-body\"><\/i>semmelweis.hu<\/span>\r\n                        <\/div>\r\n                    <\/div>\r\n                \r\n            <\/div>\r\n\r\n                <div class=\"col-12 col-md-6 px-0 d-none\"><span class=\"emp-email\"><i class=\"fa fa-envelope-o\" aria-hidden=\"true\"><\/i>duboczky.gergely<i class=\"fa fa-at m-0 text-body\"><\/i>semmelweis.hu<\/span>\r\n                <\/div>\r\n\r\n\r\n        <\/div>\r\n          <div class=\"row mx-0 py-2 result-line \">\r\n            <div class=\"col col-12 px-0 \"><div class=\"row mx-0 pr-2 result-line-content align-items-center\">\r\n                        <div class=\"col-12 col-md-6 px-0 \">\r\n                            <a class=\"emp-name\" href=\"https:\/\/semmelweis.hu\/telefonkonyv?emp_id=20305\"> Freundn\u00e9 Varga Edina <\/a>\r\n                            <br \/><span class=\"emp-phone\">m\u0171v\u00e9szeti szak\u00e9rt\u0151<\/span><\/div>\r\n                        <div class=\"col-12 col-md-6 px-0\">\r\n                        <\/div>\r\n                    <\/div>\r\n                \r\n            <\/div>\r\n\r\n                <div class=\"col-12 col-md-6 px-0 d-none\">\r\n                <\/div>\r\n\r\n\r\n        <\/div>\r\n          <div class=\"row mx-0 py-2 result-line \">\r\n            <div class=\"col col-12 px-0 \"><div class=\"row mx-0 pr-2 result-line-content align-items-center\">\r\n                        <div class=\"col-12 col-md-6 px-0 \">\r\n                            <a class=\"emp-name\" href=\"https:\/\/semmelweis.hu\/telefonkonyv?emp_id=16628\">Dr. S\u00e1ray \u00c9va <\/a>\r\n                            <br \/><span class=\"emp-phone\">rektori tan\u00e1csad\u00f3<\/span><\/div>\r\n                        <div class=\"col-12 col-md-6 px-0\"><span class=\"emp-email\"><i class=\"fa fa-envelope-o\" aria-hidden=\"true\"><\/i>saray.eva<i class=\"fa fa-at m-0 text-body\"><\/i>semmelweis.hu<\/span>\r\n                        <\/div>\r\n                    <\/div>\r\n                \r\n            <\/div>\r\n\r\n                <div class=\"col-12 col-md-6 px-0 d-none\"><span class=\"emp-email\"><i class=\"fa fa-envelope-o\" aria-hidden=\"true\"><\/i>saray.eva<i class=\"fa fa-at m-0 text-body\"><\/i>semmelweis.hu<\/span>\r\n                <\/div>\r\n\r\n\r\n        <\/div><\/div><\/div>\n","protected":false},"excerpt":{"rendered":"<p>A Rektori Kabinetiroda l\u00e1tja el a Rektori Kabinet mindazon feladatait, amelyek nem tartoznak a Rektori Kabinet m\u00e1s szervezeti egys\u00e9g\u00e9nek feladatk\u00f6r\u00e9be. A Rektori Kabinetiroda vezet\u00e9s\u00e9t k\u00f6zvetlen\u00fcl a Rektori Kabinet kabinetvezet\u0151je l\u00e1tja el.<\/p>\n<p>Dr. Kormos Andrea<br \/>\nkabinetvezet\u0151<br \/>\nC\u00edm:1085 Budapest, Baross utca 22.\u00a0<br \/>\nTelefon:\u00a0+36 1 459-1500\/55188 m.<br \/>\nEmail: kormos.andrea@semmelweis.hu<br \/>\nMunkat\u00e1rsak<\/p>\n","protected":false},"author":12,"featured_media":0,"parent":7,"menu_order":0,"comment_status":"closed","ping_status":"closed","template":"","meta":{"_acf_changed":false,"footnotes":""},"categories":[],"tags":[],"class_list":["post-15","page","type-page","status-publish","hentry"],"acf":[],"_links":{"self":[{"href":"https:\/\/semmelweis.hu\/rektorikabinet\/wp-json\/wp\/v2\/pages\/15","targetHints":{"allow":["GET"]}}],"collection":[{"href":"https:\/\/semmelweis.hu\/rektorikabinet\/wp-json\/wp\/v2\/pages"}],"about":[{"href":"https:\/\/semmelweis.hu\/rektorikabinet\/wp-json\/wp\/v2\/types\/page"}],"author":[{"embeddable":true,"href":"https:\/\/semmelweis.hu\/rektorikabinet\/wp-json\/wp\/v2\/users\/12"}],"replies":[{"embeddable":true,"href":"https:\/\/semmelweis.hu\/rektorikabinet\/wp-json\/wp\/v2\/comments?post=15"}],"version-history":[{"count":8,"href":"https:\/\/semmelweis.hu\/rektorikabinet\/wp-json\/wp\/v2\/pages\/15\/revisions"}],"predecessor-version":[{"id":252,"href":"https:\/\/semmelweis.hu\/rektorikabinet\/wp-json\/wp\/v2\/pages\/15\/revisions\/252"}],"up":[{"embeddable":true,"href":"https:\/\/semmelweis.hu\/rektorikabinet\/wp-json\/wp\/v2\/pages\/7"}],"wp:attachment":[{"href":"https:\/\/semmelweis.hu\/rektorikabinet\/wp-json\/wp\/v2\/media?parent=15"}],"wp:term":[{"taxonomy":"category","embeddable":true,"href":"https:\/\/semmelweis.hu\/rektorikabinet\/wp-json\/wp\/v2\/categories?post=15"},{"taxonomy":"post_tag","embeddable":true,"href":"https:\/\/semmelweis.hu\/rektorikabinet\/wp-json\/wp\/v2\/tags?post=15"}],"curies":[{"name":"wp","href":"https:\/\/api.w.org\/{rel}","templated":true}]}}

<div class="keretes w-100">
<p>A <strong>Rektori Kabinetiroda</strong> látja el a Rektori Kabinet mindazon feladatait, amelyek nem tartoznak a Rektori Kabinet más szervezeti egységének feladatkörébe. A Rektori Kabinetiroda vezetését közvetlenül a Rektori Kabinet kabinetvezetője látja el.</p>
</div>
<p><strong>Dr. Kormos Andrea</strong><br />
kabinetvezető</p>
<p>Cím:1085 Budapest, Baross utca 22. <br />
Telefon: +36 1 459-1500/55188 m.<br />
Email: kormos.andrea@semmelweis.hu</p>
<h4><strong>Munkatársak</strong></h4>

<div id="telefonkonyv">
  <div class="tel-results col-12 px-0">
      <p class="desc mb-1"><span>Ha hibás, vagy hiányzó adatot talál, kérjük jelezze szervezeti egységünk titkárságán.</span></p>
      <p class="desc"><em>A telefonkönyvben található adatok nem használhatók fel az 1995. évi CXIX. törvény szerinti kutatás és közvetlen üzletszerzés céljára.</em></p>
                <div class="row mx-0 mt-3 mb-3 subunit-line text-uppercase font-weight-bold 
                    status-SZE">
                    <div class="col col-12 col-md-10 pl-2 pr-0">
                        <span>Rektori Kabinetiroda</span>
                    </div>
                </div> 
          <div class="row mx-0 py-2 result-line emp-leader">
            <div class="col col-12 px-0 "><div class="row mx-0 pr-2 result-line-content align-items-center">
                        <div class="col-12 col-md-6 px-0 ">
                            <a class="emp-name" href="https://semmelweis.hu/telefonkonyv?emp_id=14929">Dr. Kormos Andrea </a>
                            <br /><span class="emp-phone">kabinetvezető</span></div>
                        <div class="col-12 col-md-6 px-0"><span class="emp-phone"><i class="fa fa-phone" aria-hidden="true"></i>459-1500/55188, </span><span class="emp-email"><i class="fa fa-envelope-o" aria-hidden="true"></i>kormos.andrea<i class="fa fa-at m-0 text-body"></i>semmelweis.hu</span>
                        </div>
                    </div>
                
            </div>

                <div class="col-12 col-md-6 px-0 d-none"><span class="emp-phone"><i class="fa fa-phone" aria-hidden="true"></i>459-1500/55188, </span><span class="emp-email"><i class="fa fa-envelope-o" aria-hidden="true"></i>kormos.andrea<i class="fa fa-at m-0 text-body"></i>semmelweis.hu</span>
                </div>


        </div>
          <div class="row mx-0 py-2 result-line ">
            <div class="col col-12 px-0 "><div class="row mx-0 pr-2 result-line-content align-items-center">
                        <div class="col-12 col-md-6 px-0 ">
                            <a class="emp-name" href="https://semmelweis.hu/telefonkonyv?emp_id=14465"> Czétényi Tünde </a>
                            <br /><span class="emp-phone">külügyi szakértő</span></div>
                        <div class="col-12 col-md-6 px-0"><span class="emp-email"><i class="fa fa-envelope-o" aria-hidden="true"></i>czetenyi.tunde<i class="fa fa-at m-0 text-body"></i>semmelweis.hu</span>
                        </div>
                    </div>
                
            </div>

                <div class="col-12 col-md-6 px-0 d-none"><span class="emp-email"><i class="fa fa-envelope-o" aria-hidden="true"></i>czetenyi.tunde<i class="fa fa-at m-0 text-body"></i>semmelweis.hu</span>
                </div>


        </div>
          <div class="row mx-0 py-2 result-line ">
            <div class="col col-12 px-0 "><div class="row mx-0 pr-2 result-line-content align-items-center">
                        <div class="col-12 col-md-6 px-0 ">
                            <a class="emp-name" href="https://semmelweis.hu/telefonkonyv?emp_id=19470"> Dubóczky Gergely </a>
                            <br /><span class="emp-phone">mesteroktató</span></div>
                        <div class="col-12 col-md-6 px-0"><span class="emp-email"><i class="fa fa-envelope-o" aria-hidden="true"></i>duboczky.gergely<i class="fa fa-at m-0 text-body"></i>semmelweis.hu</span>
                        </div>
                    </div>
                
            </div>

                <div class="col-12 col-md-6 px-0 d-none"><span class="emp-email"><i class="fa fa-envelope-o" aria-hidden="true"></i>duboczky.gergely<i class="fa fa-at m-0 text-body"></i>semmelweis.hu</span>
                </div>


        </div>
          <div class="row mx-0 py-2 result-line ">
            <div class="col col-12 px-0 "><div class="row mx-0 pr-2 result-line-content align-items-center">
                        <div class="col-12 col-md-6 px-0 ">
                            <a class="emp-name" href="https://semmelweis.hu/telefonkonyv?emp_id=20305"> Freundné Varga Edina </a>
                            <br /><span class="emp-phone">művészeti szakértő</span></div>
                        <div class="col-12 col-md-6 px-0">
                        </div>
                    </div>
                
            </div>

                <div class="col-12 col-md-6 px-0 d-none">
                </div>


        </div>
          <div class="row mx-0 py-2 result-line ">
            <div class="col col-12 px-0 "><div class="row mx-0 pr-2 result-line-content align-items-center">
                        <div class="col-12 col-md-6 px-0 ">
                            <a class="emp-name" href="https://semmelweis.hu/telefonkonyv?emp_id=16628">Dr. Sáray Éva </a>
                            <br /><span class="emp-phone">rektori tanácsadó</span></div>
                        <div class="col-12 col-md-6 px-0"><span class="emp-email"><i class="fa fa-envelope-o" aria-hidden="true"></i>saray.eva<i class="fa fa-at m-0 text-body"></i>semmelweis.hu</span>
                        </div>
                    </div>
                
            </div>

                <div class="col-12 col-md-6 px-0 d-none"><span class="emp-email"><i class="fa fa-envelope-o" aria-hidden="true"></i>saray.eva<i class="fa fa-at m-0 text-body"></i>semmelweis.hu</span>
                </div>


        </div></div></div>

<p>A Rektori Kabinetiroda látja el a Rektori Kabinet mindazon feladatait, amelyek nem tartoznak a Rektori Kabinet más szervezeti egységének feladatkörébe. A Rektori Kabinetiroda vezetését közvetlenül a Rektori Kabinet kabinetvezetője látja el.</p>
<p>Dr. Kormos Andrea<br />
kabinetvezető<br />
Cím:1085 Budapest, Baross utca 22. <br />
Telefon: +36 1 459-1500/55188 m.<br />
Email: kormos.andrea@semmelweis.hu<br />
Munkatársak</p>
