{"id":3079,"date":"2025-02-03T11:40:20","date_gmt":"2025-02-03T10:40:20","guid":{"rendered":"https:\/\/semmelweis.hu\/rehabilitaciosklinika\/?page_id=3079"},"modified":"2026-02-10T14:22:14","modified_gmt":"2026-02-10T13:22:14","slug":"osap-adatszolgaltato-lapok","status":"publish","type":"page","link":"https:\/\/semmelweis.hu\/rehabilitaciosklinika\/a-klinikarol\/osap-adatszolgaltato-lapok\/","title":{"rendered":"OSAP Adatszolg\u00e1ltat\u00f3 Lapok"},"content":{"rendered":"<p><a href=\"https:\/\/semmelweis.hu\/rehabilitaciosklinika\/files\/2026\/02\/Kiserolevel-OSAP-2025.pdf\" target=\"_blank\" rel=\"noopener\">K\u00eds\u00e9r\u0151lev\u00e9l<\/a><\/p>\n<p><a href=\"https:\/\/semmelweis.hu\/rehabilitaciosklinika\/files\/2026\/02\/FEKVO_ADATLAP-2025.docx\" target=\"_blank\" rel=\"noopener\">FEKV\u0150 ADATLAP 2025<\/a><\/p>\n<p><a href=\"https:\/\/semmelweis.hu\/rehabilitaciosklinika\/files\/2026\/02\/JARO_ADATLAP-2025.docx\" target=\"_blank\" rel=\"noopener\">J\u00c1R\u00d3 ADATLAP 2025<\/a><\/p>\n<p><a href=\"https:\/\/semmelweis.hu\/rehabilitaciosklinika\/files\/2026\/02\/BORITO-2025.docx\" target=\"_blank\" rel=\"noopener\">BOR\u00cdT\u00d3 2025<\/a><\/p>\n<p><a href=\"https:\/\/semmelweis.hu\/rehabilitaciosklinika\/files\/2026\/02\/NAPPALI_ADATLAP-2025.docx\" target=\"_blank\" rel=\"noopener\">NAPPALI ADATLAP 2025<\/a><\/p>\n","protected":false},"excerpt":{"rendered":"<p><a href=\"https:\/\/semmelweis.hu\/rehabilitaciosklinika\/files\/2026\/02\/Kiserolevel-OSAP-2025.pdf\" target=\"_blank\" rel=\"noopener\">K\u00eds\u00e9r\u0151lev\u00e9l<\/a><br \/>\n<a href=\"https:\/\/semmelweis.hu\/rehabilitaciosklinika\/files\/2026\/02\/FEKVO_ADATLAP-2025.docx\" target=\"_blank\" rel=\"noopener\">FEKV\u0150 ADATLAP 2025<\/a><br \/>\n<a href=\"https:\/\/semmelweis.hu\/rehabilitaciosklinika\/files\/2026\/02\/JARO_ADATLAP-2025.docx\" target=\"_blank\" rel=\"noopener\">J\u00c1R\u00d3 ADATLAP 2025<\/a><br \/>\n<a href=\"https:\/\/semmelweis.hu\/rehabilitaciosklinika\/files\/2026\/02\/BORITO-2025.docx\" target=\"_blank\" rel=\"noopener\">BOR\u00cdT\u00d3 2025<\/a><br \/>\n<a href=\"https:\/\/semmelweis.hu\/rehabilitaciosklinika\/files\/2026\/02\/NAPPALI_ADATLAP-2025.docx\" target=\"_blank\" rel=\"noopener\">NAPPALI ADATLAP 2025<\/a><\/p>\n","protected":false},"author":102387,"featured_media":0,"parent":7,"menu_order":5,"comment_status":"closed","ping_status":"closed","template":"","meta":{"_acf_changed":false,"footnotes":""},"categories":[],"tags":[],"class_list":["post-3079","page","type-page","status-publish","hentry"],"acf":[],"_links":{"self":[{"href":"https:\/\/semmelweis.hu\/rehabilitaciosklinika\/wp-json\/wp\/v2\/pages\/3079","targetHints":{"allow":["GET"]}}],"collection":[{"href":"https:\/\/semmelweis.hu\/rehabilitaciosklinika\/wp-json\/wp\/v2\/pages"}],"about":[{"href":"https:\/\/semmelweis.hu\/rehabilitaciosklinika\/wp-json\/wp\/v2\/types\/page"}],"author":[{"embeddable":true,"href":"https:\/\/semmelweis.hu\/rehabilitaciosklinika\/wp-json\/wp\/v2\/users\/102387"}],"replies":[{"embeddable":true,"href":"https:\/\/semmelweis.hu\/rehabilitaciosklinika\/wp-json\/wp\/v2\/comments?post=3079"}],"version-history":[{"count":8,"href":"https:\/\/semmelweis.hu\/rehabilitaciosklinika\/wp-json\/wp\/v2\/pages\/3079\/revisions"}],"predecessor-version":[{"id":3759,"href":"https:\/\/semmelweis.hu\/rehabilitaciosklinika\/wp-json\/wp\/v2\/pages\/3079\/revisions\/3759"}],"up":[{"embeddable":true,"href":"https:\/\/semmelweis.hu\/rehabilitaciosklinika\/wp-json\/wp\/v2\/pages\/7"}],"wp:attachment":[{"href":"https:\/\/semmelweis.hu\/rehabilitaciosklinika\/wp-json\/wp\/v2\/media?parent=3079"}],"wp:term":[{"taxonomy":"category","embeddable":true,"href":"https:\/\/semmelweis.hu\/rehabilitaciosklinika\/wp-json\/wp\/v2\/categories?post=3079"},{"taxonomy":"post_tag","embeddable":true,"href":"https:\/\/semmelweis.hu\/rehabilitaciosklinika\/wp-json\/wp\/v2\/tags?post=3079"}],"curies":[{"name":"wp","href":"https:\/\/api.w.org\/{rel}","templated":true}]}}