{"id":2972,"date":"2024-12-20T10:09:22","date_gmt":"2024-12-20T09:09:22","guid":{"rendered":"https:\/\/semmelweis.hu\/rehabilitaciosklinika\/?page_id=2972"},"modified":"2024-12-20T10:53:33","modified_gmt":"2024-12-20T09:53:33","slug":"efop-1-8-21-18-2019-00061","status":"publish","type":"page","link":"https:\/\/semmelweis.hu\/rehabilitaciosklinika\/a-klinikarol\/elnyert-palyazatok\/efop-1-8-21-18-2019-00061\/","title":{"rendered":"EFOP-1.8.21-18-2019-00061"},"content":{"rendered":"<div class=\"keretes w-100\">\n<p><strong>A kedvezm\u00e9nyezett neve:<\/strong>\u00a0ORSZ\u00c1GOS ORVOSI REHABILIT\u00c1CI\u00d3S INT\u00c9ZET<br \/>\n<strong>A projekt c\u00edme:<\/strong>\u00a0Infekci\u00f3kontroll tev\u00e9kenys\u00e9gek gyakorlati megval\u00f3s\u00edt\u00e1sa az OORI-ban<br \/>\n\u2022 a szerz\u0151d\u00f6tt t\u00e1mogat\u00e1s \u00f6sszege: 57 115 977 Ft,<br \/>\n\u2022 a t\u00e1mogat\u00e1s m\u00e9rt\u00e9ke: 100%<\/p>\n<\/div>\n<p>\n<strong>A projekt tartalm\u00e1nak bemutat\u00e1sa:<\/strong><br \/>\nAz Orsz\u00e1gos Orvosi Rehabilit\u00e1ci\u00f3s Int\u00e9zet mindig is nagy hangs\u00falyt fektetett az eg\u00e9szs\u00e9g\u00fcgyi ell\u00e1t\u00e1ssal \u00f6sszef\u00fcgg\u0151 fert\u0151z\u00e9sek megel\u0151z\u00e9s\u00e9re, mint az egyik legnagyobb betegbiztons\u00e1gi kock\u00e1zatot mag\u00e1ban rejt\u0151 t\u00e9nyez\u0151re. A betegbiztons\u00e1g n\u00f6vel\u00e9se \u00e9rdek\u00e9ben Int\u00e9zet\u00fcnk elk\u00f6telezett az orsz\u00e1gos tisztif\u0151orvos \u00e1ltal kiadott m\u00f3dszertani level\u00e9ben megfogalmazottak k\u00f6vet\u00e9s\u00e9re, az ir\u00e1nyelvek marad\u00e9ktalan betart\u00e1s\u00e1ra. F\u0151 c\u00e9lkit\u0171z\u00e9seink a vonatkoz\u00f3 elj\u00e1r\u00e1srendek implement\u00e1l\u00e1sa, dolgoz\u00f3ink \u00e9rz\u00e9keny\u00edt\u00e9se, az infekci\u00f3-kapcsolattart\u00f3 rendszer\u00fcnk meger\u0151s\u00edt\u00e9se. C\u00e9lunk tov\u00e1bb\u00e1 szervezeti kult\u00far\u00e1nk fejleszt\u00e9se, amely hozz\u00e1j\u00e1rul ahhoz, hogy dolgoz\u00f3ink felismerj\u00e9k az eg\u00e9szs\u00e9g\u00fcgyi ell\u00e1t\u00e1ssal \u00f6sszef\u00fcgg\u0151 fert\u0151z\u00e9sek kialakul\u00e1s\u00e1hoz vezet\u0151 vesz\u00e9lyforr\u00e1sokat a tev\u00e9kenys\u00e9g\u00fck v\u00e9gz\u00e9se sor\u00e1n, \u00e9s javaslatokat fogalmazzanak meg kiv\u00e9d\u00e9s\u00fckre. Int\u00e9zet\u00fcnk szakmai profilj\u00e1b\u00f3l ad\u00f3d\u00f3an kimagasl\u00f3 a team munka jelent\u0151s\u00e9ge. Az eredm\u00e9nyes rehabilit\u00e1ci\u00f3 szerves r\u00e9sze a betegek \u00e9s hozz\u00e1tartoz\u00f3ik bevon\u00e1sa a gy\u00f3gyul\u00e1s folyamat\u00e1ba. Az \u0151 tov\u00e1bbi oktat\u00e1sukra, a fert\u0151z\u00e9sek megel\u0151z\u00e9s\u00e9ben \u00e9s tov\u00e1bb terjed\u00e9s\u00e9ben bet\u00f6lt\u00f6tt szerep\u00fck fontoss\u00e1g\u00e1ra szint\u00e9n hangs\u00falyt k\u00edv\u00e1nunk helyezni a projekt megval\u00f3s\u00edt\u00e1sa sor\u00e1n a gyors beavatkoz\u00e1sok v\u00e9grehajt\u00e1sa \u00e9rdek\u00e9ben. A beavatkoz\u00e1soknak minden esetben probl\u00e9mafelt\u00e1r\u00e1son \u00e9s kock\u00e1zatelemz\u00e9sen kell alapulniuk \u00e9s olyan tev\u00e9kenys\u00e9gekre kell ir\u00e1nyulniuk, amelyek k\u00f6zvetlen\u00fcl alkalmasak a felt\u00e1rt kock\u00e1zatok kezel\u00e9s\u00e9re. Tov\u00e1bbi c\u00e9lok: helyi infekci\u00f3kontroll-program er\u0151s\u00edt\u00e9se, helyi elj\u00e1r\u00e1srendek kidolgoz\u00e1sa, eg\u00e9szs\u00e9g\u00fcgyi ell\u00e1t\u00e1ssal \u00f6sszef\u00fcgg\u0151 fert\u0151z\u00e9sek surveillance-nak meger\u0151s\u00edt\u00e9se, surveillance program felt\u00e9teleinek biztos\u00edt\u00e1sa, iInfekci\u00f3kontroll-gyakorlat monitoroz\u00e1sa\/audit\u00e1l\u00e1sa \u00e9s k\u00e9zhigi\u00e9ne fejleszt\u00e9se.<br \/>\n<strong>A projekt tervezett befejez\u00e9si d\u00e1tuma:<\/strong>\u00a02021.04.30<br \/>\n<strong>A projekt azonos\u00edt\u00f3 sz\u00e1ma:<\/strong>\u00a0EFOP-1.8.21-18-2019-00061<\/p>\n<p>&nbsp;<\/p>\n<p><a href=\"https:\/\/semmelweis.hu\/rehabilitaciosklinika\/files\/2024\/12\/2023_tamogatasi_okirat_efop_1_8_21.pdf\" target=\"_blank\" rel=\"noopener\">Infekci\u00f3kontroll tev\u00e9kenys\u00e9gek gyakorlati megval\u00f3s\u00edt\u00e1sa az OORI-ban<\/a><\/p>\n","protected":false},"excerpt":{"rendered":"<p>A kedvezm\u00e9nyezett neve:\u00a0ORSZ\u00c1GOS ORVOSI REHABILIT\u00c1CI\u00d3S INT\u00c9ZET A projekt c\u00edme:\u00a0Infekci\u00f3kontroll tev\u00e9kenys\u00e9gek gyakorlati megval\u00f3s\u00edt\u00e1sa az OORI-ban \u2022 a szerz\u0151d\u00f6tt t\u00e1mogat\u00e1s \u00f6sszege: 57 115 977 Ft, \u2022 a t\u00e1mogat\u00e1s m\u00e9rt\u00e9ke: 100% A projekt tartalm\u00e1nak bemutat\u00e1sa: Az Orsz\u00e1gos Orvosi Rehabilit\u00e1ci\u00f3s Int\u00e9zet mindig is nagy hangs\u00falyt fektetett az eg\u00e9szs\u00e9g\u00fcgyi ell\u00e1t\u00e1ssal \u00f6sszef\u00fcgg\u0151 fert\u0151z\u00e9sek megel\u0151z\u00e9s\u00e9re, mint az egyik legnagyobb betegbiztons\u00e1gi kock\u00e1zatot mag\u00e1ban &hellip;<\/p>\n","protected":false},"author":102387,"featured_media":0,"parent":1831,"menu_order":0,"comment_status":"closed","ping_status":"closed","template":"","meta":{"_acf_changed":false,"footnotes":""},"categories":[],"tags":[],"class_list":["post-2972","page","type-page","status-publish","hentry"],"acf":[],"_links":{"self":[{"href":"https:\/\/semmelweis.hu\/rehabilitaciosklinika\/wp-json\/wp\/v2\/pages\/2972","targetHints":{"allow":["GET"]}}],"collection":[{"href":"https:\/\/semmelweis.hu\/rehabilitaciosklinika\/wp-json\/wp\/v2\/pages"}],"about":[{"href":"https:\/\/semmelweis.hu\/rehabilitaciosklinika\/wp-json\/wp\/v2\/types\/page"}],"author":[{"embeddable":true,"href":"https:\/\/semmelweis.hu\/rehabilitaciosklinika\/wp-json\/wp\/v2\/users\/102387"}],"replies":[{"embeddable":true,"href":"https:\/\/semmelweis.hu\/rehabilitaciosklinika\/wp-json\/wp\/v2\/comments?post=2972"}],"version-history":[{"count":5,"href":"https:\/\/semmelweis.hu\/rehabilitaciosklinika\/wp-json\/wp\/v2\/pages\/2972\/revisions"}],"predecessor-version":[{"id":2977,"href":"https:\/\/semmelweis.hu\/rehabilitaciosklinika\/wp-json\/wp\/v2\/pages\/2972\/revisions\/2977"}],"up":[{"embeddable":true,"href":"https:\/\/semmelweis.hu\/rehabilitaciosklinika\/wp-json\/wp\/v2\/pages\/1831"}],"wp:attachment":[{"href":"https:\/\/semmelweis.hu\/rehabilitaciosklinika\/wp-json\/wp\/v2\/media?parent=2972"}],"wp:term":[{"taxonomy":"category","embeddable":true,"href":"https:\/\/semmelweis.hu\/rehabilitaciosklinika\/wp-json\/wp\/v2\/categories?post=2972"},{"taxonomy":"post_tag","embeddable":true,"href":"https:\/\/semmelweis.hu\/rehabilitaciosklinika\/wp-json\/wp\/v2\/tags?post=2972"}],"curies":[{"name":"wp","href":"https:\/\/api.w.org\/{rel}","templated":true}]}}