{"id":2365,"date":"2024-11-07T15:37:36","date_gmt":"2024-11-07T14:37:36","guid":{"rendered":"https:\/\/semmelweis.hu\/rehabilitaciosklinika\/?page_id=2365"},"modified":"2025-11-10T10:39:42","modified_gmt":"2025-11-10T09:39:42","slug":"fejfajas-ambulancia","status":"publish","type":"page","link":"https:\/\/semmelweis.hu\/rehabilitaciosklinika\/betegellatas\/szakrendelesek\/fejfajas-ambulancia\/","title":{"rendered":"Fejf\u00e1j\u00e1s ambulancia &#8211; 01H720914"},"content":{"rendered":"<div class=\"keretes w-100\">\n<p><strong>Helye:<\/strong> F\u0151\u00e9p\u00fclet, f\u00f6ldszint, 4-es ambulancia<\/p>\n<p><strong>Orvos: <\/strong>Dr. Cs\u00e9p\u00e1ny \u00c9va PhD, neurol\u00f3gus \u00e9s rehabilit\u00e1ci\u00f3s medicina szakorvos<br \/>\n<strong>Adminisztr\u00e1tor:<\/strong> Szajk\u00f3 Enik\u0151<\/p>\n<\/div>\n<h2>Bejelentkez\u00e9s:<\/h2>\n<p>Fejf\u00e1j\u00e1s ambulanci\u00e1nkon v\u00e1rjuk azokat a betegeket, akiknek \u00e9let\u00e9t jelent\u0151s m\u00e9rt\u00e9kben megnehez\u00edti a fejf\u00e1j\u00e1s.\u00a0 Az ambul\u00e1ns vizsg\u00e1lat <strong>el\u0151jegyz\u00e9s<\/strong> alapj\u00e1n t\u00f6rt\u00e9nik. Els\u0151 alkalommal h\u00e1ziorvosi <strong>beutal\u00f3<\/strong> sz\u00fcks\u00e9ges. Az ambulancia az orsz\u00e1g b\u00e1rmely telep\u00fcl\u00e9s\u00e9r\u0151l tud betegeket fogadni.\u00a0<\/p>\n<p><strong>Id\u0151pontk\u00e9r\u00e9s<\/strong><strong>:<\/strong> <br \/>\nE-mail: <a href=\"mailto:fejfajas.rehabklinika@semmelweis.hu\">fejfajas.rehabklinika@semmelweis.hu <\/a><br \/>\nTelefon: +36308781558 (kiz\u00e1r\u00f3lag szerd\u00e1n 8-14-ig)<\/p>\n<p><strong>Rendel\u00e9si id\u0151:<\/strong> szerd\u00e1nk\u00e9nt 14:00-18:00\u00a0<\/p>\n<h2>Betegell\u00e1t\u00e1si feladatok, szolg\u00e1ltat\u00e1sok:<\/h2>\n<p><span style=\"font-size: 1rem\">Fejf\u00e1j\u00e1s rendel\u00e9s\u00fcnk az els\u0151dleges fejf\u00e1j\u00e1sban szenved\u0151 betegek fogad\u00e1s\u00e1ra j\u00f6tt l\u00e9tre. Sz\u00e1mos kutat\u00e1s kimutatta, hogy a migr\u00e9n jelent\u0151sen rontja az \u00e9letmin\u0151s\u00e9get, legink\u00e1bb az akt\u00edv, munk\u00e1ba j\u00e1r\u00f3 koroszt\u00e1lyt \u00e9rinti \u00e9s sz\u00e1mottev\u0151 korl\u00e1tozotts\u00e1got okoz.<\/span><span style=\"font-size: 1rem\">\u00a0<\/span><\/p>\n<p>A fejf\u00e1j\u00e1s az egyik leggyakoribb ok, ami miatt a beteg h\u00e1ziorvos\u00e1t felkeresi. A fejf\u00e1j\u00e1sok lehetnek els\u0151dlegesek \u00e9s m\u00e1sodlagosak. A m\u00e1sodlagos, m\u00e1s n\u00e9ven t\u00fcneti fejf\u00e1j\u00e1sok eset\u00e9ben a fejf\u00e1j\u00e1s h\u00e1tter\u00e9ben van valamilyen kimutathat\u00f3 k\u00f3rok (pl. stroke, traum\u00e1s agys\u00e9r\u00fcl\u00e9s, m\u00e1s neurol\u00f3giai betegs\u00e9gek, belgy\u00f3gy\u00e1szati betegs\u00e9gek stb.). Szinte minden betegs\u00e9g tud fejf\u00e1j\u00e1st okozni. Ez esetben a ter\u00e1pia az el\u0151id\u00e9z\u0151 ok megsz\u00fcntet\u00e9s\u00e9re vagy csillap\u00edt\u00e1s\u00e1ra t\u00f6rekszik, amennyiben ez lehets\u00e9ges.<\/p>\n<p>Az els\u0151dleges fejf\u00e1j\u00e1sokat, mint pl. migr\u00e9n, cluster vagy tenzi\u00f3s t\u00edpus\u00fa fejf\u00e1j\u00e1s, az k\u00fcl\u00f6nb\u00f6zteti meg a t\u00fcneti fejf\u00e1j\u00e1sokt\u00f3l, hogy m\u00f6g\u00f6tt\u00fck nincs kimutathat\u00f3 betegs\u00e9g. Az els\u0151dleges fejf\u00e1j\u00e1sok diagn\u00f3zis\u00e1t az alapos neurol\u00f3giai vizsg\u00e1lat \u00e9s egy\u00e9b betegs\u00e9gek kiz\u00e1r\u00e1sa k\u00e9pezi.<\/p>\n<p>Annak ellen\u00e9re, hogy a migr\u00e9n gyakori fejf\u00e1j\u00e1s, a betegek jelent\u0151s r\u00e9sz\u00e9t nem diagnosztiz\u00e1lj\u00e1k \u00e9s nem kezelik. Ennek egyr\u00e9szt az lehet az oka, hogy sok beteg m\u00e9g igen er\u0151s fejf\u00e1j\u00e1s eset\u00e9n sem keres fel orvost fejf\u00e1j\u00e1sa miatt. M\u00e1sr\u00e9szt, a h\u00e1ziorvosi rendszer leterhelt, a fejf\u00e1j\u00f3s betegekre kev\u00e9s id\u0151 jut, sokszor nem ismerik fel a migr\u00e9nt. A Magyarorsz\u00e1gon m\u0171k\u00f6d\u0151 fejf\u00e1j\u00e1s ambulanci\u00e1k sz\u00e1ma a fejf\u00e1j\u00f3s betegekhez k\u00e9pest korl\u00e1tozott.<\/p>\n<p>A migr\u00e9n kezel\u00e9s\u00e9ben nemr\u00e9giben \u00faj ter\u00e1pi\u00e1s lehet\u0151s\u00e9gek jelentek meg, amelyekkel nagyon hat\u00e9konyan lehet kezelni az arra alkalmas betegek fejf\u00e1j\u00e1s\u00e1t.\u00a0<\/p>\n<p>&nbsp;<\/p>\n","protected":false},"excerpt":{"rendered":"<p>Helye: F\u0151\u00e9p\u00fclet, f\u00f6ldszint, 4-es ambulancia Orvos: Dr. Cs\u00e9p\u00e1ny \u00c9va PhD, neurol\u00f3gus \u00e9s rehabilit\u00e1ci\u00f3s medicina szakorvos Adminisztr\u00e1tor: Szajk\u00f3 Enik\u0151 Bejelentkez\u00e9s: Fejf\u00e1j\u00e1s ambulanci\u00e1nkon v\u00e1rjuk azokat a betegeket, akiknek \u00e9let\u00e9t jelent\u0151s m\u00e9rt\u00e9kben megnehez\u00edti a fejf\u00e1j\u00e1s.\u00a0 Az ambul\u00e1ns vizsg\u00e1lat el\u0151jegyz\u00e9s alapj\u00e1n t\u00f6rt\u00e9nik. Els\u0151 alkalommal h\u00e1ziorvosi beutal\u00f3 sz\u00fcks\u00e9ges. Az ambulancia az orsz\u00e1g b\u00e1rmely telep\u00fcl\u00e9s\u00e9r\u0151l tud betegeket fogadni.\u00a0 Id\u0151pontk\u00e9r\u00e9s: E-mail: <a href=\"mailto:fejfajas.rehabklinika@semmelweis.hu\">fejfajas.rehabklinika@semmelweis.hu <\/a> Telefon: &hellip;<\/p>\n","protected":false},"author":102387,"featured_media":0,"parent":1238,"menu_order":1,"comment_status":"closed","ping_status":"closed","template":"","meta":{"_acf_changed":false,"footnotes":""},"categories":[],"tags":[],"class_list":["post-2365","page","type-page","status-publish","hentry"],"acf":[],"_links":{"self":[{"href":"https:\/\/semmelweis.hu\/rehabilitaciosklinika\/wp-json\/wp\/v2\/pages\/2365","targetHints":{"allow":["GET"]}}],"collection":[{"href":"https:\/\/semmelweis.hu\/rehabilitaciosklinika\/wp-json\/wp\/v2\/pages"}],"about":[{"href":"https:\/\/semmelweis.hu\/rehabilitaciosklinika\/wp-json\/wp\/v2\/types\/page"}],"author":[{"embeddable":true,"href":"https:\/\/semmelweis.hu\/rehabilitaciosklinika\/wp-json\/wp\/v2\/users\/102387"}],"replies":[{"embeddable":true,"href":"https:\/\/semmelweis.hu\/rehabilitaciosklinika\/wp-json\/wp\/v2\/comments?post=2365"}],"version-history":[{"count":11,"href":"https:\/\/semmelweis.hu\/rehabilitaciosklinika\/wp-json\/wp\/v2\/pages\/2365\/revisions"}],"predecessor-version":[{"id":3592,"href":"https:\/\/semmelweis.hu\/rehabilitaciosklinika\/wp-json\/wp\/v2\/pages\/2365\/revisions\/3592"}],"up":[{"embeddable":true,"href":"https:\/\/semmelweis.hu\/rehabilitaciosklinika\/wp-json\/wp\/v2\/pages\/1238"}],"wp:attachment":[{"href":"https:\/\/semmelweis.hu\/rehabilitaciosklinika\/wp-json\/wp\/v2\/media?parent=2365"}],"wp:term":[{"taxonomy":"category","embeddable":true,"href":"https:\/\/semmelweis.hu\/rehabilitaciosklinika\/wp-json\/wp\/v2\/categories?post=2365"},{"taxonomy":"post_tag","embeddable":true,"href":"https:\/\/semmelweis.hu\/rehabilitaciosklinika\/wp-json\/wp\/v2\/tags?post=2365"}],"curies":[{"name":"wp","href":"https:\/\/api.w.org\/{rel}","templated":true}]}}