{"id":21,"date":"2024-06-07T17:17:14","date_gmt":"2024-06-07T15:17:14","guid":{"rendered":"https:\/\/semmelweis.hu\/rehabilitaciosklinika\/?page_id=21"},"modified":"2025-02-03T08:05:48","modified_gmt":"2025-02-03T07:05:48","slug":"oktatas","status":"publish","type":"page","link":"https:\/\/semmelweis.hu\/rehabilitaciosklinika\/oktatas\/","title":{"rendered":"Oktat\u00e1si tev\u00e9kenys\u00e9g\u00fcnk"},"content":{"rendered":"<div class=\"keretes w-100\">\n<p><strong>A Semmelweis Egyetem Rehabilit\u00e1ci\u00f3s Klinik\u00e1ja az 1975 \u00f3ta m\u0171k\u00f6d\u00f6tt Orsz\u00e1gos Orvosi Rehabilit\u00e1ci\u00f3s Int\u00e9zet jogut\u00f3dja.<\/strong><\/p>\n<\/div>\n<p>Int\u00e9zm\u00e9ny\u00fcnkben 1978 \u00f3ta folyik a <strong>rehabilit\u00e1ci\u00f3s szakorvosok k\u00e9pz\u00e9se, szakvizsg\u00e1ra val\u00f3 felk\u00e9sz\u00edt\u00e9se, vizsg\u00e1ztat\u00e1sa<\/strong>. A Klinika ad otthont \u00e9s szakmai h\u00e1tteret a <a href=\"https:\/\/semmelweis.hu\/rehab\/\" target=\"_blank\" rel=\"noopener\">Fizik\u00e1lis Medicina \u00e9s Rehabilit\u00e1ci\u00f3 Tansz\u00e9knek<\/a>. A szakk\u00e9pz\u00e9shez sz\u00fcks\u00e9ges tanfolyamok szint\u00e9n a szervez\u00e9s\u00fcnkben \u00e9s az \u00e9p\u00fclet\u00fcnkben ker\u00fclnek megrendez\u00e9sre. Az int\u00e9zm\u00e9ny 2009 \u00f3ta az Eur\u00f3pai Szakorvossz\u00f6vets\u00e9g (UEMS) \u00e1ltal akkredit\u00e1lt Nemzetk\u00f6zi Oktat\u00f3k\u00f3rh\u00e1z. A\u00a0 <a href=\"https:\/\/semmelweis.hu\/rehab\/\" target=\"_blank\" rel=\"noopener\">Fizik\u00e1lis Medicina\u00a0\u00e9s Rehabilit\u00e1ci\u00f3 Tansz\u00e9k<\/a><span style=\"font-size: 1rem;\"> oktat\u00e1si tev\u00e9kenys\u00e9ge <strong>a gradu\u00e1lis, a posztgradu\u00e1lis orvos-, valamint a rehabilit\u00e1ci\u00f3s team t\u00f6bb szakember\u00e9nek fels\u0151fok\u00fa k\u00e9pz\u00e9s\u00e9re is kiterjed<\/strong>. A <strong>gradu\u00e1lis orvosk\u00e9pz\u00e9s<\/strong> sor\u00e1n az <strong>\u00f6t\u00f6d\u00e9ves hallgat\u00f3k<\/strong> k\u00f6telez\u0151en egy hetet (blokk) t\u00f6ltenek a Klinik\u00e1nkon.<\/span><\/p>\n<p>A Klinika r\u00e9szt vesz az egyetem <strong>Eg\u00e9szs\u00e9gtudom\u00e1nyi Kar\u00e1nak<\/strong> (ETK) <strong>\u00c1pol\u00e1s \u00e9s betegell\u00e1t\u00e1s<\/strong> szak <strong>Hang-, besz\u00e9d- \u00e9s nyel\u00e9sterapeuta szakir\u00e1ny<\/strong>\u00e1nak gyakorlati k\u00e9pz\u00e9s\u00e9ben. Emellett a szakmai gyakorlat biztos\u00edt\u00e1s\u00e1val vesz\u00fcnk r\u00e9szt a <strong>gradu\u00e1lis gy\u00f3gytorn\u00e1sz \u00e9s konduktor k\u00e9pz\u00e9s<\/strong>ben. Az ETK <strong>\u00c1pol\u00e1s \u00e9s betegell\u00e1t\u00e1s szak BSc \u00e9s MSc \u00e1pol\u00f3<\/strong> k\u00e9pz\u00e9s\u00e9ben \u00e9vek \u00f3ta akt\u00edvan r\u00e9szt v\u00e1llalunk a ter\u00fcleti egybef\u00fcgg\u0151 szakmai gyakorlat biztos\u00edt\u00e1s\u00e1val. A Klinika r\u00e9szt vesz m\u00e9g <strong>a k\u00f6z\u00e9pfok\u00fa eg\u00e9szs\u00e9g\u00fcgyi szakk\u00e9pz\u00e9s<\/strong> ter\u00fclet\u00e9n a rehabilit\u00e1ci\u00f3s tev\u00e9kenys\u00e9g <strong>terapeut\u00e1k, az ergoterapeut\u00e1k \u00e9s az \u00e1pol\u00f3k gyakorlati oktat\u00e1s<\/strong>\u00e1ban is.<\/p>\n<p>A <strong>gradu\u00e1lis pszichol\u00f3gus k\u00e9pz\u00e9s<\/strong> sor\u00e1n <strong>klinikai pszichol\u00f3giai-, neuropszichol\u00f3giai- \u00e9s eg\u00e9szs\u00e9gpszichol\u00f3giai gyakorlatok<\/strong>ra \u00e9rkeznek hozz\u00e1nk hallgat\u00f3k. Klinik\u00e1nk akkredit\u00e1lt <strong>gyakorlati k\u00e9pz\u0151hely<\/strong>e az egyetem <strong>Neuropszichol\u00f3giai szakpszichol\u00f3gus k\u00e9pz\u00e9s<\/strong>\u00e9nek. A <strong>Pszichoszomatikus \u00e9s Pszichoter\u00e1pi\u00e1s Oszt\u00e1lyunk<\/strong> (\u201eT\u00fcnd\u00e9rhegy\u201d) a <strong>Pszichoterapeuta szakk\u00e9pz\u00e9s<\/strong> egyik elm\u00e9leti \u00e9s gyakorlati k\u00e9pz\u0151helye.<\/p>\n<style>\n           #page-grid .card-body > .line-clamp-box.excerpt{\n        width: inherit;\n        max-width: inherit;\n        display:flex;\n        min-height: 2.4em;\n        flex-direction: column;\n        justify-content: space-around;\n        background-color: #D6E4EA;\n        min-height: 3.4rem;\n        font-family: \"Montserrat\", sans-serif;\n    }\n\n    #page-grid a:hover .card-body > .line-clamp-box.excerpt {\n        background-color: #fff;\n        color: #313B40;\n    }\n\n    #page-grid .card-body .line-clamp-box.excerpt section{\n        max-width: inherit;\n        display: -webkit-box;\n        -webkit-line-clamp: 2;\n        -webkit-box-orient: vertical;\n        overflow: hidden;\n        text-overflow: ellipsis;\n        hyphens: auto;\n        margin: auto;\n        \n    }\n    .line-clamp-box.excerpt section, .line-clamp-box.excerpt section p{\n        font-size:0.8em;\n    }\n    \n<\/style>\n    <section id=\"page-grid\">\n        <section class=\"d-block d-md-flex title-row my-3 ml-0 ml-md-1\">\n<div class=\"section-title  mb-1 \">\n<h2>\n    Kapcsol\u00f3d\u00f3 oldalak\n<\/h2>\n<\/div>\n<\/section>\n        <div class=\"row row-cols-1 row-cols-md-2 row-cols-lg-4 no-gutters mx-0 \">    <div class =\"col  mb-2 card-wrapper\">\n        <a class=\"d-flex flex-fill card-link-warapper m-md-1\" href=\"https:\/\/semmelweis.hu\/rehabilitaciosklinika\/oktatas\/fizikalis-medicina-es-rehabilitacios-medicina-tanszek\/\">\n            <div class=\"card border border-secondary se-border flex-fill\">\n                <div class=\"row no-gutters mx-0 d-flex flex-nowrap flex-md-wrap align-items-center\">\n                    <div class =\"  col-5 col-md-12  d-none  d-md-none d-md-none  bg-image  card-image justify-content-center\">\n                        <img class='wp-post-image img-fluid landscape' src='https:\/\/semmelweis.hu\/rehabilitaciosklinika\/wp-content\/themes\/se18\/dist\/images\/svg\/bg-image.svg' \/>\n                    <\/div>\n                    <div class=\"card-body  col flex-column  col-md-12 p-0\">\n                        <div class=\"line-clamp-box p-3\">\n                            <h5 class=\"ml-0 ml-sm-1 mt-2 align-items-center\"  >Fizik\u00e1lis Medicina \u00e9s Rehabilit\u00e1ci\u00f3 Tansz\u00e9k<\/h5>\n                        <\/div>\n                        \n                    <\/div>\n                <\/div>\n\n            <\/div>\n        <\/a>\n    <\/div>    <div class =\"col  mb-2 card-wrapper\">\n        <a class=\"d-flex flex-fill card-link-warapper m-md-1\" href=\"https:\/\/semmelweis.hu\/rehabilitaciosklinika\/oktatas\/medikus-kepzes\/\">\n            <div class=\"card border border-secondary se-border flex-fill\">\n                <div class=\"row no-gutters mx-0 d-flex flex-nowrap flex-md-wrap align-items-center\">\n                    <div class =\"  col-5 col-md-12  d-none  d-md-none d-md-none  bg-image  card-image justify-content-center\">\n                        <img class='wp-post-image img-fluid landscape' src='https:\/\/semmelweis.hu\/rehabilitaciosklinika\/wp-content\/themes\/se18\/dist\/images\/svg\/bg-image.svg' \/>\n                    <\/div>\n                    <div class=\"card-body  col flex-column  col-md-12 p-0\">\n                        <div class=\"line-clamp-box p-3\">\n                            <h5 class=\"ml-0 ml-sm-1 mt-2 align-items-center\"  >Medikus k\u00e9pz\u00e9s<\/h5>\n                        <\/div>\n                        \n                    <\/div>\n                <\/div>\n\n            <\/div>\n        <\/a>\n    <\/div>    <div class =\"col  mb-2 card-wrapper\">\n        <a class=\"d-flex flex-fill card-link-warapper m-md-1\" href=\"https:\/\/semmelweis.hu\/rehabilitaciosklinika\/oktatas\/szakorvos-kepzes\/\">\n            <div class=\"card border border-secondary se-border flex-fill\">\n                <div class=\"row no-gutters mx-0 d-flex flex-nowrap flex-md-wrap align-items-center\">\n                    <div class =\"  col-5 col-md-12  d-none  d-md-none d-md-none  bg-image  card-image justify-content-center\">\n                        <img class='wp-post-image img-fluid landscape' src='https:\/\/semmelweis.hu\/rehabilitaciosklinika\/wp-content\/themes\/se18\/dist\/images\/svg\/bg-image.svg' \/>\n                    <\/div>\n                    <div class=\"card-body  col flex-column  col-md-12 p-0\">\n                        <div class=\"line-clamp-box p-3\">\n                            <h5 class=\"ml-0 ml-sm-1 mt-2 align-items-center\"  >Szakorvos k\u00e9pz\u00e9s<\/h5>\n                        <\/div>\n                        \n                    <\/div>\n                <\/div>\n\n            <\/div>\n        <\/a>\n    <\/div>    <div class =\"col  mb-2 card-wrapper\">\n        <a class=\"d-flex flex-fill card-link-warapper m-md-1\" href=\"https:\/\/semmelweis.hu\/rehabilitaciosklinika\/oktatas\/pszichologus-kepzes\/\">\n            <div class=\"card border border-secondary se-border flex-fill\">\n                <div class=\"row no-gutters mx-0 d-flex flex-nowrap flex-md-wrap align-items-center\">\n                    <div class =\"  col-5 col-md-12  d-none  d-md-none d-md-none  bg-image  card-image justify-content-center\">\n                        <img class='wp-post-image img-fluid landscape' src='https:\/\/semmelweis.hu\/rehabilitaciosklinika\/wp-content\/themes\/se18\/dist\/images\/svg\/bg-image.svg' \/>\n                    <\/div>\n                    <div class=\"card-body  col flex-column  col-md-12 p-0\">\n                        <div class=\"line-clamp-box p-3\">\n                            <h5 class=\"ml-0 ml-sm-1 mt-2 align-items-center\"  >Pszichol\u00f3gus \u00e9s pszichoterapeuta k\u00e9pz\u00e9s<\/h5>\n                        <\/div>\n                        \n                    <\/div>\n                <\/div>\n\n            <\/div>\n        <\/a>\n    <\/div>    <div class =\"col  mb-2 card-wrapper\">\n        <a class=\"d-flex flex-fill card-link-warapper m-md-1\" href=\"https:\/\/semmelweis.hu\/rehabilitaciosklinika\/oktatas\/phd-es-tdk-temak\/\">\n            <div class=\"card border border-secondary se-border flex-fill\">\n                <div class=\"row no-gutters mx-0 d-flex flex-nowrap flex-md-wrap align-items-center\">\n                    <div class =\"  col-5 col-md-12  d-none  d-md-none d-md-none  bg-image  card-image justify-content-center\">\n                        <img class='wp-post-image img-fluid landscape' src='https:\/\/semmelweis.hu\/rehabilitaciosklinika\/wp-content\/themes\/se18\/dist\/images\/svg\/bg-image.svg' \/>\n                    <\/div>\n                    <div class=\"card-body  col flex-column  col-md-12 p-0\">\n                        <div class=\"line-clamp-box p-3\">\n                            <h5 class=\"ml-0 ml-sm-1 mt-2 align-items-center\"  >PhD \u00e9s TDK t\u00e9m\u00e1k<\/h5>\n                        <\/div>\n                        \n                    <\/div>\n                <\/div>\n\n            <\/div>\n        <\/a>\n    <\/div>    <div class =\"col  mb-2 card-wrapper\">\n        <a class=\"d-flex flex-fill card-link-warapper m-md-1\" href=\"https:\/\/semmelweis.hu\/rehabilitaciosklinika\/oktatas\/szakdolgozo-kepzes\/\">\n            <div class=\"card border border-secondary se-border flex-fill\">\n                <div class=\"row no-gutters mx-0 d-flex flex-nowrap flex-md-wrap align-items-center\">\n                    <div class =\"  col-5 col-md-12  d-none  d-md-none d-md-none  bg-image  card-image justify-content-center\">\n                        <img class='wp-post-image img-fluid landscape' src='https:\/\/semmelweis.hu\/rehabilitaciosklinika\/wp-content\/themes\/se18\/dist\/images\/svg\/bg-image.svg' \/>\n                    <\/div>\n                    <div class=\"card-body  col flex-column  col-md-12 p-0\">\n                        <div class=\"line-clamp-box p-3\">\n                            <h5 class=\"ml-0 ml-sm-1 mt-2 align-items-center\"  >Szakdolgoz\u00f3 k\u00e9pz\u00e9s<\/h5>\n                        <\/div>\n                        \n                    <\/div>\n                <\/div>\n\n            <\/div>\n        <\/a>\n    <\/div>    <div class =\"col  mb-2 card-wrapper\">\n        <a class=\"d-flex flex-fill card-link-warapper m-md-1\" href=\"https:\/\/semmelweis.hu\/rehabilitaciosklinika\/oktatas\/vendegszobak\/\">\n            <div class=\"card border border-secondary se-border flex-fill\">\n                <div class=\"row no-gutters mx-0 d-flex flex-nowrap flex-md-wrap align-items-center\">\n                    <div class =\"  col-5 col-md-12  d-none  d-md-none d-md-none  bg-image  card-image justify-content-center\">\n                        <img class='wp-post-image img-fluid landscape' src='https:\/\/semmelweis.hu\/rehabilitaciosklinika\/wp-content\/themes\/se18\/dist\/images\/svg\/bg-image.svg' \/>\n                    <\/div>\n                    <div class=\"card-body  col flex-column  col-md-12 p-0\">\n                        <div class=\"line-clamp-box p-3\">\n                            <h5 class=\"ml-0 ml-sm-1 mt-2 align-items-center\"  >Vend\u00e9gszob\u00e1k - szakmai gyakorlat idej\u00e9re<\/h5>\n                        <\/div>\n                        \n                    <\/div>\n                <\/div>\n\n            <\/div>\n        <\/a>\n    <\/div>        <\/div>\n    <\/section>\n","protected":false},"excerpt":{"rendered":"<p>A Semmelweis Egyetem Rehabilit\u00e1ci\u00f3s Klinik\u00e1ja az 1975 \u00f3ta m\u0171k\u00f6d\u00f6tt Orsz\u00e1gos Orvosi Rehabilit\u00e1ci\u00f3s Int\u00e9zet jogut\u00f3dja. Int\u00e9zm\u00e9ny\u00fcnkben 1978 \u00f3ta folyik a rehabilit\u00e1ci\u00f3s szakorvosok k\u00e9pz\u00e9se, szakvizsg\u00e1ra val\u00f3 felk\u00e9sz\u00edt\u00e9se, vizsg\u00e1ztat\u00e1sa. A Klinika ad otthont \u00e9s szakmai h\u00e1tteret a <a href=\"https:\/\/semmelweis.hu\/rehab\/\" target=\"_blank\" rel=\"noopener\">Fizik\u00e1lis Medicina \u00e9s Rehabilit\u00e1ci\u00f3 Tansz\u00e9knek<\/a> . A szakk\u00e9pz\u00e9shez sz\u00fcks\u00e9ges tanfolyamok szint\u00e9n a szervez\u00e9s\u00fcnkben \u00e9s az \u00e9p\u00fclet\u00fcnkben ker\u00fclnek megrendez\u00e9sre. Az int\u00e9zm\u00e9ny 2009 \u00f3ta az Eur\u00f3pai Szakorvossz\u00f6vets\u00e9g (UEMS) &hellip;<\/p>\n","protected":false},"author":12,"featured_media":0,"parent":0,"menu_order":3,"comment_status":"closed","ping_status":"closed","template":"template-fullwidth.php","meta":{"_acf_changed":false,"footnotes":""},"categories":[],"tags":[],"class_list":["post-21","page","type-page","status-publish","hentry"],"acf":[],"_links":{"self":[{"href":"https:\/\/semmelweis.hu\/rehabilitaciosklinika\/wp-json\/wp\/v2\/pages\/21","targetHints":{"allow":["GET"]}}],"collection":[{"href":"https:\/\/semmelweis.hu\/rehabilitaciosklinika\/wp-json\/wp\/v2\/pages"}],"about":[{"href":"https:\/\/semmelweis.hu\/rehabilitaciosklinika\/wp-json\/wp\/v2\/types\/page"}],"author":[{"embeddable":true,"href":"https:\/\/semmelweis.hu\/rehabilitaciosklinika\/wp-json\/wp\/v2\/users\/12"}],"replies":[{"embeddable":true,"href":"https:\/\/semmelweis.hu\/rehabilitaciosklinika\/wp-json\/wp\/v2\/comments?post=21"}],"version-history":[{"count":7,"href":"https:\/\/semmelweis.hu\/rehabilitaciosklinika\/wp-json\/wp\/v2\/pages\/21\/revisions"}],"predecessor-version":[{"id":3073,"href":"https:\/\/semmelweis.hu\/rehabilitaciosklinika\/wp-json\/wp\/v2\/pages\/21\/revisions\/3073"}],"wp:attachment":[{"href":"https:\/\/semmelweis.hu\/rehabilitaciosklinika\/wp-json\/wp\/v2\/media?parent=21"}],"wp:term":[{"taxonomy":"category","embeddable":true,"href":"https:\/\/semmelweis.hu\/rehabilitaciosklinika\/wp-json\/wp\/v2\/categories?post=21"},{"taxonomy":"post_tag","embeddable":true,"href":"https:\/\/semmelweis.hu\/rehabilitaciosklinika\/wp-json\/wp\/v2\/tags?post=21"}],"curies":[{"name":"wp","href":"https:\/\/api.w.org\/{rel}","templated":true}]}}