{"id":1956,"date":"2024-10-07T15:25:22","date_gmt":"2024-10-07T13:25:22","guid":{"rendered":"https:\/\/semmelweis.hu\/rehabilitaciosklinika\/?page_id=1956"},"modified":"2025-11-18T13:36:27","modified_gmt":"2025-11-18T12:36:27","slug":"vezetoseg","status":"publish","type":"page","link":"https:\/\/semmelweis.hu\/rehabilitaciosklinika\/a-klinikarol\/vezetoseg\/","title":{"rendered":"Vezet\u0151s\u00e9g"},"content":{"rendered":"<p>&nbsp;<\/p>\n<h4><strong>Igazgat\u00f3:\u00a0<a href=\"mailto:cserhati.peter@semmelweis.hu\">Dr. Cserh\u00e1ti P\u00e9ter Ph.D.<\/a><\/strong><\/h4>\n<ul>\n<li style=\"list-style-type: none\">\n<ul>\n<li style=\"list-style-type: none\">\n<ul>\n<li style=\"list-style-type: none\">\n<ul>\n<li style=\"list-style-type: none\">\n<ul>\n<li>Telefon: (+36 1 ) 391-1902<\/li>\n<li>email: <a href=\"mailto:igazgato.rehabklinika@semmelweis.hu\">igazgato.rehabklinika@semmelweis.hu<\/a><\/li>\n<\/ul>\n<\/li>\n<\/ul>\n<\/li>\n<\/ul>\n<\/li>\n<li><strong>Titk\u00e1rs\u00e1g vezet\u0151:<\/strong> <a href=\"mailto:muller.eva@semmelweis.hu\">M\u00fcller \u00c9va<\/a>\n<ul>\n<li style=\"list-style-type: none\">\n<ul>\n<li style=\"list-style-type: none\">\n<ul>\n<li>Telefon: (+36 1) 391-1900\/1199<\/li>\n<\/ul>\n<\/li>\n<\/ul>\n<\/li>\n<\/ul>\n<\/li>\n<li><strong>Titk\u00e1rs\u00e1gi szak\u00e9rt\u0151:\u00a0<\/strong><a href=\"mailto:beresne.kovacs.szilvia@semmelweis.hu\">B\u00e9resn\u00e9 Kov\u00e1cs Szilvia<\/a>\n<ul>\n<li style=\"list-style-type: none\">\n<ul>\n<li style=\"list-style-type: none\">\n<ul>\n<li>Telefon: (+36 1) 391-1900\/1144<\/li>\n<\/ul>\n<\/li>\n<\/ul>\n<\/li>\n<\/ul>\n<\/li>\n<\/ul>\n<\/li>\n<\/ul>\n<h5>\u00a0<\/h5>\n<h4><strong>Klinika Igazgat\u00f3-helyettes, Rehabilit\u00e1ci\u00f3s Medicina Tansz\u00e9k vezet\u0151<\/strong>:\u00a0<a href=\"mailto:denes.zoltan@semmelweis.hu\"><strong>Dr. D\u00e9nes Zolt\u00e1n Ph.D.\u00a0<\/strong><\/a><\/h4>\n<ul>\n<li style=\"list-style-type: none\">\n<ul>\n<li style=\"list-style-type: none\">\n<ul>\n<li style=\"list-style-type: none\">\n<ul>\n<li>Telefon: (+36 1) 391-1951<\/li>\n<li>Irodavezet\u0151:\u00a0<a href=\"mailto:tapay.gabriella@semmelweis.hu\"><strong>T\u00e1pay Gabriella<\/strong><\/a><\/li>\n<li>Telefon: (+36 1) 391-1903\n<\/li>\n<\/ul>\n<\/li>\n<\/ul>\n<\/li>\n<\/ul>\n<ul>\n<li><strong>Int\u00e9zeti vezet\u0151 pszichol\u00f3gus: <a href=\"mailto:S.Nagy.Zita.dr@rehabint.hu\">Dr. S. Nagy. Zita, PhD.<\/a><br \/>\n<\/strong><\/li>\n<\/ul>\n<\/li>\n<\/ul>\n<ul>\n<li style=\"list-style-type: none\">\n<ul style=\"margin-bottom: 0px\">\n<li><strong>Finansz\u00edroz\u00e1si oszt\u00e1lyvezet\u0151: <a href=\"mailto:gerecz.istvan@semmelweis.hu\">Dr. G\u00e9recz Istv\u00e1n<\/a><\/strong>\n<ul style=\"margin-bottom: 0px\">\n<li>Telefon: (+36 1) 391-1915<\/li>\n<li>(+36 1) 391-1917<\/li>\n<li>(+36 1) 391-1267<\/li>\n<\/ul>\n<\/li>\n<\/ul>\n<\/li>\n<\/ul>\n<ul>\n<li style=\"list-style-type: none\">\n<ul>\n<li><strong>Tudom\u00e1nyos f\u0151munkat\u00e1rs: <a href=\"mailto:revay.edit@semmelweis.hu\">Dr. R\u00e9vay Edit Ph.D.<\/a><\/strong>\n<ul>\n<li>Telefon: (+36 1) 391-1978\n<\/li>\n<\/ul>\n<\/li>\n<li><strong>K\u00f6nyvt\u00e1r<\/strong>\n<ul>\n<li>Vezet\u0151:\u00a0<a href=\"mailto:grimmne.acs.ildiko@semmelweis.hu\"><strong>Grimmn\u00e9 \u00c1cs Ildik\u00f3<\/strong><\/a><\/li>\n<li>Telefon: (+36 1) 391-1979<\/li>\n<\/ul>\n<\/li>\n<\/ul>\n<\/li>\n<\/ul>\n<ul>\n<li style=\"list-style-type: none\">\n<ul>\n<li><strong>Min\u0151s\u00e9gir\u00e1ny\u00edt\u00e1si Iroda,\u00a0Min\u0151s\u00e9g\u00fcgyi \u00e9s Betegbiztons\u00e1gi Bizotts\u00e1g vezet\u0151je<\/strong>:\u00a0<a href=\"mailto:boros.erzsebet@semmelweis.hu\"><strong>Dr. Boros Erzs\u00e9bet<\/strong><\/a><\/li>\n<\/ul>\n<\/li>\n<\/ul>\n<ul>\n<li style=\"list-style-type: none\">\n<ul>\n<li><strong>K\u00f3rh\u00e1zhigi\u00e9n\u00e9s szolg\u00e1lat megb\u00edzott vezet\u0151je:<\/strong> <a href=\"mailto:farkas.peter3@semmelweis.hu\"><strong>Dr. Farkas P\u00e9ter<\/strong><\/a>\n<ul>\n<li>Telefon: (+36 1) 391-1938<\/li>\n<\/ul>\n<\/li>\n<li><strong>K\u00f6zeg\u00e9szs\u00e9g\u00fcgyi \u00e9s j\u00e1rv\u00e1ny\u00fcgyi fel\u00fcgyel\u0151:\u00a0<a href=\"mailto:nagy.bela@semmelweis.hu\">Nagy B\u00e9la<\/a><\/strong>\n<ul>\n<li>Telefon: (+36 1) 391-1900\/1400 mell\u00e9k<\/li>\n<\/ul>\n<\/li>\n<\/ul>\n<\/li>\n<li><strong>Az Int\u00e9zet integrit\u00e1st s\u00e9rt\u0151 esem\u00e9nyek kezel\u00e9s\u00e9vel megb\u00edzott munkat\u00e1rsa:<\/strong>\n<ul>\n<li><a href=\"mailto:szabo.gabriella2@semmelweis.hu\">Szab\u00f3 Gabriella<\/a> hum\u00e1nszervez\u0151<\/li>\n<li>Telefon: 06-1\/391-1900\/1278 mell\u00e9k<\/li>\n<\/ul>\n<\/li>\n<li><strong>Adatv\u00e9delmi tisztvisel\u0151:\u00a0<a href=\"mailto:adatvedelem@semmelweis.hu\">Dr. Tr\u00f3cs\u00e1nyi S\u00e1ra<\/a><\/strong>\n<ul>\n<li>Telefon: (+36 1) 999-6563<\/li>\n<\/ul>\n<\/li>\n<\/ul>\n<p>&nbsp;<\/p>\n<div class=\"aligazgatosagok\">\n<h4>\u00a0<\/h4>\n<h4><strong>Klinikavezet\u0151 f\u0151n\u0151v\u00e9r: <a href=\"mailto:kontra.andrea@semmelweis.hu\">Kontra Andrea<\/a><\/strong><\/h4>\n<ul>\n<li style=\"list-style-type: none\">\n<ul>\n<li style=\"list-style-type: none\">\n<ul>\n<li>Telefon: (+36 1) 391-1274<\/li>\n<\/ul>\n<\/li>\n<\/ul>\n<\/li>\n<\/ul>\n<ul>\n<li style=\"list-style-type: none\">\n<ul>\n<li><strong>Titk\u00e1rs\u00e1g:\u00a0<a href=\"mailto:ooriapig@rehabint.hu\">ooriapig@rehabint.hu<\/a><\/strong>\n<ul>\n<li>Telefon: (+36 1 ) 391-1900\/1338 mell\u00e9k<\/li>\n<\/ul>\n<\/li>\n<\/ul>\n<\/li>\n<\/ul>\n<ul style=\"list-style-type: disc\">\n<li><strong>Eg\u00e9szs\u00e9g\u00fcgyi \u00fcgyvitel szervez\u0151: <a href=\"mailto:zsuppan.monika@semmelweis.hu\">Zsupp\u00e1n M\u00f3nika<\/a><\/strong>\u00a0 \u00a0 \u00a0 \u00a0 \u00a0 \u00a0 \u00a0 \u00a0<\/li>\n<\/ul>\n<ul>\n<li style=\"list-style-type: none\">\n<ul style=\"list-style-type: circle\">\n<li>Telefon: (+36 1 ) 391-1900\/1315 mell\u00e9k<\/li>\n<\/ul>\n<\/li>\n<\/ul>\n<ul>\n<li><strong>Vezet\u0151 gy\u00f3gytorn\u00e1sz\/Klinikavezet\u0151 f\u0151n\u0151v\u00e9r-helyettes: <a href=\"mailto:molnar.viktoria1@semmelweis.hu\">Moln\u00e1r Vikt\u00f3ria<\/a><\/strong>\n<ul>\n<li>Telefon: (+36 1 ) 391-1900\/1338 mell\u00e9k<\/li>\n<\/ul>\n<\/li>\n<\/ul>\n<ul>\n<li><strong>Szoci\u00e1lis szolg\u00e1lat<\/strong>\n<ul>\n<li>Sz\u00e9l Barbara, Papp L\u00e1szl\u00f3n\u00e9, Szab\u00f3 Anett<\/li>\n<li>E-mail:\u00a0<a href=\"mailto:szocmunkas.rehabklinika@semmelweis.hu\">szocmunkas@rehabint.hu<\/a><\/li>\n<li>Telefon: (+36 1) 391-1972<\/li>\n<li>Telefax: (+36 1) 200-2642<\/li>\n<\/ul>\n<\/li>\n<\/ul>\n<ul>\n<li><strong>Dietetikai Szolg\u00e1lat<\/strong>\n<ul>\n<li>Vezet\u0151:\u00a0<a href=\"mailto:toth.babett@semmelweis.hu\"><strong>T\u00f3th Babett<\/strong><\/a><\/li>\n<li>Telefon: (+36 1) 391-1900\/1213 mell\u00e9k<\/li>\n<li>E-mail:\u00a0<a href=\"mailto:dietetikusok@rehabint.hu\">dietetikusok@rehabint.hu<\/a><\/li>\n<\/ul>\n<\/li>\n<\/ul>\n<\/div>\n","protected":false},"excerpt":{"rendered":"<p>&nbsp; Igazgat\u00f3:\u00a0 <a href=\"mailto:cserhati.peter@semmelweis.hu\">Dr. Cserh\u00e1ti P\u00e9ter Ph.D.<\/a> Telefon: (+36 1 ) 391-1902 email: <a href=\"mailto:igazgato.rehabklinika@semmelweis.hu\">igazgato.rehabklinika@semmelweis.hu<\/a> Titk\u00e1rs\u00e1g vezet\u0151: <a href=\"mailto:muller.eva@semmelweis.hu\">M\u00fcller \u00c9va<\/a> Telefon: (+36 1) 391-1900\/1199 Titk\u00e1rs\u00e1gi szak\u00e9rt\u0151:\u00a0 <a href=\"mailto:beresne.kovacs.szilvia@semmelweis.hu\">B\u00e9resn\u00e9 Kov\u00e1cs Szilvia<\/a> Telefon: (+36 1) 391-1900\/1144 \u00a0 Klinika Igazgat\u00f3-helyettes, Rehabilit\u00e1ci\u00f3s Medicina Tansz\u00e9k vezet\u0151:\u00a0 <a href=\"mailto:denes.zoltan@semmelweis.hu\">Dr. D\u00e9nes Zolt\u00e1n Ph.D.\u00a0<\/a> Telefon: (+36 1) 391-1951 Irodavezet\u0151:\u00a0 <a href=\"mailto:tapay.gabriella@semmelweis.hu\">T\u00e1pay Gabriella<\/a> Telefon: (+36 1) 391-1903 Int\u00e9zeti vezet\u0151 pszichol\u00f3gus: <a href=\"mailto:S.Nagy.Zita.dr@rehabint.hu\">Dr. S. Nagy. Zita, PhD.<\/a> Finansz\u00edroz\u00e1si oszt\u00e1lyvezet\u0151: <a href=\"mailto:gerecz.istvan@semmelweis.hu\">Dr. G\u00e9recz Istv\u00e1n<\/a> Telefon: (+36 1) 391-1915 (+36 1) 391-1917 (+36 1) 391-1267 Tudom\u00e1nyos f\u0151munkat\u00e1rs: <a href=\"mailto:revay.edit@semmelweis.hu\">Dr. R\u00e9vay Edit Ph.D.<\/a> Telefon: (+36 &hellip;<\/p>\n","protected":false},"author":102387,"featured_media":0,"parent":7,"menu_order":0,"comment_status":"closed","ping_status":"closed","template":"","meta":{"_acf_changed":false,"footnotes":""},"categories":[],"tags":[],"class_list":["post-1956","page","type-page","status-publish","hentry"],"acf":[],"_links":{"self":[{"href":"https:\/\/semmelweis.hu\/rehabilitaciosklinika\/wp-json\/wp\/v2\/pages\/1956","targetHints":{"allow":["GET"]}}],"collection":[{"href":"https:\/\/semmelweis.hu\/rehabilitaciosklinika\/wp-json\/wp\/v2\/pages"}],"about":[{"href":"https:\/\/semmelweis.hu\/rehabilitaciosklinika\/wp-json\/wp\/v2\/types\/page"}],"author":[{"embeddable":true,"href":"https:\/\/semmelweis.hu\/rehabilitaciosklinika\/wp-json\/wp\/v2\/users\/102387"}],"replies":[{"embeddable":true,"href":"https:\/\/semmelweis.hu\/rehabilitaciosklinika\/wp-json\/wp\/v2\/comments?post=1956"}],"version-history":[{"count":10,"href":"https:\/\/semmelweis.hu\/rehabilitaciosklinika\/wp-json\/wp\/v2\/pages\/1956\/revisions"}],"predecessor-version":[{"id":3643,"href":"https:\/\/semmelweis.hu\/rehabilitaciosklinika\/wp-json\/wp\/v2\/pages\/1956\/revisions\/3643"}],"up":[{"embeddable":true,"href":"https:\/\/semmelweis.hu\/rehabilitaciosklinika\/wp-json\/wp\/v2\/pages\/7"}],"wp:attachment":[{"href":"https:\/\/semmelweis.hu\/rehabilitaciosklinika\/wp-json\/wp\/v2\/media?parent=1956"}],"wp:term":[{"taxonomy":"category","embeddable":true,"href":"https:\/\/semmelweis.hu\/rehabilitaciosklinika\/wp-json\/wp\/v2\/categories?post=1956"},{"taxonomy":"post_tag","embeddable":true,"href":"https:\/\/semmelweis.hu\/rehabilitaciosklinika\/wp-json\/wp\/v2\/tags?post=1956"}],"curies":[{"name":"wp","href":"https:\/\/api.w.org\/{rel}","templated":true}]}}