{"id":1782,"date":"2024-10-02T22:25:00","date_gmt":"2024-10-02T20:25:00","guid":{"rendered":"https:\/\/semmelweis.hu\/rehabilitaciosklinika\/?page_id=1782"},"modified":"2024-12-05T11:25:50","modified_gmt":"2024-12-05T10:25:50","slug":"sterilizalasi-szolgaltatas","status":"publish","type":"page","link":"https:\/\/semmelweis.hu\/rehabilitaciosklinika\/szolgaltatasok\/sterilizalasi-szolgaltatas\/","title":{"rendered":"Eszk\u00f6z\u00f6k steriliz\u00e1l\u00e1sa \u00e9s steril csomagol\u00e1s"},"content":{"rendered":"<div class=\"keretes w-100\">\n<p style=\"text-align: justify;\">Klinik\u00e1nk steril anyag-eszk\u00f6z el\u0151\u00e1ll\u00edt\u00e1sa a minden tekintetben rendk\u00edv\u00fcl korszer\u0171 K\u00f6zponti steriliz\u00e1l\u00f3ban t\u00f6rt\u00e9nik. Val\u00f3di k\u00f6zponti steriliz\u00e1l\u00f3k\u00e9nt \u00fczemeltetve teh\u00e1t a nem steril eszk\u00f6z\u00f6k gy\u0171jt\u00e9s\u00e9t\u0151l kezdve, azok tiszt\u00edt\u00e1s\u00e1n \u00e9s csomagol\u00e1s\u00e1n valamint steriliz\u00e1l\u00e1s\u00e1n kereszt\u00fcl, eg\u00e9szen a steril anyag t\u00e1rol\u00e1s\u00e1ig, a technol\u00f3giai sor minden folyamat\u00e1nak elv\u00e9gz\u00e9se azonos helyen t\u00f6rt\u00e9nik.<\/p>\n<\/div>\n<h2>Steriliz\u00e1l\u00f3 berendez\u00e9seink<\/h2>\n<h5>G\u00e9pi m\u0171szer tiszt\u00edt\u00f3fert\u0151tlen\u00edt\u0151 berendez\u00e9sek<\/h5>\n<ul>\n<li>1 db kb. 15 l \u0171rtartalm\u00fa ultrahangos tiszt\u00edt\u00f3 k\u00e1d<\/li>\n<li>2 db Steris-Hamo t\u00edpus\u00fa nagy teljes\u00edtm\u00e9ny\u0171 termikus fert\u0151tlen\u00edt\u0151 hat\u00e1s\u00fa m\u0171szertiszt\u00edt\u00f3-mos\u00f3g\u00e9p<\/li>\n<\/ul>\n<p style=\"text-align: justify;\">A 3 vegyszer szivatty\u00faval \u00fczemel\u0151 k\u00e9sz\u00fcl\u00e9k a mos\u00e1si ciklus sor\u00e1n enzimatikus \u00e9s alk\u00e1li tiszt\u00edt\u00f3szeres mos\u00e1st, valamint termikus fert\u0151tlen\u00edt\u00e9st v\u00e9gez, majd a sz\u00e1r\u00edt\u00e1st sz\u00e1rad\u00e1sk\u00f6nny\u00edt\u0151 vegyszer adagol\u00e1s\u00e1val seg\u00edti el\u0151. A valid\u00e1lt g\u00e9pi mos\u00e1si folyamatr\u00f3l regisztr\u00e1ci\u00f3 k\u00e9sz\u00fcl. A k\u00e9sz\u00fcl\u00e9kek term\u00e9szetesen \u2013 a m\u0171szerek min\u0151s\u00e9g\u00e9nek meg\u00f3v\u00e1sa \u00e9rdek\u00e9ben \u2013 l\u00e1gy\u00edtott \u00e9s s\u00f3tlan\u00edtott mos\u00f3 v\u00edzzel \u00fczemelnek.<\/p>\n<h5>G\u0151zsteriliz\u00e1l\u00e1s<\/h5>\n<ul>\n<li>2 db egyenk\u00e9nt 400 litert meghalad\u00f3 m\u00e9ret\u0171, 6 nagy (60x30x30 cm) m\u00e9ret\u0171 doboz egyidej\u0171 steriliz\u00e1l\u00e1s\u00e1ra alkalmas, nagy teljes\u00edtm\u00e9ny\u0171, korszer\u0171 Webeco gy\u00e1rtm\u00e1ny\u00fa autokl\u00e1v<\/li>\n<\/ul>\n<p style=\"text-align: justify;\">Az autokl\u00e1vok a szok\u00e1sosn\u00e1l r\u00f6videbb menetidej\u0171 (134 C\u00b0-on 4 perc) gy\u00e1ri programjai a m\u0171szerek k\u00edm\u00e9letesebb steriliz\u00e1l\u00e1s\u00e1t teszik lehet\u0151v\u00e9, \u00edgy biztos\u00edtva azok hossz\u00fa idej\u0171 haszn\u00e1lat\u00e1t.<\/p>\n<h5>Alacsony h\u0151m\u00e9rs\u00e9klet\u0171 steriliz\u00e1l\u00e1s<\/h5>\n<ul>\n<li>1 db 100 l t\u00e9rfogat\u00fa Sterrad 100 NX plazma steriliz\u00e1l\u00f3<\/li>\n<\/ul>\n<p style=\"text-align: justify;\">Tal\u00e1n jelenlegi legkorszer\u0171bb alacsony h\u0151m\u00e9rs\u00e9klet\u0171 (50 C\u00b0) steriliz\u00e1l\u00f3 elj\u00e1r\u00e1s. Felhaszn\u00e1l\u00f3- \u00e9s k\u00f6rnyezet bar\u00e1t. K\u00fcl\u00f6n\u00f6sen javasolt a haszn\u00e1lata nagy \u00e9rt\u00e9k\u0171, s\u00e9r\u00fcl\u00e9keny optikai lencs\u00e9kkel rendelkez\u0151 merev \u00e9s flexibilis endoszk\u00f3pok k\u00edm\u00e9letes steriliz\u00e1l\u00e1s\u00e1ra.<\/p>\n<h2>Steril csomagol\u00e1s<\/h2>\n<p style=\"text-align: justify;\">A megtiszt\u00edtott h\u0151 t\u0171r\u0151 anyagokat, eszk\u00f6z\u00f6ket egyedileg Stericlin t\u00edpus\u00fa pap\u00edr-f\u00f3lia kombin\u00e1ci\u00f3j\u00fa tasakba helyezz\u00fck, m\u00edg a m\u0171szert\u00e1lca szetteket krepp pap\u00edrba csomagoljuk. A h\u0151\u00e9rz\u00e9keny anyagok eszk\u00f6z\u00f6k egyedi csomagol\u00e1s\u00e1ra Tyvek csomagol\u00f3 anyagot haszn\u00e1lunk. A b\u00e9rsteriliz\u00e1l\u00e1s keret\u00e9ben egyedi eszk\u00f6z\u00f6k steril csomagol\u00e1s\u00e1t is tudjuk v\u00e1llalni.<\/p>\n<h2>Steril anyag t\u00e1rol\u00e1s<\/h2>\n<p>Saj\u00e1t, steril klimatiz\u00e1lt rakt\u00e1rban, rozsdamentes polcokon nagy, steril t\u00e1rol\u00f3 kapacit\u00e1ssal rendelkez\u00fcnk.<\/p>\n<p><em>A fenti szolg\u00e1ltat\u00e1sok ig\u00e9nybev\u00e9tel\u00e9vel kapcsolatosan k\u00e9rj\u00fck forduljon <strong>Nagy B\u00e9la<\/strong> k\u00f6zeg\u00e9szs\u00e9g\u00fcgyi-j\u00e1rv\u00e1ny\u00fcgyi fel\u00fcgyel\u0151nkh\u00f6z a <a href=\"mailto:nagy.bela@semmelweis.hu\">nagy.bela@semmelweis.hu<\/a> email c\u00edmen vagy a +36 1 391 1900\/1401 telefonsz\u00e1mon .<\/em><\/p>\n<p>&nbsp;<\/p>\n\r\n        [slb_exclude]\r\n        <div class=\"row galeria-wrapper mx-0 h-auto\">\r\n            <div class=\"col-9 pl-0 pr-2\">\r\n            <span class=\"gallery-item frame\">\r\n\t\t\t\t<div class=\"galeria-left-img\"><a href=\"https:\/\/semmelweis.hu\/rehabilitaciosklinika\/files\/2024\/10\/IMG_41071-scaled.jpg\"><img src=https:\/\/semmelweis.hu\/rehabilitaciosklinika\/files\/2024\/10\/IMG_41071-scaled.jpg  \r\n                            alt=\"\" \r\n                            class=\"attachment-sote-gallery-big size-sote-gallery-big\" \r\n                            srcset=\"https:\/\/semmelweis.hu\/rehabilitaciosklinika\/files\/2024\/10\/IMG_41071-400x300.jpg 400w, https:\/\/semmelweis.hu\/rehabilitaciosklinika\/files\/2024\/10\/IMG_41071-1024x768.jpg 1024w, https:\/\/semmelweis.hu\/rehabilitaciosklinika\/files\/2024\/10\/IMG_41071-768x576.jpg 768w, https:\/\/semmelweis.hu\/rehabilitaciosklinika\/files\/2024\/10\/IMG_41071-1536x1152.jpg 1536w, https:\/\/semmelweis.hu\/rehabilitaciosklinika\/files\/2024\/10\/IMG_41071-2048x1536.jpg 2048w, https:\/\/semmelweis.hu\/rehabilitaciosklinika\/files\/2024\/10\/IMG_41071-753x565.jpg 753w\" ><\/a><\/div>\r\n            <\/span>\r\n\r\n            <\/div>\r\n\r\n\t\t\t<div class=\"col-3 pl-0 pr-0\">\r\n\t\t\t\t<div class=\"galeria-right-img d-flex justify-content-between flex-column h-100 w-100 px-0 mx-0 \">\r\n                <div class=\"galeria-box\">\r\n\t\t\t\t\t<h3 class=\"galeria-title\">Gal\u00e9ria<\/h3>\r\n\t\t\t\t\t<div class=\"galeria-subtitle\">\r\n\r\n\t\t\t\t\t\t<div class=\"galeria-page-counter\"><span>5<\/span>k\u00e9p<\/div>\r\n                    <\/div> <\/div>\r\n                    <span class=\"gallery-item frame d-none d-md-flex\">\r\n\t\t\t\t\t<div class=\"galeria-small-img mt-0\"><a href=\"https:\/\/semmelweis.hu\/rehabilitaciosklinika\/files\/2024\/10\/IMG_41081-scaled.jpg\"><img src=https:\/\/semmelweis.hu\/rehabilitaciosklinika\/files\/2024\/10\/IMG_41081-scaled.jpg \r\n                                alt=\"\"  \r\n                                class=\"attachment-sote-gallery-small size-sote-gallery-small\" \r\n                                srcset=\"https:\/\/semmelweis.hu\/rehabilitaciosklinika\/files\/2024\/10\/IMG_41081-300x400.jpg 300w, https:\/\/semmelweis.hu\/rehabilitaciosklinika\/files\/2024\/10\/IMG_41081-768x1024.jpg 768w, https:\/\/semmelweis.hu\/rehabilitaciosklinika\/files\/2024\/10\/IMG_41081-1152x1536.jpg 1152w, https:\/\/semmelweis.hu\/rehabilitaciosklinika\/files\/2024\/10\/IMG_41081-1536x2048.jpg 1536w, https:\/\/semmelweis.hu\/rehabilitaciosklinika\/files\/2024\/10\/IMG_41081-753x1004.jpg 753w, https:\/\/semmelweis.hu\/rehabilitaciosklinika\/files\/2024\/10\/IMG_41081-scaled.jpg 1920w\" ><\/a><\/div>\r\n                    <\/span>\r\n                    <span class=\"gallery-item frame d-none d-md-flex\">\r\n\t\t\t\t\t<div class=\"galeria-small-img mt-0\"><a href=\"https:\/\/semmelweis.hu\/rehabilitaciosklinika\/files\/2024\/10\/IMG_41141-scaled.jpg\"><img src=https:\/\/semmelweis.hu\/rehabilitaciosklinika\/files\/2024\/10\/IMG_41141-scaled.jpg \r\n                                alt=\"\" \r\n                                class=\"attachment-sote-gallery-small size-sote-gallery-small\" \r\n                                srcset=\"https:\/\/semmelweis.hu\/rehabilitaciosklinika\/files\/2024\/10\/IMG_41141-400x300.jpg 400w, https:\/\/semmelweis.hu\/rehabilitaciosklinika\/files\/2024\/10\/IMG_41141-1024x768.jpg 1024w, https:\/\/semmelweis.hu\/rehabilitaciosklinika\/files\/2024\/10\/IMG_41141-768x576.jpg 768w, https:\/\/semmelweis.hu\/rehabilitaciosklinika\/files\/2024\/10\/IMG_41141-1536x1152.jpg 1536w, https:\/\/semmelweis.hu\/rehabilitaciosklinika\/files\/2024\/10\/IMG_41141-2048x1536.jpg 2048w, https:\/\/semmelweis.hu\/rehabilitaciosklinika\/files\/2024\/10\/IMG_41141-753x565.jpg 753w\" ><\/a><\/div>\r\n                    <\/span>\r\n\r\n                <\/div>\r\n\r\n            <\/div>\r\n\r\n            <span class=\"gallery-item\"><div class=\"hidden\"><a href=\"https:\/\/semmelweis.hu\/rehabilitaciosklinika\/files\/2024\/10\/IMG_41201-scaled.jpg\">\r\n        <img src=https:\/\/semmelweis.hu\/rehabilitaciosklinika\/files\/2024\/10\/IMG_41201-scaled.jpg alt=\"\" class=\"attachment-sote-gallery-big size-sote-gallery-big\" srcset=\"https:\/\/semmelweis.hu\/rehabilitaciosklinika\/files\/2024\/10\/IMG_41201-300x400.jpg 300w, https:\/\/semmelweis.hu\/rehabilitaciosklinika\/files\/2024\/10\/IMG_41201-768x1024.jpg 768w, https:\/\/semmelweis.hu\/rehabilitaciosklinika\/files\/2024\/10\/IMG_41201-1152x1536.jpg 1152w, https:\/\/semmelweis.hu\/rehabilitaciosklinika\/files\/2024\/10\/IMG_41201-1536x2048.jpg 1536w, https:\/\/semmelweis.hu\/rehabilitaciosklinika\/files\/2024\/10\/IMG_41201-753x1004.jpg 753w, https:\/\/semmelweis.hu\/rehabilitaciosklinika\/files\/2024\/10\/IMG_41201-scaled.jpg 1920w\" >\r\n        <\/a><\/div><\/span><span class=\"gallery-item\"><div class=\"hidden\"><a href=\"https:\/\/semmelweis.hu\/rehabilitaciosklinika\/files\/2024\/10\/IMG_41361-scaled.jpg\">\r\n        <img src=https:\/\/semmelweis.hu\/rehabilitaciosklinika\/files\/2024\/10\/IMG_41361-scaled.jpg alt=\"\" class=\"attachment-sote-gallery-big size-sote-gallery-big\" srcset=\"https:\/\/semmelweis.hu\/rehabilitaciosklinika\/files\/2024\/10\/IMG_41361-300x400.jpg 300w, https:\/\/semmelweis.hu\/rehabilitaciosklinika\/files\/2024\/10\/IMG_41361-768x1024.jpg 768w, https:\/\/semmelweis.hu\/rehabilitaciosklinika\/files\/2024\/10\/IMG_41361-1152x1536.jpg 1152w, https:\/\/semmelweis.hu\/rehabilitaciosklinika\/files\/2024\/10\/IMG_41361-1536x2048.jpg 1536w, https:\/\/semmelweis.hu\/rehabilitaciosklinika\/files\/2024\/10\/IMG_41361-753x1004.jpg 753w, https:\/\/semmelweis.hu\/rehabilitaciosklinika\/files\/2024\/10\/IMG_41361-scaled.jpg 1920w\" >\r\n        <\/a><\/div><\/span>\r\n            <\/div>\r\n\r\n            [\/slb_exclude]\r\n\t\n","protected":false},"excerpt":{"rendered":"<p>Klinik\u00e1nk steril anyag-eszk\u00f6z el\u0151\u00e1ll\u00edt\u00e1sa a minden tekintetben rendk\u00edv\u00fcl korszer\u0171 K\u00f6zponti steriliz\u00e1l\u00f3ban t\u00f6rt\u00e9nik. Val\u00f3di k\u00f6zponti steriliz\u00e1l\u00f3k\u00e9nt \u00fczemeltetve teh\u00e1t a nem steril eszk\u00f6z\u00f6k gy\u0171jt\u00e9s\u00e9t\u0151l kezdve, azok tiszt\u00edt\u00e1s\u00e1n \u00e9s csomagol\u00e1s\u00e1n valamint steriliz\u00e1l\u00e1s\u00e1n kereszt\u00fcl, eg\u00e9szen a steril anyag t\u00e1rol\u00e1s\u00e1ig, a technol\u00f3giai sor minden folyamat\u00e1nak elv\u00e9gz\u00e9se azonos helyen t\u00f6rt\u00e9nik. Steriliz\u00e1l\u00f3 berendez\u00e9seink G\u00e9pi m\u0171szer tiszt\u00edt\u00f3fert\u0151tlen\u00edt\u0151 berendez\u00e9sek 1 db kb. 15 l &hellip;<\/p>\n","protected":false},"author":102387,"featured_media":2201,"parent":766,"menu_order":1,"comment_status":"closed","ping_status":"closed","template":"template-fullwidth.php","meta":{"_acf_changed":false,"footnotes":""},"categories":[],"tags":[],"class_list":["post-1782","page","type-page","status-publish","has-post-thumbnail","hentry"],"acf":[],"_links":{"self":[{"href":"https:\/\/semmelweis.hu\/rehabilitaciosklinika\/wp-json\/wp\/v2\/pages\/1782","targetHints":{"allow":["GET"]}}],"collection":[{"href":"https:\/\/semmelweis.hu\/rehabilitaciosklinika\/wp-json\/wp\/v2\/pages"}],"about":[{"href":"https:\/\/semmelweis.hu\/rehabilitaciosklinika\/wp-json\/wp\/v2\/types\/page"}],"author":[{"embeddable":true,"href":"https:\/\/semmelweis.hu\/rehabilitaciosklinika\/wp-json\/wp\/v2\/users\/102387"}],"replies":[{"embeddable":true,"href":"https:\/\/semmelweis.hu\/rehabilitaciosklinika\/wp-json\/wp\/v2\/comments?post=1782"}],"version-history":[{"count":10,"href":"https:\/\/semmelweis.hu\/rehabilitaciosklinika\/wp-json\/wp\/v2\/pages\/1782\/revisions"}],"predecessor-version":[{"id":2456,"href":"https:\/\/semmelweis.hu\/rehabilitaciosklinika\/wp-json\/wp\/v2\/pages\/1782\/revisions\/2456"}],"up":[{"embeddable":true,"href":"https:\/\/semmelweis.hu\/rehabilitaciosklinika\/wp-json\/wp\/v2\/pages\/766"}],"wp:featuredmedia":[{"embeddable":true,"href":"https:\/\/semmelweis.hu\/rehabilitaciosklinika\/wp-json\/wp\/v2\/media\/2201"}],"wp:attachment":[{"href":"https:\/\/semmelweis.hu\/rehabilitaciosklinika\/wp-json\/wp\/v2\/media?parent=1782"}],"wp:term":[{"taxonomy":"category","embeddable":true,"href":"https:\/\/semmelweis.hu\/rehabilitaciosklinika\/wp-json\/wp\/v2\/categories?post=1782"},{"taxonomy":"post_tag","embeddable":true,"href":"https:\/\/semmelweis.hu\/rehabilitaciosklinika\/wp-json\/wp\/v2\/tags?post=1782"}],"curies":[{"name":"wp","href":"https:\/\/api.w.org\/{rel}","templated":true}]}}