{"id":1403,"date":"2024-09-18T07:46:04","date_gmt":"2024-09-18T05:46:04","guid":{"rendered":"https:\/\/semmelweis.hu\/rehabilitaciosklinika\/?page_id=1403"},"modified":"2024-12-04T08:27:35","modified_gmt":"2024-12-04T07:27:35","slug":"thermoreharob","status":"publish","type":"page","link":"https:\/\/semmelweis.hu\/rehabilitaciosklinika\/tudomany\/kutataskereso\/thermoreharob\/","title":{"rendered":"ThermoReharob &#8211; IKT alap\u00fa eszk\u00f6z\u00f6k fels\u0151 v\u00e9gtagi robottal seg\u00edtett rehabilit\u00e1ci\u00f3 hat\u00e9konys\u00e1g\u00e1nak felm\u00e9r\u00e9s\u00e9re \u00e9s jav\u00edt\u00e1s\u00e1ra termogr\u00e1fiai diagnosztikai m\u00f3dszer alkalmaz\u00e1s\u00e1val"},"content":{"rendered":"<p><strong>A kutat\u00e1s elnevez\u00e9se\u00a0\u00a0\u00a0\u00a0<\/strong><\/p>\n<p>ThermoReharob &#8211; IKT alap\u00fa eszk\u00f6z\u00f6k fels\u0151 v\u00e9gtagi robottal seg\u00edtett rehabilit\u00e1ci\u00f3 hat\u00e9konys\u00e1g\u00e1nak felm\u00e9r\u00e9s\u00e9re \u00e9s jav\u00edt\u00e1s\u00e1ra termogr\u00e1fiai diagnosztikai m\u00f3dszer alkalmaz\u00e1s\u00e1val<\/p>\n<p><strong>A kutat\u00e1s futamideje\u00a0\u00a0\u00a0\u00a0<\/strong><\/p>\n<p>2018.09.01. \u2013 2021.08.31.<\/p>\n<p><strong>A kutat\u00e1s t\u00e1mogat\u00f3ja\u00a0\u00a0\u00a0<\/strong><\/p>\n<p>NKFIH<\/p>\n<p><strong>A kutat\u00e1s vezet\u0151je\u00a0\u00a0\u00a0\u00a0\u00a0\u00a0\u00a0\u00a0<\/strong><\/p>\n<p>Dr. Fazekas G\u00e1bor Ph.D.<\/p>\n<p><strong>R\u00e9sztvev\u0151 kutat\u00f3k az OORI-b\u00f3l<\/strong><\/p>\n<ul>\n<li>Dr. D\u00e9nes Zolt\u00e1n Ph.D., orvos<\/li>\n<li>Dr. Tavaszi Ibolya, orvos<\/li>\n<li>Dr. Feh\u00e9r Melinda, orvos<\/li>\n<li>Agg Zs\u00f3fia, gy\u00f3gytorn\u00e1sz<\/li>\n<li>Farkas Eszter, gy\u00f3gytorn\u00e1sz<\/li>\n<li>Mark\u00f3 Zs\u00f3fia, gy\u00f3gytorn\u00e1sz<\/li>\n<\/ul>\n<p><strong>K\u00fcls\u0151 partnerek\u00a0\u00a0\u00a0\u00a0\u00a0\u00a0\u00a0\u00a0\u00a0\u00a0\u00a0\u00a0\u00a0<\/strong><\/p>\n<ul>\n<li>Budapesti M\u0171szaki \u00e9s Gazdas\u00e1gtudom\u00e1nyi Egyetem<\/li>\n<li>DAPAMotion Kft.<\/li>\n<li>Central Scientific Instruments Organisation, Chandigarh, India<\/li>\n<\/ul>\n<p><strong>A kutat\u00e1s f\u0151bb c\u00e9lkit\u0171z\u00e9sei\u00a0\u00a0\u00a0\u00a0\u00a0\u00a0\u00a0\u00a0<\/strong><\/p>\n<p>A projekt c\u00e9lul t\u0171zi ki, hogy a manu\u00e1lis \u00e1llapotfelm\u00e9r\u00e9s feladat\u00e1t, a robotos gy\u00f3gytorn\u00e1ztat\u00f3 rendszert egyedi m\u00f3don felhaszn\u00e1lva, izometri\u00e1s illetve izokinetikus teszteket elv\u00e9gezve seg\u00edtse, a klinikai \u00e1llapotmutat\u00f3k bizonyos k\u00f6r\u00e9t objekt\u00edven \u00e1llap\u00edtsa meg. Indiai hozz\u00e1j\u00e1rul\u00e1s a javasolt diagnosztikai funkci\u00f3hoz, hogy a beteg \u00e9rintett fels\u0151 v\u00e9gtagj\u00e1r\u00f3l k\u00e9sz\u00edtett h\u0151kamer\u00e1s f\u00e9nyk\u00e9pek g\u00e9pi tanul\u00e1sos m\u00f3dszerrel t\u00f6rt\u00e9n\u0151 elemz\u00e9s\u00e9vel kapcsolatot \u00e1ll\u00edt fel a szabv\u00e1nyos \u00e1llapotmutat\u00f3kkal. A diagnosztikai c\u00e9lkit\u0171z\u00e9seken bel\u00fcl a v\u00e1llf\u00e1jdalom m\u0171szeres diagnosztiz\u00e1l\u00e1s\u00e1val a felsorolt m\u00f3dszerek keret\u00e9n bel\u00fcl k\u00fcl\u00f6n foglalkozunk, ugyanis a stroke betegek 70%-a panaszkodik v\u00e1llf\u00e1jdalomra.<\/p>\n<p><strong>A kutat\u00e1s el\u0151zm\u00e9nye\u00a0<\/strong><\/p>\n<p>REHAROB, ALLADIN, FizioRobot, Cosmosys<\/p>\n","protected":false},"excerpt":{"rendered":"<p>A kutat\u00e1s elnevez\u00e9se\u00a0\u00a0\u00a0\u00a0 ThermoReharob &#8211; IKT alap\u00fa eszk\u00f6z\u00f6k fels\u0151 v\u00e9gtagi robottal seg\u00edtett rehabilit\u00e1ci\u00f3 hat\u00e9konys\u00e1g\u00e1nak felm\u00e9r\u00e9s\u00e9re \u00e9s jav\u00edt\u00e1s\u00e1ra termogr\u00e1fiai diagnosztikai m\u00f3dszer alkalmaz\u00e1s\u00e1val A kutat\u00e1s futamideje\u00a0\u00a0\u00a0\u00a0 2018.09.01. \u2013 2021.08.31. A kutat\u00e1s t\u00e1mogat\u00f3ja\u00a0\u00a0\u00a0 NKFIH A kutat\u00e1s vezet\u0151je\u00a0\u00a0\u00a0\u00a0\u00a0\u00a0\u00a0\u00a0 Dr. Fazekas G\u00e1bor Ph.D. R\u00e9sztvev\u0151 kutat\u00f3k az OORI-b\u00f3l Dr. D\u00e9nes Zolt\u00e1n Ph.D., orvos Dr. Tavaszi Ibolya, orvos Dr. Feh\u00e9r Melinda, orvos &hellip;<\/p>\n","protected":false},"author":102388,"featured_media":2619,"parent":2407,"menu_order":1,"comment_status":"closed","ping_status":"closed","template":"","meta":{"_acf_changed":false,"footnotes":""},"categories":[15],"tags":[17],"class_list":["post-1403","page","type-page","status-publish","has-post-thumbnail","hentry","category-lezarult-kutatas","tag-orvos-mernok-kutatasok"],"acf":[],"_links":{"self":[{"href":"https:\/\/semmelweis.hu\/rehabilitaciosklinika\/wp-json\/wp\/v2\/pages\/1403","targetHints":{"allow":["GET"]}}],"collection":[{"href":"https:\/\/semmelweis.hu\/rehabilitaciosklinika\/wp-json\/wp\/v2\/pages"}],"about":[{"href":"https:\/\/semmelweis.hu\/rehabilitaciosklinika\/wp-json\/wp\/v2\/types\/page"}],"author":[{"embeddable":true,"href":"https:\/\/semmelweis.hu\/rehabilitaciosklinika\/wp-json\/wp\/v2\/users\/102388"}],"replies":[{"embeddable":true,"href":"https:\/\/semmelweis.hu\/rehabilitaciosklinika\/wp-json\/wp\/v2\/comments?post=1403"}],"version-history":[{"count":5,"href":"https:\/\/semmelweis.hu\/rehabilitaciosklinika\/wp-json\/wp\/v2\/pages\/1403\/revisions"}],"predecessor-version":[{"id":2488,"href":"https:\/\/semmelweis.hu\/rehabilitaciosklinika\/wp-json\/wp\/v2\/pages\/1403\/revisions\/2488"}],"up":[{"embeddable":true,"href":"https:\/\/semmelweis.hu\/rehabilitaciosklinika\/wp-json\/wp\/v2\/pages\/2407"}],"wp:featuredmedia":[{"embeddable":true,"href":"https:\/\/semmelweis.hu\/rehabilitaciosklinika\/wp-json\/wp\/v2\/media\/2619"}],"wp:attachment":[{"href":"https:\/\/semmelweis.hu\/rehabilitaciosklinika\/wp-json\/wp\/v2\/media?parent=1403"}],"wp:term":[{"taxonomy":"category","embeddable":true,"href":"https:\/\/semmelweis.hu\/rehabilitaciosklinika\/wp-json\/wp\/v2\/categories?post=1403"},{"taxonomy":"post_tag","embeddable":true,"href":"https:\/\/semmelweis.hu\/rehabilitaciosklinika\/wp-json\/wp\/v2\/tags?post=1403"}],"curies":[{"name":"wp","href":"https:\/\/api.w.org\/{rel}","templated":true}]}}