{"id":1387,"date":"2024-09-18T07:42:36","date_gmt":"2024-09-18T05:42:36","guid":{"rendered":"https:\/\/semmelweis.hu\/rehabilitaciosklinika\/?page_id=1387"},"modified":"2024-11-22T09:47:48","modified_gmt":"2024-11-22T08:47:48","slug":"audi-szuro-es-prevencios-program","status":"publish","type":"page","link":"https:\/\/semmelweis.hu\/rehabilitaciosklinika\/tudomany\/kutataskereso\/audi-szuro-es-prevencios-program\/","title":{"rendered":"AUDI sz\u0171r\u0151- \u00e9s prevenci\u00f3s program kidolgoz\u00e1sa"},"content":{"rendered":"<p><strong>A kutat\u00e1s elnevez\u00e9se\u00a0\u00a0\u00a0\u00a0<\/strong><\/p>\n<p>AUDI sz\u0171r\u0151- \u00e9s prevenci\u00f3s program kidolgoz\u00e1sa<\/p>\n<p><strong>A kutat\u00e1s futamideje\u00a0\u00a0\u00a0\u00a0<\/strong><\/p>\n<p>2016.10.01 \u2013 2018. 05.31., illetve a publik\u00e1ci\u00f3 megsz\u00fclet\u00e9s\u00e9ig<\/p>\n<p><strong>A kutat\u00e1s t\u00e1mogat\u00f3ja\u00a0\u00a0\u00a0<\/strong><\/p>\n<p>AUDI Hungary Zrt<\/p>\n<p><strong>A kutat\u00e1s vezet\u0151je\u00a0\u00a0\u00a0\u00a0\u00a0\u00a0\u00a0\u00a0<\/strong><\/p>\n<p>Dr. R\u00e9vay Edit<\/p>\n<p><strong>R\u00e9sztvev\u0151 kutat\u00f3k az OORI-b\u00f3l<\/strong><\/p>\n<ul>\n<li>Dr. Hampel Katalin<\/li>\n<li>Dr. Nagy Helga<\/li>\n<li>Nemes L\u00e1szl\u00f3<\/li>\n<li>Sz\u00e1nt\u00f3 Krisztina<\/li>\n<\/ul>\n<p><strong>K\u00fcls\u0151 partnerek\u00a0\u00a0\u00a0\u00a0\u00a0\u00a0\u00a0\u00a0\u00a0\u00a0\u00a0\u00a0\u00a0<\/strong><\/p>\n<p>AUDI Hungary Zrt<\/p>\n<p><strong>A kutat\u00e1s f\u0151bb c\u00e9lkit\u0171z\u00e9sei\u00a0\u00a0\u00a0\u00a0\u00a0\u00a0\u00a0\u00a0<\/strong><\/p>\n<p>Az AUDI Hungary Zrt-vel egy\u00fcttm\u0171k\u00f6dve a dolgoz\u00f3k eg\u00e9szs\u00e9g\u00e9nek hosszabb t\u00e1v\u00fa meg\u00f3v\u00e1sa \u00e9rdek\u00e9ben mozg\u00e1sszervi sz\u0171r\u0151- \u00e9s prevenci\u00f3s program kidolgoz\u00e1sa, kifejezetten az AUDI ig\u00e9nyeire szabva. A sz\u0171r\u0151- \u00e9s prevenci\u00f3s program kidolgoz\u00e1sa nagyv\u00e1llalati k\u00f6rnyezet ig\u00e9nyeihez \u00e9s lehet\u0151s\u00e9geihez igaz\u00edtva. Modellalkot\u00e1s.<\/p>\n<p><strong>A kutat\u00e1s f\u0151bb eredm\u00e9nyei\u00a0\u00a0\u00a0\u00a0\u00a0\u00a0\u00a0<\/strong><\/p>\n<ul>\n<li>mindennapi rutint\u00f3l elt\u00e9r\u0151 gondolkod\u00e1st ig\u00e9nyl\u0151 egy\u00fcttm\u0171k\u00f6d\u00e9s<\/li>\n<li>elt\u00e9r\u0151 szeml\u00e9letm\u00f3dok \u00e9s gyakorlatok \u00f6sszehangol\u00e1sa<\/li>\n<li>\u00f6sszetett teamben (rehabilit\u00e1ci\u00f3s gyakorlattal rendelkez\u0151 orvos, terapeuta, t\u00e1rsadalomkutat\u00f3, nagyv\u00e1llalati k\u00f6zegben tapasztalt orvos, terapeuta) szakmai egy\u00fcttgondolkod\u00e1s \u00faj szempontok beemel\u00e9se<\/li>\n<li>integr\u00e1lt, egym\u00e1sra \u00e9p\u00edtett sz\u0171r\u0151 \u00e9s prevenci\u00f3s program kidolgoz\u00e1sa<\/li>\n<li>empirikus k\u00f6vet\u00e9ses vizsg\u00e1lat kidolgoz\u00e1sa<\/li>\n<li>a prevenci\u00f3 ter\u00e9n modul\u00e1ris blokk rendszer miatt nagyfok\u00fa variabilit\u00e1s lehet\u0151s\u00e9g\u00e9nek biztos\u00edt\u00e1sa<\/li>\n<li>nagyv\u00e1llalati k\u00f6rnyezetbe k\u00f6nnyen adapt\u00e1lhat\u00f3 program kidolgoz\u00e1sa<\/li>\n<li>pilot eredm\u00e9nyekb\u0151l \u00e9s a modell\u00e9rt\u00e9k\u0171 fel\u00e9p\u00edtett programb\u00f3l tanulm\u00e1ny<\/li>\n<\/ul>\n<p>&nbsp;<\/p>\n","protected":false},"excerpt":{"rendered":"<p>A kutat\u00e1s elnevez\u00e9se\u00a0\u00a0\u00a0\u00a0 AUDI sz\u0171r\u0151- \u00e9s prevenci\u00f3s program kidolgoz\u00e1sa A kutat\u00e1s futamideje\u00a0\u00a0\u00a0\u00a0 2016.10.01 \u2013 2018. 05.31., illetve a publik\u00e1ci\u00f3 megsz\u00fclet\u00e9s\u00e9ig A kutat\u00e1s t\u00e1mogat\u00f3ja\u00a0\u00a0\u00a0 AUDI Hungary Zrt A kutat\u00e1s vezet\u0151je\u00a0\u00a0\u00a0\u00a0\u00a0\u00a0\u00a0\u00a0 Dr. R\u00e9vay Edit R\u00e9sztvev\u0151 kutat\u00f3k az OORI-b\u00f3l Dr. Hampel Katalin Dr. Nagy Helga Nemes L\u00e1szl\u00f3 Sz\u00e1nt\u00f3 Krisztina K\u00fcls\u0151 partnerek\u00a0\u00a0\u00a0\u00a0\u00a0\u00a0\u00a0\u00a0\u00a0\u00a0\u00a0\u00a0\u00a0 AUDI Hungary Zrt A kutat\u00e1s f\u0151bb c\u00e9lkit\u0171z\u00e9sei\u00a0\u00a0\u00a0\u00a0\u00a0\u00a0\u00a0\u00a0 &hellip;<\/p>\n","protected":false},"author":102388,"featured_media":0,"parent":2407,"menu_order":0,"comment_status":"closed","ping_status":"closed","template":"","meta":{"_acf_changed":false,"footnotes":""},"categories":[15],"tags":[14],"class_list":["post-1387","page","type-page","status-publish","hentry","category-lezarult-kutatas","tag-mozgasterapia-kutatasok"],"acf":[],"_links":{"self":[{"href":"https:\/\/semmelweis.hu\/rehabilitaciosklinika\/wp-json\/wp\/v2\/pages\/1387","targetHints":{"allow":["GET"]}}],"collection":[{"href":"https:\/\/semmelweis.hu\/rehabilitaciosklinika\/wp-json\/wp\/v2\/pages"}],"about":[{"href":"https:\/\/semmelweis.hu\/rehabilitaciosklinika\/wp-json\/wp\/v2\/types\/page"}],"author":[{"embeddable":true,"href":"https:\/\/semmelweis.hu\/rehabilitaciosklinika\/wp-json\/wp\/v2\/users\/102388"}],"replies":[{"embeddable":true,"href":"https:\/\/semmelweis.hu\/rehabilitaciosklinika\/wp-json\/wp\/v2\/comments?post=1387"}],"version-history":[{"count":5,"href":"https:\/\/semmelweis.hu\/rehabilitaciosklinika\/wp-json\/wp\/v2\/pages\/1387\/revisions"}],"predecessor-version":[{"id":2385,"href":"https:\/\/semmelweis.hu\/rehabilitaciosklinika\/wp-json\/wp\/v2\/pages\/1387\/revisions\/2385"}],"up":[{"embeddable":true,"href":"https:\/\/semmelweis.hu\/rehabilitaciosklinika\/wp-json\/wp\/v2\/pages\/2407"}],"wp:attachment":[{"href":"https:\/\/semmelweis.hu\/rehabilitaciosklinika\/wp-json\/wp\/v2\/media?parent=1387"}],"wp:term":[{"taxonomy":"category","embeddable":true,"href":"https:\/\/semmelweis.hu\/rehabilitaciosklinika\/wp-json\/wp\/v2\/categories?post=1387"},{"taxonomy":"post_tag","embeddable":true,"href":"https:\/\/semmelweis.hu\/rehabilitaciosklinika\/wp-json\/wp\/v2\/tags?post=1387"}],"curies":[{"name":"wp","href":"https:\/\/api.w.org\/{rel}","templated":true}]}}