{"id":1349,"date":"2024-09-17T13:59:30","date_gmt":"2024-09-17T11:59:30","guid":{"rendered":"https:\/\/semmelweis.hu\/rehabilitaciosklinika\/?page_id=1349"},"modified":"2025-11-04T09:22:50","modified_gmt":"2025-11-04T08:22:50","slug":"publikacios-es-eloadoi-tevekenysegek","status":"publish","type":"page","link":"https:\/\/semmelweis.hu\/rehabilitaciosklinika\/tudomany\/publikacios-es-eloadoi-tevekenysegek\/","title":{"rendered":"Publik\u00e1ci\u00f3s \u00e9s el\u0151ad\u00f3i tev\u00e9kenys\u00e9gek"},"content":{"rendered":"<div class=\"keretes w-100\">\n<p>Munkat\u00e1rsaink rendszeresen vesznek r\u00e9szt hazai \u00e9s nemzetk\u00f6zi rehabilit\u00e1ci\u00f3s illetve hat\u00e1rter\u00fcleti tudom\u00e1nyos kongresszusokon, el\u0151ad\u00e1sokat tartanak az egyetemi \u00e9s posztgradu\u00e1lis k\u00e9pz\u00e9sben, tov\u00e1bbk\u00e9pz\u0151 tanfolyamokon, szimp\u00f3ziumokon \u00e9s egy\u00e9b rendezv\u00e9nyeken. Klinik\u00e1nkon m\u0171k\u00f6dik a <a href=\"https:\/\/rehab.hu\/folyoirat.aspx\" target=\"_blank\" rel=\"noopener\">&#8222;Rehabilit\u00e1ci\u00f3&#8221; c\u00edm\u0171 foly\u00f3irat<\/a> szerkeszt\u0151s\u00e9ge.<\/p>\n<\/div>\n<p>A Rehabilit\u00e1ci\u00f3s Klinika munkat\u00e1rsainak publik\u00e1ci\u00f3s \u00e9s el\u0151ad\u00f3i tev\u00e9kenys\u00e9g\u00e9r\u0151l \u00e9vente besz\u00e1mol\u00f3 k\u00e9sz\u00fcl.<\/p>\n<h5>\u00datmutat\u00f3 az \u00e9ves tudom\u00e1nyos tev\u00e9kenys\u00e9g besz\u00e1mol\u00f3j\u00e1nak elk\u00e9sz\u00edt\u00e9s\u00e9hez<\/h5>\n<p style=\"text-align: center\"><a class=\"btn btn-secondary\" href=\"https:\/\/semmelweis.hu\/rehabilitaciosklinika\/files\/2024\/12\/SE-RehabKlinika-eves-tudomanyos-jelentes-utmutato.pdf\" target=\"_blank\" rel=\"noopener\">Tov\u00e1bb az \u00fatmutat\u00f3hoz (PDF)<\/a><\/p>\n<h5>Egys\u00e9ges arculat\u00fa PPT sablonok<\/h5>\n<p>Az el\u0151ad\u00e1sok elk\u00e9sz\u00edt\u00e9s\u00e9hez haszn\u00e1lhat\u00f3k a Semmelweis Egyetem ppt sablonjai.<\/p>\n<ul>\n<li><a href=\"https:\/\/semmelweis.hu\/rehabilitaciosklinika\/files\/2025\/10\/SE-Rehabilitacios-Klinika-HUN_PPT-vegleges-20251028-RE.pptx\">magyar nyelv\u0171 klinikai ppt sablon<\/a> <em>(a let\u00f6lt\u00e9shez VPN hozz\u00e1f\u00e9r\u00e9s sz\u00fcks\u00e9ges)<\/em><\/li>\n<li><a href=\"https:\/\/semmelweis.hu\/rehabilitaciosklinika\/files\/2025\/10\/SE-Rehabilitacios-Klinika-ENG_PPT-vegleges-20251028-RE.pptx\">angol nyelv\u0171 klinikai ppt sablon<\/a> <em>(a let\u00f6lt\u00e9shez VPN hozz\u00e1f\u00e9r\u00e9s sz\u00fcks\u00e9ges)<\/em><\/li>\n<\/ul>\n<p>A sablon haszn\u00e1lata nem k\u00f6telez\u0151, ugyanakkor k\u00e9rj\u00fck, \u00e9ljenek a sablon haszn\u00e1lat\u00e1nak lehet\u0151s\u00e9g\u00e9vel, hisz egyfel\u0151l az int\u00e9zm\u00e9nyt is k\u00e9pviselik a munkat\u00e1rsak az el\u0151ad\u00e1sokkal, m\u00e1sfel\u0151l az eredm\u00e9nyek a k\u00f6z\u00f6s munka gy\u00fcm\u00f6lcsei, melyek megsz\u00fclet\u00e9s\u00e9hez a Rehabilit\u00e1ci\u00f3s Klinika biztos\u00edtotta \u00e9s biztos\u00edtja a szem\u00e9lyi \u00e9s t\u00e1rgyi felt\u00e9teleket, emiatt is egy sz\u00e9p gesztus Klinik\u00e1nk fel\u00e9, ha az \u00f6sszetartoz\u00e1sunkat egy k\u00f6z\u00f6s arculattal t\u00f6rt\u00e9n\u0151 megjelen\u00e9ssel is megpr\u00f3b\u00e1ljuk jelezni.<\/p>\n<h5>Szerz\u0151 nev\u00e9nek be\u00e1ll\u00edt\u00e1sa<img alt=\"\" \/><\/h5>\n<p>\u2022 Nyisssa meg a diamintan\u00e9zetet:<br \/>\nMen\u00fcsorban \u2192 N\u00e9zet (View) \u2192 Diaminta (Slide Master).<br \/>\n\u2022 V\u00e1lassza ki a f\u0151 diamint\u00e1t (a legfels\u0151 nagy mint\u00e1t), vagy azt az elrendez\u00e9st, ahol a szerz\u0151 neve megjelenik (\u00e1ltal\u00e1ban a c\u00edmdia alatti els\u0151 elrendez\u00e9s).<br \/>\n\u2022 Szerkessze \u00e1t a szerz\u0151 nev\u00e9t a megfelel\u0151 helyen (pl. a l\u00e1bl\u00e9cben vagy a sz\u00f6vegdobozban) a saj\u00e1t nev\u00e9re.<br \/>\n\u2192 Ezut\u00e1n minden tartalmi di\u00e1n automatikusan friss\u00fclni fog a n\u00e9v.<br \/>\n\u2022 Megjegyz\u00e9s: A c\u00edmdi\u00e1n ez nem mindig friss\u00fcl automatikusan, ott k\u00fcl\u00f6n be kell \u00edrni a nevet, mert az a dia gyakran saj\u00e1t, elt\u00e9r\u0151 elrendez\u00e9st haszn\u00e1l.<br \/>\n\u2022 Z\u00e1rja be a diamintan\u00e9zetet:<br \/>\nFent \u2192 Diamintan\u00e9zet bez\u00e1r\u00e1sa (Close Master View).<br \/>\n\u2022 T\u00e9rjen vissza a norm\u00e1l n\u00e9zetbe \u00e9s folytassa a prezent\u00e1ci\u00f3 k\u00e9sz\u00edt\u00e9s\u00e9t \u2014 innent\u0151l minden \u00faj tartalmi dia m\u00e1r a be\u00e1ll\u00edtott szerz\u0151nevet fogja mutatni.<\/p>\n<p>Ehhez egy tutorial: <a href=\"https:\/\/kaltura.semmelweis.hu\/media\/PPT+sablon+l%C3%A1bl%C3%A9c%C3%A9nek+szerkeszt%C3%A9se\/1_zimlisay\">https:\/\/kaltura.semmelweis.hu\/media\/PPT+sablon+l%C3%A1bl%C3%A9c%C3%A9nek+szerkeszt%C3%A9se\/1_zimlisay<\/a><\/p>\n<p>K\u00e9rd\u00e9s vagy k\u00e9r\u00e9s eset\u00e9n forduljanak bizalommal <a href=\"mailto:revay.edit@semmelweis.hu\">R\u00e9vay Edit<\/a> tudom\u00e1nyos f\u0151munkat\u00e1rshoz!\u00a0\u00a0<\/p>\n<h5>Munkat\u00e1rsaink \u00e1ltal megjelentetett k\u00f6zlem\u00e9nyek \u00e9ves list\u00e1i:<\/h5>\n<ul>\n<li><a href=\"https:\/\/semmelweis.hu\/rehabilitaciosklinika\/files\/2024\/10\/2023_oori_dolgozoinak_publikacioi.pdf\" target=\"_blank\" rel=\"noopener\">2023<\/a><\/li>\n<li><a href=\"https:\/\/semmelweis.hu\/rehabilitaciosklinika\/files\/2024\/10\/2022_oori_dolgozoinak_publikacioi.pdf\" target=\"_blank\" rel=\"noopener\">2022<\/a><\/li>\n<li><a href=\"https:\/\/semmelweis.hu\/rehabilitaciosklinika\/files\/2024\/09\/2021_OORI_dolgozoinak_publikacioi.pdf\" target=\"_blank\" rel=\"noopener\">2021<\/a><\/li>\n<li><a href=\"https:\/\/semmelweis.hu\/rehabilitaciosklinika\/files\/2024\/09\/2020_OORI_dolgozoinak_publikacioi.pdf\" target=\"_blank\" rel=\"noopener\">2020<\/a><\/li>\n<li><a href=\"https:\/\/semmelweis.hu\/rehabilitaciosklinika\/files\/2024\/09\/2019_OORI_dolgozoinak_publikacioi.pdf\" target=\"_blank\" rel=\"noopener\">2019<\/a><\/li>\n<li><a href=\"https:\/\/semmelweis.hu\/rehabilitaciosklinika\/files\/2024\/09\/2018_OORI_dolgozoinak_publikacioi.pdf\" target=\"_blank\" rel=\"noopener\">2018<\/a><\/li>\n<li><a href=\"https:\/\/semmelweis.hu\/rehabilitaciosklinika\/files\/2024\/09\/2017_OORI_dolgozoinak_publikacioi.pdf\" target=\"_blank\" rel=\"noopener\">2017<\/a><\/li>\n<li><a href=\"https:\/\/semmelweis.hu\/rehabilitaciosklinika\/files\/2024\/09\/2016_OORI_dolgozoinak_publikacioi.pdf\" target=\"_blank\" rel=\"noopener\">2016<\/a><\/li>\n<li><a href=\"https:\/\/semmelweis.hu\/rehabilitaciosklinika\/files\/2024\/09\/2015_OORI_dolgozoinak_publikacioi.pdf\" target=\"_blank\" rel=\"noopener\">2015<\/a><\/li>\n<li><a href=\"https:\/\/semmelweis.hu\/rehabilitaciosklinika\/files\/2024\/09\/2014_OORI_dolgozoinak_publikacioi.pdf\" target=\"_blank\" rel=\"noopener\">2014<\/a><\/li>\n<li><a href=\"https:\/\/semmelweis.hu\/rehabilitaciosklinika\/files\/2024\/09\/2013_OORI_dolgozoinak_publikacioi.pdf\" target=\"_blank\" rel=\"noopener\">2013<\/a><\/li>\n<li><a href=\"https:\/\/semmelweis.hu\/rehabilitaciosklinika\/files\/2024\/09\/2012_OORI_dolgozoinak_publikacioi.pdf\" target=\"_blank\" rel=\"noopener\">2012<\/a><\/li>\n<li><a href=\"https:\/\/semmelweis.hu\/rehabilitaciosklinika\/files\/2024\/09\/2011_OORI_dolgozoinak_publikacioi.pdf\" target=\"_blank\" rel=\"noopener\">2011<\/a><\/li>\n<li><a href=\"https:\/\/semmelweis.hu\/rehabilitaciosklinika\/files\/2024\/09\/2010_OORI_dolgozoinak_publikacioi.pdf\" target=\"_blank\" rel=\"noopener\">2010<\/a><\/li>\n<li><a href=\"https:\/\/semmelweis.hu\/rehabilitaciosklinika\/files\/2024\/09\/2009_OORI_dolgozoinak_publikacioi.pdf\" target=\"_blank\" rel=\"noopener\">2009<\/a><\/li>\n<li><a href=\"https:\/\/semmelweis.hu\/rehabilitaciosklinika\/files\/2024\/09\/2008_OORI_dolgozoinak_publikacioi.pdf\" target=\"_blank\" rel=\"noopener\">2008<\/a><\/li>\n<li><a href=\"https:\/\/semmelweis.hu\/rehabilitaciosklinika\/files\/2024\/09\/2007_OORI_dolgozoinak_publikacioi.pdf\" target=\"_blank\" rel=\"noopener\">2007<\/a><\/li>\n<li><a href=\"https:\/\/semmelweis.hu\/rehabilitaciosklinika\/files\/2024\/09\/2006_OORI_dolgozoinak_publikacioi.pdf\" target=\"_blank\" rel=\"noopener\">2006<\/a><\/li>\n<\/ul>\n<p>&nbsp;<\/p>\n","protected":false},"excerpt":{"rendered":"<p>Munkat\u00e1rsaink rendszeresen vesznek r\u00e9szt hazai \u00e9s nemzetk\u00f6zi rehabilit\u00e1ci\u00f3s illetve hat\u00e1rter\u00fcleti tudom\u00e1nyos kongresszusokon, el\u0151ad\u00e1sokat tartanak az egyetemi \u00e9s posztgradu\u00e1lis k\u00e9pz\u00e9sben, tov\u00e1bbk\u00e9pz\u0151 tanfolyamokon, szimp\u00f3ziumokon \u00e9s egy\u00e9b rendezv\u00e9nyeken. Klinik\u00e1nkon m\u0171k\u00f6dik a <a href=\"https:\/\/rehab.hu\/folyoirat.aspx\" target=\"_blank\" rel=\"noopener\">&#8222;Rehabilit\u00e1ci\u00f3&#8221; c\u00edm\u0171 foly\u00f3irat<\/a> szerkeszt\u0151s\u00e9ge. A Rehabilit\u00e1ci\u00f3s Klinika munkat\u00e1rsainak publik\u00e1ci\u00f3s \u00e9s el\u0151ad\u00f3i tev\u00e9kenys\u00e9g\u00e9r\u0151l \u00e9vente besz\u00e1mol\u00f3 k\u00e9sz\u00fcl. \u00datmutat\u00f3 az \u00e9ves tudom\u00e1nyos tev\u00e9kenys\u00e9g besz\u00e1mol\u00f3j\u00e1nak elk\u00e9sz\u00edt\u00e9s\u00e9hez <a class=\"btn btn-secondary\" href=\"https:\/\/semmelweis.hu\/rehabilitaciosklinika\/files\/2024\/12\/SE-RehabKlinika-eves-tudomanyos-jelentes-utmutato.pdf\" target=\"_blank\" rel=\"noopener\">Tov\u00e1bb az \u00fatmutat\u00f3hoz (PDF)<\/a> Egys\u00e9ges arculat\u00fa PPT sablonok Az el\u0151ad\u00e1sok elk\u00e9sz\u00edt\u00e9s\u00e9hez haszn\u00e1lhat\u00f3k &hellip;<\/p>\n","protected":false},"author":102388,"featured_media":0,"parent":25,"menu_order":2,"comment_status":"closed","ping_status":"closed","template":"","meta":{"_acf_changed":false,"footnotes":""},"categories":[],"tags":[],"class_list":["post-1349","page","type-page","status-publish","hentry"],"acf":[],"_links":{"self":[{"href":"https:\/\/semmelweis.hu\/rehabilitaciosklinika\/wp-json\/wp\/v2\/pages\/1349","targetHints":{"allow":["GET"]}}],"collection":[{"href":"https:\/\/semmelweis.hu\/rehabilitaciosklinika\/wp-json\/wp\/v2\/pages"}],"about":[{"href":"https:\/\/semmelweis.hu\/rehabilitaciosklinika\/wp-json\/wp\/v2\/types\/page"}],"author":[{"embeddable":true,"href":"https:\/\/semmelweis.hu\/rehabilitaciosklinika\/wp-json\/wp\/v2\/users\/102388"}],"replies":[{"embeddable":true,"href":"https:\/\/semmelweis.hu\/rehabilitaciosklinika\/wp-json\/wp\/v2\/comments?post=1349"}],"version-history":[{"count":11,"href":"https:\/\/semmelweis.hu\/rehabilitaciosklinika\/wp-json\/wp\/v2\/pages\/1349\/revisions"}],"predecessor-version":[{"id":3586,"href":"https:\/\/semmelweis.hu\/rehabilitaciosklinika\/wp-json\/wp\/v2\/pages\/1349\/revisions\/3586"}],"up":[{"embeddable":true,"href":"https:\/\/semmelweis.hu\/rehabilitaciosklinika\/wp-json\/wp\/v2\/pages\/25"}],"wp:attachment":[{"href":"https:\/\/semmelweis.hu\/rehabilitaciosklinika\/wp-json\/wp\/v2\/media?parent=1349"}],"wp:term":[{"taxonomy":"category","embeddable":true,"href":"https:\/\/semmelweis.hu\/rehabilitaciosklinika\/wp-json\/wp\/v2\/categories?post=1349"},{"taxonomy":"post_tag","embeddable":true,"href":"https:\/\/semmelweis.hu\/rehabilitaciosklinika\/wp-json\/wp\/v2\/tags?post=1349"}],"curies":[{"name":"wp","href":"https:\/\/api.w.org\/{rel}","templated":true}]}}