{"id":1329,"date":"2024-09-17T13:23:01","date_gmt":"2024-09-17T11:23:01","guid":{"rendered":"https:\/\/semmelweis.hu\/rehabilitaciosklinika\/?page_id=1329"},"modified":"2025-01-17T09:14:34","modified_gmt":"2025-01-17T08:14:34","slug":"szakorvos-kepzes","status":"publish","type":"page","link":"https:\/\/semmelweis.hu\/rehabilitaciosklinika\/oktatas\/szakorvos-kepzes\/","title":{"rendered":"Szakorvos k\u00e9pz\u00e9s"},"content":{"rendered":"<div class=\"responsive-tabs\">\n<h2 class=\"tabtitle\">Szakorvos k\u00e9pz\u00e9s<\/h2>\n<div class=\"tabcontent\">\n\n<h3>Szakorvos k\u00e9pz\u00e9s<\/h3>\n<p style=\"text-align: justify\">A SE Rehabilit\u00e1ci\u00f3s Klinika &#8211; jogel\u0151dje az Orsz\u00e1gos Orvosi Rehabilit\u00e1ci\u00f3s Int\u00e9zet (OORI) -1980 \u00f3ta vesz r\u00e9szt rehabilit\u00e1ci\u00f3s szakorvosok k\u00e9pz\u00e9s\u00e9ben. A szakk\u00e9pz\u00e9s fokozatosan nyerte el a mai form\u00e1j\u00e1t, ez id\u0151 alatt a strukt\u00far\u00e1ja \u00e9s az elnevez\u00e9se is t\u00f6bb alkalommal m\u00f3dosult, reflekt\u00e1lva a szakter\u00fcleten bel\u00fcl bek\u00f6vetkezett nemzetk\u00f6zi \u00e9s hazai v\u00e1ltoz\u00e1sokra. 2003 \u00e9s 2016 k\u00f6z\u00f6tt az \u00f6t \u00e9ves alap szakk\u00e9pz\u00e9s elnevez\u00e9se &#8222;Fizik\u00e1lis medicina \u00e9s rehabilit\u00e1ci\u00f3s orvosl\u00e1s&#8221; volt. Ezzel p\u00e1rhuzamosan r\u00e1\u00e9p\u00edtett szakvizsga elv\u00e9gz\u00e9s\u00e9re is volt lehet\u0151s\u00e9g.<\/p>\n<p style=\"text-align: justify\">2016 \u00f3ta kiz\u00e1r\u00f3lag alap szakk\u00e9pz\u00e9s ind\u00edthat\u00f3, melynek hivatalos elnevez\u00e9se &#8222;Rehabilit\u00e1ci\u00f3s medicina&#8221;. A k\u00e9pz\u00e9si id\u0151 52 h\u00f3nap. A Rehabilit\u00e1ci\u00f3s Klinik\u00e1n szakk\u00e9pz\u00e9sbe l\u00e9p\u0151 orvosok els\u0151dleges k\u00e9pz\u0151hely\u00e9\u00fcl a Klinika szolg\u00e1l, valamint a k\u00e9pz\u00e9s szervez\u00e9s\u00e9\u00e9rt felel\u0151s SE Fizik\u00e1lis Medicina \u00e9s Rehabilit\u00e1ci\u00f3s Tansz\u00e9k sz\u00e9khelye is itt tal\u00e1lhat\u00f3. Egy\u00e9b ter\u00fcleten (pl. neurol\u00f3gia, reumatol\u00f3gia) dolgoz\u00f3 rezidensek, illetve szakorvosjel\u00f6ltek sz\u00e1m\u00e1ra is van lehet\u0151s\u00e9g a szakk\u00e9pz\u00e9s\u00fck r\u00e9szek\u00e9nt k\u00f6telez\u0151 rehabilit\u00e1ci\u00f3s gyakorlat Klinik\u00e1nkon t\u00f6rt\u00e9n\u0151 elv\u00e9gz\u00e9s\u00e9re.<\/p>\n<p style=\"text-align: justify\">A k\u00e9pz\u00e9sr\u0151l, akkredit\u00e1lt tanfolyamokr\u00f3l b\u0151vebb inform\u00e1ci\u00f3 az <a href=\"https:\/\/semmelweis.hu\/rehab\/szakorvoskepzes-2\/\">SE Fizik\u00e1lis Medicina \u00e9s Rehabilit\u00e1ci\u00f3s Tansz\u00e9k honlapj\u00e1n<\/a> olvashat\u00f3.<\/p>\n<h3>Klinik\u00e1nk rezidens orvosai<\/h3>\n<h4>Rehabilit\u00e1ci\u00f3s medicina szakter\u00fcleten:<\/h4>\n<ul>\n<li>Dr. Mez\u0151-Molnosi Zs\u00f3fia<\/li>\n<li>Dr. Borosnyay Kata<\/li>\n<li>Dr. Sz\u00e9kely Emese<\/li>\n<li>Dr. Donyec Mih\u00e1ly<\/li>\n<li>Dr. Dalos Margit<\/li>\n<li>Dr. Szik\u00f3i Vir\u00e1g<\/li>\n<li>Dr. Kalocsai Ad\u00e9l<\/li>\n<li>Dr. Szalai Zsuzsanna<\/li>\n<\/ul>\n<h4>Ortop\u00e9dia szakter\u00fcleten:<\/h4>\n<ul>\n<li>Dr. G\u00e9resi \u00c1ron<\/li>\n<\/ul>\n<h5>\u00a0<\/h5>\n<p>&nbsp;<\/p>\n","protected":false},"excerpt":{"rendered":"<p>Szakorvos k\u00e9pz\u00e9s A SE Rehabilit\u00e1ci\u00f3s Klinika &#8211; jogel\u0151dje az Orsz\u00e1gos Orvosi Rehabilit\u00e1ci\u00f3s Int\u00e9zet (OORI) -1980 \u00f3ta vesz r\u00e9szt rehabilit\u00e1ci\u00f3s szakorvosok k\u00e9pz\u00e9s\u00e9ben. A szakk\u00e9pz\u00e9s fokozatosan nyerte el a mai form\u00e1j\u00e1t, ez id\u0151 alatt a strukt\u00far\u00e1ja \u00e9s az elnevez\u00e9se is t\u00f6bb alkalommal m\u00f3dosult, reflekt\u00e1lva a szakter\u00fcleten bel\u00fcl bek\u00f6vetkezett nemzetk\u00f6zi \u00e9s hazai v\u00e1ltoz\u00e1sokra. 2003 \u00e9s 2016 k\u00f6z\u00f6tt az &hellip;<\/p>\n","protected":false},"author":102387,"featured_media":0,"parent":21,"menu_order":2,"comment_status":"closed","ping_status":"closed","template":"template-fullwidth.php","meta":{"_acf_changed":false,"footnotes":""},"categories":[],"tags":[],"class_list":["post-1329","page","type-page","status-publish","hentry"],"acf":[],"_links":{"self":[{"href":"https:\/\/semmelweis.hu\/rehabilitaciosklinika\/wp-json\/wp\/v2\/pages\/1329","targetHints":{"allow":["GET"]}}],"collection":[{"href":"https:\/\/semmelweis.hu\/rehabilitaciosklinika\/wp-json\/wp\/v2\/pages"}],"about":[{"href":"https:\/\/semmelweis.hu\/rehabilitaciosklinika\/wp-json\/wp\/v2\/types\/page"}],"author":[{"embeddable":true,"href":"https:\/\/semmelweis.hu\/rehabilitaciosklinika\/wp-json\/wp\/v2\/users\/102387"}],"replies":[{"embeddable":true,"href":"https:\/\/semmelweis.hu\/rehabilitaciosklinika\/wp-json\/wp\/v2\/comments?post=1329"}],"version-history":[{"count":10,"href":"https:\/\/semmelweis.hu\/rehabilitaciosklinika\/wp-json\/wp\/v2\/pages\/1329\/revisions"}],"predecessor-version":[{"id":3009,"href":"https:\/\/semmelweis.hu\/rehabilitaciosklinika\/wp-json\/wp\/v2\/pages\/1329\/revisions\/3009"}],"up":[{"embeddable":true,"href":"https:\/\/semmelweis.hu\/rehabilitaciosklinika\/wp-json\/wp\/v2\/pages\/21"}],"wp:attachment":[{"href":"https:\/\/semmelweis.hu\/rehabilitaciosklinika\/wp-json\/wp\/v2\/media?parent=1329"}],"wp:term":[{"taxonomy":"category","embeddable":true,"href":"https:\/\/semmelweis.hu\/rehabilitaciosklinika\/wp-json\/wp\/v2\/categories?post=1329"},{"taxonomy":"post_tag","embeddable":true,"href":"https:\/\/semmelweis.hu\/rehabilitaciosklinika\/wp-json\/wp\/v2\/tags?post=1329"}],"curies":[{"name":"wp","href":"https:\/\/api.w.org\/{rel}","templated":true}]}}