{"id":1317,"date":"2024-09-17T13:13:17","date_gmt":"2024-09-17T11:13:17","guid":{"rendered":"https:\/\/semmelweis.hu\/rehabilitaciosklinika\/?page_id=1317"},"modified":"2025-03-19T14:55:19","modified_gmt":"2025-03-19T13:55:19","slug":"munkapszichologia","status":"publish","type":"page","link":"https:\/\/semmelweis.hu\/rehabilitaciosklinika\/betegellatas\/kozponti-egysegek\/munkapszichologia\/","title":{"rendered":"Munkapszichol\u00f3gia"},"content":{"rendered":"<div class=\"keretes w-100\">\n<p><strong>Helye:<\/strong> F\u0151\u00e9p\u00fclet, F\u00f6ldszint a R\u00f6ntgen r\u00e9szleg m\u00f6g\u00f6tt (A-0 \/ 32)<\/p>\n<\/div>\n<p>A rehabilit\u00e1l\u00f3d\u00f3 p\u00e1ciensek r\u00e9sz\u00e9re ny\u00fajt seg\u00edts\u00e9get a munk\u00e1ba val\u00f3 visszat\u00e9r\u00e9shez egy\u00e9ni \u00e9s csoportos form\u00e1ban, az a betegell\u00e1t\u00f3 oszt\u00e1lyok orvosai, pszichol\u00f3gusai indik\u00e1ci\u00f3ja alapj\u00e1n. Azok r\u00e9sz\u00e9re, akik rendelkeznek jogos\u00edtv\u00e1nnyal szem\u00e9lyg\u00e9pkocsi vezet\u00e9si el\u0151sz\u0171r\u0151 vizsg\u00e1latokat v\u00e9geznek.<\/p>\n<h5>Szakpszichol\u00f3gus:<\/h5>\n<p>Tak\u00e1ts \u00c1gnes Ildik\u00f3<br \/>\nDr. Ambr\u00f3 \u00c1gnes, PhD.<\/p>\n","protected":false},"excerpt":{"rendered":"<p>Helye: F\u0151\u00e9p\u00fclet, F\u00f6ldszint a R\u00f6ntgen r\u00e9szleg m\u00f6g\u00f6tt (A-0 \/ 32)<\/p>\n<p>A rehabilit\u00e1l\u00f3d\u00f3 p\u00e1ciensek r\u00e9sz\u00e9re ny\u00fajt seg\u00edts\u00e9get a munk\u00e1ba val\u00f3 visszat\u00e9r\u00e9shez egy\u00e9ni \u00e9s csoportos form\u00e1ban, az a betegell\u00e1t\u00f3 oszt\u00e1lyok orvosai, pszichol\u00f3gusai indik\u00e1ci\u00f3ja alapj\u00e1n. Azok r\u00e9sz\u00e9re, akik rendelkeznek jogos\u00edtv\u00e1nnyal szem\u00e9lyg\u00e9pkocsi vezet\u00e9si el\u0151sz\u0171r\u0151 vizsg\u00e1latokat v\u00e9geznek.<br \/>\nSzakpszichol\u00f3gus:<br \/>\nTak\u00e1ts \u00c1gnes Ildik\u00f3<br \/>\nDr. Ambr\u00f3 \u00c1gnes, PhD.<\/p>\n","protected":false},"author":102388,"featured_media":0,"parent":1242,"menu_order":0,"comment_status":"closed","ping_status":"closed","template":"","meta":{"_acf_changed":false,"footnotes":""},"categories":[],"tags":[],"class_list":["post-1317","page","type-page","status-publish","hentry"],"acf":[],"_links":{"self":[{"href":"https:\/\/semmelweis.hu\/rehabilitaciosklinika\/wp-json\/wp\/v2\/pages\/1317","targetHints":{"allow":["GET"]}}],"collection":[{"href":"https:\/\/semmelweis.hu\/rehabilitaciosklinika\/wp-json\/wp\/v2\/pages"}],"about":[{"href":"https:\/\/semmelweis.hu\/rehabilitaciosklinika\/wp-json\/wp\/v2\/types\/page"}],"author":[{"embeddable":true,"href":"https:\/\/semmelweis.hu\/rehabilitaciosklinika\/wp-json\/wp\/v2\/users\/102388"}],"replies":[{"embeddable":true,"href":"https:\/\/semmelweis.hu\/rehabilitaciosklinika\/wp-json\/wp\/v2\/comments?post=1317"}],"version-history":[{"count":6,"href":"https:\/\/semmelweis.hu\/rehabilitaciosklinika\/wp-json\/wp\/v2\/pages\/1317\/revisions"}],"predecessor-version":[{"id":3207,"href":"https:\/\/semmelweis.hu\/rehabilitaciosklinika\/wp-json\/wp\/v2\/pages\/1317\/revisions\/3207"}],"up":[{"embeddable":true,"href":"https:\/\/semmelweis.hu\/rehabilitaciosklinika\/wp-json\/wp\/v2\/pages\/1242"}],"wp:attachment":[{"href":"https:\/\/semmelweis.hu\/rehabilitaciosklinika\/wp-json\/wp\/v2\/media?parent=1317"}],"wp:term":[{"taxonomy":"category","embeddable":true,"href":"https:\/\/semmelweis.hu\/rehabilitaciosklinika\/wp-json\/wp\/v2\/categories?post=1317"},{"taxonomy":"post_tag","embeddable":true,"href":"https:\/\/semmelweis.hu\/rehabilitaciosklinika\/wp-json\/wp\/v2\/tags?post=1317"}],"curies":[{"name":"wp","href":"https:\/\/api.w.org\/{rel}","templated":true}]}}