{"id":1305,"date":"2024-09-17T13:11:24","date_gmt":"2024-09-17T11:11:24","guid":{"rendered":"https:\/\/semmelweis.hu\/rehabilitaciosklinika\/?page_id=1305"},"modified":"2026-03-11T11:51:16","modified_gmt":"2026-03-11T10:51:16","slug":"kozponti-fizioterapia","status":"publish","type":"page","link":"https:\/\/semmelweis.hu\/rehabilitaciosklinika\/betegellatas\/kozponti-egysegek\/kozponti-fizioterapia\/","title":{"rendered":"K\u00f6zponti Fizioter\u00e1pia"},"content":{"rendered":"<div class=\"w-100 keretes\">\n<p><strong>F\u0151\u00e9p\u00fclet, E -011<\/strong><\/p>\n<p><strong>R\u00e9szlegvezet\u0151:<\/strong> \u00c1cs J\u00f3zsefn\u00e9 Ildik\u00f3<\/p>\n<\/div>\n<h5>Telefon:\u00a0<\/h5>\n<p>(+36 1) 391-1900\/1137 mell\u00e9k<\/p>\n<p>A K\u00f6zponti Fizioter\u00e1pi\u00e1n a kezel\u00e9sek <strong>munkanapokon 6-14 \u00f3ra k\u00f6z\u00f6tt<\/strong> t\u00f6rt\u00e9nnek, el\u0151zetes id\u0151pont egyeztet\u00e9s alapj\u00e1n. A betegek kezel\u00e9seit a Rehabilit\u00e1ci\u00f3s Klinika fekv\u0151beteg oszt\u00e1lyainak \u00e9s ambulanci\u00e1inak szakorvosai \u00edrj\u00e1k el\u0151, melyet a r\u00e9szleg szakmai vezet\u00e9s\u00e9t ell\u00e1t\u00f3 fizioter\u00e1pi\u00e1s szakorvos kontroll\u00e1l.<\/p>\n<h5>A kezel\u00e9sekr\u0151l<\/h5>\n<p>A r\u00e9szlegen az elektroter\u00e1pi\u00e1s kezel\u00e9sek sz\u00e9les t\u00e1rh\u00e1za \u00e1ll rendelkez\u00e9sre a k\u00fcl\u00f6nb\u00f6z\u0151 eredet\u0171 mozg\u00e1sszervi b\u00e1ntalmak, f\u00e1jdalmak kezel\u00e9s\u00e9re.<br \/>\nA hagyom\u00e1nyosan alkalmazott kis- \u00e9s k\u00f6z\u00e9pfrekvenci\u00e1s m\u00f3dszerek (galv\u00e1n\u00e1ram, iontofor\u00e9zis, diadynamikus \u00e1ramok, elektrostimul\u00e1ci\u00f3, Traubert, TENS, Kotz f\u00e9le stimul\u00e1ci\u00f3, interferencia) valamint ultrahang, Microstim, HILT LAESER, L\u00f6k\u00e9shull\u00e1m, N\u00e9gyrekeszes galv\u00e1nf\u00fcrd\u0151 \u00e9s magnetoter\u00e1pia korszer\u0171 form\u00e1i is helyet kapnak.<br \/>\nA kezel\u00e9seket kombin\u00e1lt komplex ter\u00e1piak\u00e9nt, a szakorvosok el\u0151\u00edr\u00e1sai szerint v\u00e9gzik, relax\u00e1l\u00f3 k\u00f6rnyezetben, mely els\u0151sorban a k\u00f3rh\u00e1z fekv\u0151beteg oszt\u00e1lyain kezelt betegek, kisebb r\u00e9szben ambul\u00e1ns betegek sz\u00e1m\u00e1ra el\u00e9rhet\u0151.<\/p>\n<h5>Asszisztensek:<\/h5>\n<p>\u00c1cs J\u00f3zsefn\u00e9 Ildik\u00f3<br \/>\nBalajti Bettina<br \/>\nLisk\u00e1n Ferenc<br \/>\nSzab\u00f3 Judit<\/p>\n<p>&nbsp;<\/p>\n","protected":false},"excerpt":{"rendered":"<p>F\u0151\u00e9p\u00fclet, E -011 R\u00e9szlegvezet\u0151: \u00c1cs J\u00f3zsefn\u00e9 Ildik\u00f3 Telefon:\u00a0 (+36 1) 391-1900\/1137 mell\u00e9k A K\u00f6zponti Fizioter\u00e1pi\u00e1n a kezel\u00e9sek munkanapokon 6-14 \u00f3ra k\u00f6z\u00f6tt t\u00f6rt\u00e9nnek, el\u0151zetes id\u0151pont egyeztet\u00e9s alapj\u00e1n. A betegek kezel\u00e9seit a Rehabilit\u00e1ci\u00f3s Klinika fekv\u0151beteg oszt\u00e1lyainak \u00e9s ambulanci\u00e1inak szakorvosai \u00edrj\u00e1k el\u0151, melyet a r\u00e9szleg szakmai vezet\u00e9s\u00e9t ell\u00e1t\u00f3 fizioter\u00e1pi\u00e1s szakorvos kontroll\u00e1l. A kezel\u00e9sekr\u0151l A r\u00e9szlegen az elektroter\u00e1pi\u00e1s kezel\u00e9sek &hellip;<\/p>\n","protected":false},"author":102388,"featured_media":0,"parent":1242,"menu_order":0,"comment_status":"closed","ping_status":"closed","template":"","meta":{"_acf_changed":false,"footnotes":""},"categories":[],"tags":[],"class_list":["post-1305","page","type-page","status-publish","hentry"],"acf":[],"_links":{"self":[{"href":"https:\/\/semmelweis.hu\/rehabilitaciosklinika\/wp-json\/wp\/v2\/pages\/1305","targetHints":{"allow":["GET"]}}],"collection":[{"href":"https:\/\/semmelweis.hu\/rehabilitaciosklinika\/wp-json\/wp\/v2\/pages"}],"about":[{"href":"https:\/\/semmelweis.hu\/rehabilitaciosklinika\/wp-json\/wp\/v2\/types\/page"}],"author":[{"embeddable":true,"href":"https:\/\/semmelweis.hu\/rehabilitaciosklinika\/wp-json\/wp\/v2\/users\/102388"}],"replies":[{"embeddable":true,"href":"https:\/\/semmelweis.hu\/rehabilitaciosklinika\/wp-json\/wp\/v2\/comments?post=1305"}],"version-history":[{"count":10,"href":"https:\/\/semmelweis.hu\/rehabilitaciosklinika\/wp-json\/wp\/v2\/pages\/1305\/revisions"}],"predecessor-version":[{"id":3839,"href":"https:\/\/semmelweis.hu\/rehabilitaciosklinika\/wp-json\/wp\/v2\/pages\/1305\/revisions\/3839"}],"up":[{"embeddable":true,"href":"https:\/\/semmelweis.hu\/rehabilitaciosklinika\/wp-json\/wp\/v2\/pages\/1242"}],"wp:attachment":[{"href":"https:\/\/semmelweis.hu\/rehabilitaciosklinika\/wp-json\/wp\/v2\/media?parent=1305"}],"wp:term":[{"taxonomy":"category","embeddable":true,"href":"https:\/\/semmelweis.hu\/rehabilitaciosklinika\/wp-json\/wp\/v2\/categories?post=1305"},{"taxonomy":"post_tag","embeddable":true,"href":"https:\/\/semmelweis.hu\/rehabilitaciosklinika\/wp-json\/wp\/v2\/tags?post=1305"}],"curies":[{"name":"wp","href":"https:\/\/api.w.org\/{rel}","templated":true}]}}