{"id":13,"date":"2024-06-07T17:15:41","date_gmt":"2024-06-07T15:15:41","guid":{"rendered":"https:\/\/semmelweis.hu\/rehabilitaciosklinika\/?page_id=13"},"modified":"2025-08-12T08:26:01","modified_gmt":"2025-08-12T06:26:01","slug":"elerhetoseg","status":"publish","type":"page","link":"https:\/\/semmelweis.hu\/rehabilitaciosklinika\/elerhetoseg\/","title":{"rendered":"El\u00e9rhet\u0151s\u00e9g"},"content":{"rendered":"<h4 style=\"text-align: center\"><strong>Semmelweis Egyetem &#8211; Rehabilit\u00e1ci\u00f3s Klinika<br \/>\n<\/strong><\/h4>\n<p style=\"text-align: center\"><em>A Semmelweis Egyetem Rehabilit\u00e1ci\u00f3s Klinik\u00e1ja az 1975 \u00f3ta m\u0171k\u00f6d\u00f6tt <br \/>\nOrsz\u00e1gos Orvosi Rehabilit\u00e1ci\u00f3s Int\u00e9zet jogut\u00f3dja.\u00a0<\/em><\/p>\n<p style=\"text-align: center\"><strong>C\u00edm:<\/strong> 1121 Budapest, Szanat\u00f3rium utca 19.<br \/>\n<strong>Telefon:<\/strong> +36 1 391 1900<\/p>\n<div class=\"keretes\" style=\"border: 1px solid lightgray !important;background-color: #ffff !important\">\n\n<!-- iframe plugin v.4.9 wordpress.org\/plugins\/iframe\/ -->\n<iframe loading=\"lazy\" src=\"https:\/\/maps.google.hu\/maps?f=q&#038;source=s_q&#038;hl=hu&#038;geocode=&#038;q=1121+Budapest,+Szanat%C3%B3rium+utca+19.&#038;aq=&#038;sll=47.161161,19.505383&#038;sspn=5.654924,12.678223&#038;ie=UTF8&#038;hq=&#038;hnear=1528+Budapest,+Szanat%C3%B3rium+utca+19&#038;t=m&#038;z=14&#038;ll=47.522159,18.935101&#038;output=embed\" width=\"100%\" height=\"300\" scrolling=\"yes\" class=\"iframe-class\" frameborder=\"0\"><\/iframe>\n\n<\/div>\n<h2>Megk\u00f6zel\u00edt\u00e9s<\/h2>\n<p><strong>T\u00f6megk\u00f6zleked\u00e9ssel:<\/strong><br \/>\nBudapest ir\u00e1ny\u00e1b\u00f3l a BKK 22\/22A\/222 busz j\u00e1rat\u00e1val, lesz\u00e1ll\u00e1s a Szanat\u00f3rium utc\u00e1n\u00e1l.<br \/>\nBudakeszi ir\u00e1ny\u00e1b\u00f3l a BKK 22\/22A\/222 busz j\u00e1rat\u00e1val.<\/p>\n<p>T\u00e1vols\u00e1gi aut\u00f3busszal: Zs\u00e1mb\u00e9k, T\u00f6k, Perb\u00e1l, Budajen\u0151, Telki, P\u00e1ty, Budakeszi ir\u00e1ny\u00e1b\u00f3l a Vol\u00e1n menetrendszer\u0171 j\u00e1rat\u00e1val.<\/p>\n<p><strong>G\u00e9pkocsival:<\/strong><br \/>\nBudapestr\u0151l a Sz\u00e9ll K\u00e1lm\u00e1n t\u00e9r &#8211; Szil\u00e1gyi Erzs\u00e9bet fasor &#8211; Budakeszi \u00fat &#8211; Szanat\u00f3rium utca \u00fatvonalon.<\/p>\n<p><strong>Behajt\u00e1s, parkol\u00e1s:<\/strong><br \/>\nA Klinika ter\u00fclet\u00e9re 1000 Ft napi egyszeri d\u00edj megfizet\u00e9s\u00e9vel lehet behajtani \u00e9s ott a kijel\u00f6lt parkol\u00f3helyeken v\u00e1rakozni. 15 percen bel\u00fcl a kihajt\u00e1s t\u00e9r\u00edt\u00e9smentes.<\/p>\n<h2>A klinika bels\u0151 t\u00e9rk\u00e9pe<\/h2>\n<div class=\"keretes w-100\">\n<h6><strong>Az \u00e9p\u00fcleteink elhelyezked\u00e9se \u00e9s a f\u0151\u00e9p\u00fclet t\u00e9rk\u00e9pe. A k\u00e9pek kattint\u00e1sra nagy\u00edthat\u00f3k.<\/strong><\/h6>\n<\/div>\n<p>\n<a href=\"https:\/\/semmelweis.hu\/rehabilitaciosklinika\/files\/2024\/10\/rehabklinika-bejarati-tabla.jpg\"><img loading=\"lazy\" decoding=\"async\" class=\"alignleft wp-image-1887 \" src=\"https:\/\/semmelweis.hu\/rehabilitaciosklinika\/files\/2024\/10\/rehabklinika-bejarati-tabla-1024x859.jpg\" alt=\"\" width=\"477\" height=\"400\" srcset=\"https:\/\/semmelweis.hu\/rehabilitaciosklinika\/files\/2024\/10\/rehabklinika-bejarati-tabla-1024x859.jpg 1024w, https:\/\/semmelweis.hu\/rehabilitaciosklinika\/files\/2024\/10\/rehabklinika-bejarati-tabla-400x335.jpg 400w, https:\/\/semmelweis.hu\/rehabilitaciosklinika\/files\/2024\/10\/rehabklinika-bejarati-tabla-768x644.jpg 768w, https:\/\/semmelweis.hu\/rehabilitaciosklinika\/files\/2024\/10\/rehabklinika-bejarati-tabla-1536x1288.jpg 1536w, https:\/\/semmelweis.hu\/rehabilitaciosklinika\/files\/2024\/10\/rehabklinika-bejarati-tabla-753x632.jpg 753w, https:\/\/semmelweis.hu\/rehabilitaciosklinika\/files\/2024\/10\/rehabklinika-bejarati-tabla.jpg 1705w\" sizes=\"auto, (max-width: 477px) 100vw, 477px\" \/><\/a><a href=\"https:\/\/semmelweis.hu\/rehabilitaciosklinika\/files\/2024\/10\/Rehabklinika-foepulet-eligazito.jpg\"><img loading=\"lazy\" decoding=\"async\" class=\"size-medium wp-image-1886 alignleft\" src=\"https:\/\/semmelweis.hu\/rehabilitaciosklinika\/files\/2024\/10\/Rehabklinika-foepulet-eligazito-270x400.jpg\" alt=\"\" width=\"270\" height=\"400\" srcset=\"https:\/\/semmelweis.hu\/rehabilitaciosklinika\/files\/2024\/10\/Rehabklinika-foepulet-eligazito-270x400.jpg 270w, https:\/\/semmelweis.hu\/rehabilitaciosklinika\/files\/2024\/10\/Rehabklinika-foepulet-eligazito-692x1024.jpg 692w, https:\/\/semmelweis.hu\/rehabilitaciosklinika\/files\/2024\/10\/Rehabklinika-foepulet-eligazito-768x1137.jpg 768w, https:\/\/semmelweis.hu\/rehabilitaciosklinika\/files\/2024\/10\/Rehabklinika-foepulet-eligazito-1038x1536.jpg 1038w, https:\/\/semmelweis.hu\/rehabilitaciosklinika\/files\/2024\/10\/Rehabklinika-foepulet-eligazito-1383x2048.jpg 1383w, https:\/\/semmelweis.hu\/rehabilitaciosklinika\/files\/2024\/10\/Rehabklinika-foepulet-eligazito-753x1115.jpg 753w, https:\/\/semmelweis.hu\/rehabilitaciosklinika\/files\/2024\/10\/Rehabklinika-foepulet-eligazito.jpg 1586w\" sizes=\"auto, (max-width: 270px) 100vw, 270px\" \/><\/a><\/p>\n<p>&nbsp;<\/p>\n","protected":false},"excerpt":{"rendered":"<p>Semmelweis Egyetem &#8211; Rehabilit\u00e1ci\u00f3s Klinika A Semmelweis Egyetem Rehabilit\u00e1ci\u00f3s Klinik\u00e1ja az 1975 \u00f3ta m\u0171k\u00f6d\u00f6tt Orsz\u00e1gos Orvosi Rehabilit\u00e1ci\u00f3s Int\u00e9zet jogut\u00f3dja.\u00a0 C\u00edm: 1121 Budapest, Szanat\u00f3rium utca 19. Telefon: +36 1 391 1900 Megk\u00f6zel\u00edt\u00e9s T\u00f6megk\u00f6zleked\u00e9ssel: Budapest ir\u00e1ny\u00e1b\u00f3l a BKK 22\/22A\/222 busz j\u00e1rat\u00e1val, lesz\u00e1ll\u00e1s a Szanat\u00f3rium utc\u00e1n\u00e1l. Budakeszi ir\u00e1ny\u00e1b\u00f3l a BKK 22\/22A\/222 busz j\u00e1rat\u00e1val. T\u00e1vols\u00e1gi aut\u00f3busszal: Zs\u00e1mb\u00e9k, T\u00f6k, Perb\u00e1l, &hellip;<\/p>\n","protected":false},"author":12,"featured_media":0,"parent":0,"menu_order":8,"comment_status":"closed","ping_status":"closed","template":"","meta":{"_acf_changed":false,"footnotes":""},"categories":[],"tags":[],"class_list":["post-13","page","type-page","status-publish","hentry"],"acf":[],"_links":{"self":[{"href":"https:\/\/semmelweis.hu\/rehabilitaciosklinika\/wp-json\/wp\/v2\/pages\/13","targetHints":{"allow":["GET"]}}],"collection":[{"href":"https:\/\/semmelweis.hu\/rehabilitaciosklinika\/wp-json\/wp\/v2\/pages"}],"about":[{"href":"https:\/\/semmelweis.hu\/rehabilitaciosklinika\/wp-json\/wp\/v2\/types\/page"}],"author":[{"embeddable":true,"href":"https:\/\/semmelweis.hu\/rehabilitaciosklinika\/wp-json\/wp\/v2\/users\/12"}],"replies":[{"embeddable":true,"href":"https:\/\/semmelweis.hu\/rehabilitaciosklinika\/wp-json\/wp\/v2\/comments?post=13"}],"version-history":[{"count":10,"href":"https:\/\/semmelweis.hu\/rehabilitaciosklinika\/wp-json\/wp\/v2\/pages\/13\/revisions"}],"predecessor-version":[{"id":3419,"href":"https:\/\/semmelweis.hu\/rehabilitaciosklinika\/wp-json\/wp\/v2\/pages\/13\/revisions\/3419"}],"wp:attachment":[{"href":"https:\/\/semmelweis.hu\/rehabilitaciosklinika\/wp-json\/wp\/v2\/media?parent=13"}],"wp:term":[{"taxonomy":"category","embeddable":true,"href":"https:\/\/semmelweis.hu\/rehabilitaciosklinika\/wp-json\/wp\/v2\/categories?post=13"},{"taxonomy":"post_tag","embeddable":true,"href":"https:\/\/semmelweis.hu\/rehabilitaciosklinika\/wp-json\/wp\/v2\/tags?post=13"}],"curies":[{"name":"wp","href":"https:\/\/api.w.org\/{rel}","templated":true}]}}