{"id":1289,"date":"2024-09-17T13:00:05","date_gmt":"2024-09-17T11:00:05","guid":{"rendered":"https:\/\/semmelweis.hu\/rehabilitaciosklinika\/?page_id=1289"},"modified":"2025-12-15T10:52:48","modified_gmt":"2025-12-15T09:52:48","slug":"kozponti-radiologiai-osztaly-rontgen-es-ultrahang-diagnosztika","status":"publish","type":"page","link":"https:\/\/semmelweis.hu\/rehabilitaciosklinika\/betegellatas\/diagnosztika\/kozponti-radiologiai-osztaly-rontgen-es-ultrahang-diagnosztika\/","title":{"rendered":"K\u00f6zponti Radiol\u00f3giai Oszt\u00e1ly \u2013 R\u00f6ntgen 01H725118 \u00e9s Ultrahang 01H725318 -Diagnosztika"},"content":{"rendered":"<div class=\"w-100 keretes\">\n<p><strong>Helye:<\/strong> F\u0151\u00e9p\u00fclet F\u00f6ldszint<\/p>\n<p><strong>Telefon:<\/strong>\u00a0(06 1) 391\u20131900\/1422<\/p>\n<p><strong>Oszt\u00e1lyvezet\u0151 f\u0151orvos:<\/strong> Dr. Nagy Judit <br \/>\n<strong>Vezet\u0151 r\u00f6ntgen szakasszisztens:<\/strong> Ront\u00f3 Beatrix<\/p>\n<\/div>\n<p><strong>A betegfogad\u00e1s h\u00e9tf\u0151t\u0151l p\u00e9ntekig 7.30-13.30 \u00f3r\u00e1ig van.<\/strong><\/p>\n<p>A Radiol\u00f3giai Oszt\u00e1ly az SE-Rehabilit\u00e1ci\u00f3s Klinika mozg\u00e1ss\u00e9r\u00fclt betegeihez adapt\u00e1lt r\u00f6ntgendiagnosztikai k\u00e9sz\u00fcl\u00e9kekkel felszerelt, teljesen digitaliz\u00e1lt m\u00f3don \u00fczemel\u0151 diagnosztikai egys\u00e9ge. A Radiol\u00f3giai Oszt\u00e1ly f\u0151k\u00e9nt olyan szem\u00e9lyek, betegek r\u00e9sz\u00e9re v\u00e9gez k\u00e9palkot\u00f3 diagnosztikai (r\u00f6ntgen \u00e9s ultrahang) vizsg\u00e1latokat, akiket els\u0151sorban mozg\u00e1sszervi betegs\u00e9g, b\u00e1rmi okb\u00f3l kialakul\u00f3 fogyat\u00e9koss\u00e1g vagy rokkants\u00e1g jellemez. Gyakran van sz\u00fcks\u00e9g a betegek vizsg\u00e1lataira pl. stroke ut\u00e1n, k\u00f6zponti idegrendszeri m\u0171t\u00e9teket k\u00f6vet\u0151en, illetve mozg\u00e1sszervi m\u0171t\u00e9tek ut\u00e1ni, posztoperat\u00edv \u00e1llapotok eset\u00e9ben, stb. Az el\u0151z\u0151k szerint az SE-Rehabilit\u00e1ci\u00f3s Klinika oszt\u00e1lyos \u00e9s ambul\u00e1ns pacienseinek v\u00e9gez radiol\u00f3giai diagnosztikai vizsg\u00e1latokat. Mind az oszt\u00e1lyos, mind pedig az ambul\u00e1ns betegek fogad\u00e1sa a Radiol\u00f3giai Oszt\u00e1lyon el\u0151jegyz\u00e9s alapj\u00e1n t\u00f6rt\u00e9nik. Int\u00e9zeten k\u00edv\u00fcli ambul\u00e1ns betegeknek s\u00fcrg\u0151ss\u00e9gi vizsg\u00e1latot (pl. baleset ut\u00e1n) nem v\u00e9gz\u00fcnk.<\/p>\n<p>Int\u00e9zet\u00fcnk rehabilit\u00e1ci\u00f3s szakter\u00fcleteinek profilj\u00e1hoz alkalmazkodva az oszt\u00e1ly f\u0151 feladata a mozg\u00e1sszervi betegs\u00e9gek diagnosztiz\u00e1l\u00e1sa, a korunkban gyakori k\u00f6z\u00fati \u00e9s egy\u00e9b balesetek ut\u00e1ni \u00e1llapotok felm\u00e9r\u00e9se, a gy\u00f3gyul\u00e1si folyamatok nyomon k\u00f6vet\u00e9se, illetve az esetleges be\u00fcltetett traumatol\u00f3giai f\u00e9manyagok helyzet\u00e9nek meg\u00edt\u00e9l\u00e9se, gyullad\u00e1sos csont-, \u00edz\u00fcleti folyamatok meg\u00e1llap\u00edt\u00e1sa, azok m\u0171t\u00e9t ut\u00e1ni kontroll\u00e1l\u00e1sa, valamint k\u00f6zponti idegrendszeri k\u00e1rosod\u00e1s k\u00f6vetkezt\u00e9ben kialakult mozg\u00e1sszervi sz\u00f6v\u0151dm\u00e9nyek meg\u00edt\u00e9l\u00e9se \u00e9s nyomon k\u00f6vet\u00e9se.<\/p>\n<p>A diagnosztikai munk\u00e1nk els\u0151sorban a csont-, \u00edz\u00fcleti betegs\u00e9gek kimutat\u00e1s\u00e1ra specializ\u00e1l\u00f3dott. E mellett a t\u00f6bbi szervrendszer radiol\u00f3giai \u00e9s ultrahang vizsg\u00e1latait is elv\u00e9gezz\u00fck.<\/p>\n<p>A radiol\u00f3giai k\u00e9pek digit\u00e1lisan sz\u00e1m\u00edt\u00f3g\u00e9pen jelennek meg, melyek radiol\u00f3giai \u00e9rt\u00e9kel\u00e9se ut\u00e1n speci\u00e1lis PACS rendszeren tov\u00e1bb\u00edt\u00e1sra ker\u00fclnek a kezel\u0151 orvoshoz.<\/p>\n<p>A r\u00f6ntgen \u00e9s ultrahang diagnosztikai k\u00e9palkot\u00f3 vizsg\u00e1latok eredm\u00e9nyeit tudom\u00e1nyosan feldolgozzuk, tov\u00e1bbk\u00e9pz\u00e9seken \u00e9s oktat\u00e1sokon felhaszn\u00e1ljuk, hazai \u00e9s k\u00fclf\u00f6ldi szakmai kapcsolatokat tartunk fenn.<\/p>\n<p>Oszt\u00e1lyunk dolgoz\u00f3i a mozg\u00e1skorl\u00e1tozott \u00e9s mozg\u00e1sk\u00e9ptelen paciensek diagnosztikai vizsg\u00e1lat\u00e1t fokozott figyelemmel, emp\u00e1ti\u00e1val \u00e9s seg\u00edt\u0151 k\u00e9szs\u00e9ggel v\u00e9gzik el. E mellett akad\u00e1lymentes k\u00f6rnyezetben biztos\u00edtjuk a betegek k\u00f6zleked\u00e9s\u00e9t, illetve mozgat\u00e1si sz\u00fcks\u00e9gleteit.<\/p>\n<p>Az oszt\u00e1ly jelenleg egy m\u0171szakban dolgozik.<\/p>\n<h5><strong>Orvos:<\/strong><\/h5>\n<p>Dr. Luk\u00e1cs Imre<\/p>\n<h5><strong>R\u00f6ntgen szakasszisztensek:<\/strong><\/h5>\n<p>Bederna Henriett<\/p>\n<p>P\u00e9k\u00f3 Tam\u00e1s<\/p>\n<h5><strong>Seg\u00e9d\u00e1pol\u00f3:<\/strong><\/h5>\n<p>Petri Albert<\/p>\n","protected":false},"excerpt":{"rendered":"<p>Helye: F\u0151\u00e9p\u00fclet F\u00f6ldszint Telefon:\u00a0(06 1) 391\u20131900\/1422 Oszt\u00e1lyvezet\u0151 f\u0151orvos: Dr. Nagy Judit Vezet\u0151 r\u00f6ntgen szakasszisztens: Ront\u00f3 Beatrix A betegfogad\u00e1s h\u00e9tf\u0151t\u0151l p\u00e9ntekig 7.30-13.30 \u00f3r\u00e1ig van. A Radiol\u00f3giai Oszt\u00e1ly az SE-Rehabilit\u00e1ci\u00f3s Klinika mozg\u00e1ss\u00e9r\u00fclt betegeihez adapt\u00e1lt r\u00f6ntgendiagnosztikai k\u00e9sz\u00fcl\u00e9kekkel felszerelt, teljesen digitaliz\u00e1lt m\u00f3don \u00fczemel\u0151 diagnosztikai egys\u00e9ge. A Radiol\u00f3giai Oszt\u00e1ly f\u0151k\u00e9nt olyan szem\u00e9lyek, betegek r\u00e9sz\u00e9re v\u00e9gez k\u00e9palkot\u00f3 diagnosztikai (r\u00f6ntgen \u00e9s ultrahang) &hellip;<\/p>\n","protected":false},"author":102388,"featured_media":0,"parent":1240,"menu_order":0,"comment_status":"closed","ping_status":"closed","template":"","meta":{"_acf_changed":false,"footnotes":""},"categories":[],"tags":[],"class_list":["post-1289","page","type-page","status-publish","hentry"],"acf":[],"_links":{"self":[{"href":"https:\/\/semmelweis.hu\/rehabilitaciosklinika\/wp-json\/wp\/v2\/pages\/1289","targetHints":{"allow":["GET"]}}],"collection":[{"href":"https:\/\/semmelweis.hu\/rehabilitaciosklinika\/wp-json\/wp\/v2\/pages"}],"about":[{"href":"https:\/\/semmelweis.hu\/rehabilitaciosklinika\/wp-json\/wp\/v2\/types\/page"}],"author":[{"embeddable":true,"href":"https:\/\/semmelweis.hu\/rehabilitaciosklinika\/wp-json\/wp\/v2\/users\/102388"}],"replies":[{"embeddable":true,"href":"https:\/\/semmelweis.hu\/rehabilitaciosklinika\/wp-json\/wp\/v2\/comments?post=1289"}],"version-history":[{"count":11,"href":"https:\/\/semmelweis.hu\/rehabilitaciosklinika\/wp-json\/wp\/v2\/pages\/1289\/revisions"}],"predecessor-version":[{"id":3672,"href":"https:\/\/semmelweis.hu\/rehabilitaciosklinika\/wp-json\/wp\/v2\/pages\/1289\/revisions\/3672"}],"up":[{"embeddable":true,"href":"https:\/\/semmelweis.hu\/rehabilitaciosklinika\/wp-json\/wp\/v2\/pages\/1240"}],"wp:attachment":[{"href":"https:\/\/semmelweis.hu\/rehabilitaciosklinika\/wp-json\/wp\/v2\/media?parent=1289"}],"wp:term":[{"taxonomy":"category","embeddable":true,"href":"https:\/\/semmelweis.hu\/rehabilitaciosklinika\/wp-json\/wp\/v2\/categories?post=1289"},{"taxonomy":"post_tag","embeddable":true,"href":"https:\/\/semmelweis.hu\/rehabilitaciosklinika\/wp-json\/wp\/v2\/tags?post=1289"}],"curies":[{"name":"wp","href":"https:\/\/api.w.org\/{rel}","templated":true}]}}