{"id":1269,"date":"2024-09-17T12:50:46","date_gmt":"2024-09-17T10:50:46","guid":{"rendered":"https:\/\/semmelweis.hu\/rehabilitaciosklinika\/?page_id=1269"},"modified":"2025-12-15T15:56:30","modified_gmt":"2025-12-15T14:56:30","slug":"mozgasszervi-rehabilitacios-nappali-korhaz","status":"publish","type":"page","link":"https:\/\/semmelweis.hu\/rehabilitaciosklinika\/betegellatas\/osztalyok\/mozgasszervi-rehabilitacios-nappali-korhaz\/","title":{"rendered":"Mozg\u00e1sszervi Rehabilit\u00e1ci\u00f3s Nappali k\u00f3rh\u00e1z"},"content":{"rendered":"<div class=\"keretes w-100\">\n<p><strong>Helye: <\/strong>N pavilon<\/p>\n<p><strong>Oszt\u00e1lyvezet\u0151 f\u0151orvos:<\/strong> Dr. Sz\u00f6gi Be\u00e1ta<br \/>\n<strong>Oszt\u00e1lyos vezet\u0151 \u00e1pol\u00f3:<\/strong> F\u0171z Angelika<br \/>\n<strong>Oszt\u00e1lyos adminisztr\u00e1tor:<\/strong> K\u00e1ly-Kullai Kinga<\/p>\n<\/div>\n<h2>Betegfelv\u00e9tel:<\/h2>\n<p>Az oszt\u00e1lyon a betegeket a h\u00e1ziorvosok\/szakorvosok valamint Int\u00e9zet\u00fcnk fekv\u0151beteg oszt\u00e1lyainak orvosai kezdem\u00e9nyez\u00e9s\u00e9re, a rehabilit\u00e1lhat\u00f3s\u00e1g meg\u00edt\u00e9l\u00e9s\u00e9re szolg\u00e1l\u00f3 el\u0151zetes helysz\u00edni\/telefon konz\u00edlium alapj\u00e1n, sz\u00fcks\u00e9g eset\u00e9n ambul\u00e1ns vizsg\u00e1latot k\u00f6vet\u0151en, el\u0151re tervezett id\u0151pontban (el\u0151jegyz\u00e9s alapj\u00e1n) l\u00e1tjuk el.<\/p>\n<p><strong>Nappali k\u00f3rh\u00e1zi ell\u00e1t\u00e1sban azon betegek r\u00e9szes\u00fclhetnek, akikn\u00e9l:<\/strong><\/p>\n<ul>\n<li>nincsenek a betegs\u00e9g heveny st\u00e1dium\u00e1ra jellemz\u0151 t\u00fcnetek, amely miatt akt\u00edv k\u00f3rh\u00e1zi ell\u00e1t\u00e1st ig\u00e9nyelnek,<\/li>\n<li>nincs olyan k\u00eds\u00e9r\u0151 betegs\u00e9ge, amely a rehabilit\u00e1ci\u00f3ban val\u00f3 akt\u00edv r\u00e9szv\u00e9telt akad\u00e1lyozza, egy\u00e9b betegs\u00e9g a kezel\u00e9sben val\u00f3 egy\u00fcttm\u0171k\u00f6d\u00e9st nem akad\u00e1lyozza,<\/li>\n<li>nincs olyan m\u00e9rt\u00e9k\u0171 funkci\u00f3k\u00e1rosod\u00e1sa, amely az oszt\u00e1ly naponk\u00e9nti megk\u00f6zel\u00edt\u00e9s\u00e9t akad\u00e1lyozza.<\/li>\n<\/ul>\n<h5>Ambulancia &#8211; 01H7P2202<\/h5>\n<p>Az <strong>ambul\u00e1ns vizsg\u00e1lat el\u0151jegyz\u00e9s alapj\u00e1n<\/strong> t\u00f6rt\u00e9nik, <strong>beutal\u00f3 sz\u00fcks\u00e9ges<\/strong>.<\/p>\n<p><strong>Id\u0151pontk\u00e9r\u00e9s:<br \/>\n<\/strong>Telefon: (+36\u00a0 1)\u00a0 391-1950 vagy (+36 1) 391-1900\/8072<strong><br \/>\n<\/strong>Kedden: 10:00 \u2013 12:00 k\u00f6z\u00f6tt\u00a0<\/p>\n<p><strong>Rendel\u00e9si id\u0151:<\/strong><br \/>\nKedd \u00e9s cs\u00fct\u00f6rt\u00f6k 10-14 k\u00f6z\u00f6tt<\/p>\n<p><strong>Telefon:<\/strong><br \/>\nOszt\u00e1lyiroda: (+36 1) 391-1950<br \/>\nOrvosi szoba: (+36 1) 391-1900\/8087<br \/>\nVezet\u0151 \u00e1pol\u00f3: (+36 1) 391-1900\/8072<\/p>\n<p><strong>E-mail: <\/strong><a href=\"mailto:mozgasszervi.nappali.rehabklinika@semmelweis.hu\">mozgasszervi.nappali.rehabklinika@semmelweis.hu<\/a><\/p>\n<p><strong>Az ambul\u00e1ns rendel\u00e9st v\u00e9gz\u0151 orvosok:<\/strong><\/p>\n<p>Dr. Sz\u00f6gi Be\u00e1ta neurol\u00f3gus \u00e9s rehabilit\u00e1ci\u00f3s szakorvos<br \/>\nDr. Paulina Andrea aneszteziol\u00f3gus \u00e9s rehabilit\u00e1ci\u00f3s szakorvos<\/p>\n<h2>Betegell\u00e1t\u00e1si feladatok \u00e9s szolg\u00e1ltat\u00e1sok:<\/h2>\n<p>A Nappali K\u00f3rh\u00e1z olyan mozg\u00e1sszervi megbeteged\u00e9sben szenved\u0151k rehabilit\u00e1ci\u00f3j\u00e1t v\u00e9gzi, akikn\u00e9l a funkci\u00f3k\u00e1rosod\u00e1s m\u00e9rt\u00e9ke az oszt\u00e1ly naponk\u00e9nti megk\u00f6zel\u00edt\u00e9s\u00e9t lehet\u0151v\u00e9 teszi. A nappali k\u00f3rh\u00e1zi ell\u00e1t\u00e1s a k\u00f3rh\u00e1zi keretek k\u00f6z\u00f6tt v\u00e9gzett betegell\u00e1t\u00e1s r\u00e9sze, ami teljes k\u00f6r\u0171 orvosi rehabilit\u00e1ci\u00f3s szolg\u00e1ltat\u00e1sok ig\u00e9nybev\u00e9tel\u00e9re ad lehet\u0151s\u00e9get a betegeink sz\u00e1m\u00e1ra.<\/p>\n<div class=\"fontos_div\">\n<p><strong>Ell\u00e1t\u00e1si id\u0151szak:<\/strong><br \/>\nMunkanapokon 7:00-14:00 k\u00f6z\u00f6tt\u00a0<\/p>\n<\/div>\n<p>Az oszt\u00e1lyon t\u00f6rt\u00e9n\u0151 ell\u00e1t\u00e1s c\u00e9lja a fenn\u00e1ll\u00f3 mozg\u00e1sszervi panaszok cs\u00f6kkent\u00e9se mellett, a fizikai terhel\u00e9s fokozatos emel\u00e9s\u00e9vel a lehets\u00e9ges mozg\u00e1sk\u00e9szs\u00e9g, \u00f6nell\u00e1t\u00e1s \u00e9s lelki egyens\u00faly el\u00e9r\u00e9s\u00e9vel, \u00e9letm\u00f3dtan\u00e1csok \u00e1tad\u00e1s\u00e1val, aktivit\u00e1sra sarkall\u00f3 betegvezet\u00e9ssel a rehabilit\u00e1land\u00f3 embert a mindennapi \u00e9let funkci\u00f3ira \u00fajra alkalmass\u00e1 tenni vagy abban megtartani.<\/p>\n<h2>Munkat\u00e1rsak<\/h2>\n<h5>Orvosok:<\/h5>\n<p>Dr. Sz\u00f6gi Be\u00e1ta\u00a0<br \/>\nDr. Paulina Andrea<\/p>\n<h5>Szakpszichol\u00f3gus:<\/h5>\n<p>Szentirmai L\u00edvia<\/p>\n<h5>Logop\u00e9dus:<\/h5>\n<p>Nemes-Buz\u00e1s Lili<\/p>\n<h5>Dietetikus:<\/h5>\n<p>Terj\u00e9k D\u00f3ra<\/p>\n<h5>Mozg\u00e1sterapeut\u00e1k:<\/h5>\n<p>Kulcs\u00e1r M\u00e1ria <br \/>\nReinhardt-Baj\u00e1ki Anett <br \/>\nGalambos No\u00e9mi <br \/>\nLehel Katalin<\/p>\n<h5>Gy\u00f3gymassz\u0151r:<\/h5>\n<p>Szentmih\u00e1lyi Tam\u00e1s<br \/>\nHajd\u00fa Bal\u00e1zs<\/p>\n<h5>Fizikoter\u00e1pi\u00e1s asszisztens:<\/h5>\n<p>Szigeti Szandra<\/p>\n<h5>Szoci\u00e1lis munk\u00e1s:<\/h5>\n<p>Papp L\u00e1szl\u00f3n\u00e9<\/p>\n","protected":false},"excerpt":{"rendered":"<p>Helye: N pavilon Oszt\u00e1lyvezet\u0151 f\u0151orvos: Dr. Sz\u00f6gi Be\u00e1ta Oszt\u00e1lyos vezet\u0151 \u00e1pol\u00f3: F\u0171z Angelika Oszt\u00e1lyos adminisztr\u00e1tor: K\u00e1ly-Kullai Kinga Betegfelv\u00e9tel: Az oszt\u00e1lyon a betegeket a h\u00e1ziorvosok\/szakorvosok valamint Int\u00e9zet\u00fcnk fekv\u0151beteg oszt\u00e1lyainak orvosai kezdem\u00e9nyez\u00e9s\u00e9re, a rehabilit\u00e1lhat\u00f3s\u00e1g meg\u00edt\u00e9l\u00e9s\u00e9re szolg\u00e1l\u00f3 el\u0151zetes helysz\u00edni\/telefon konz\u00edlium alapj\u00e1n, sz\u00fcks\u00e9g eset\u00e9n ambul\u00e1ns vizsg\u00e1latot k\u00f6vet\u0151en, el\u0151re tervezett id\u0151pontban (el\u0151jegyz\u00e9s alapj\u00e1n) l\u00e1tjuk el. Nappali k\u00f3rh\u00e1zi ell\u00e1t\u00e1sban azon betegek &hellip;<\/p>\n","protected":false},"author":102388,"featured_media":0,"parent":1236,"menu_order":0,"comment_status":"closed","ping_status":"closed","template":"","meta":{"_acf_changed":false,"footnotes":""},"categories":[],"tags":[],"class_list":["post-1269","page","type-page","status-publish","hentry"],"acf":[],"_links":{"self":[{"href":"https:\/\/semmelweis.hu\/rehabilitaciosklinika\/wp-json\/wp\/v2\/pages\/1269","targetHints":{"allow":["GET"]}}],"collection":[{"href":"https:\/\/semmelweis.hu\/rehabilitaciosklinika\/wp-json\/wp\/v2\/pages"}],"about":[{"href":"https:\/\/semmelweis.hu\/rehabilitaciosklinika\/wp-json\/wp\/v2\/types\/page"}],"author":[{"embeddable":true,"href":"https:\/\/semmelweis.hu\/rehabilitaciosklinika\/wp-json\/wp\/v2\/users\/102388"}],"replies":[{"embeddable":true,"href":"https:\/\/semmelweis.hu\/rehabilitaciosklinika\/wp-json\/wp\/v2\/comments?post=1269"}],"version-history":[{"count":12,"href":"https:\/\/semmelweis.hu\/rehabilitaciosklinika\/wp-json\/wp\/v2\/pages\/1269\/revisions"}],"predecessor-version":[{"id":3677,"href":"https:\/\/semmelweis.hu\/rehabilitaciosklinika\/wp-json\/wp\/v2\/pages\/1269\/revisions\/3677"}],"up":[{"embeddable":true,"href":"https:\/\/semmelweis.hu\/rehabilitaciosklinika\/wp-json\/wp\/v2\/pages\/1236"}],"wp:attachment":[{"href":"https:\/\/semmelweis.hu\/rehabilitaciosklinika\/wp-json\/wp\/v2\/media?parent=1269"}],"wp:term":[{"taxonomy":"category","embeddable":true,"href":"https:\/\/semmelweis.hu\/rehabilitaciosklinika\/wp-json\/wp\/v2\/categories?post=1269"},{"taxonomy":"post_tag","embeddable":true,"href":"https:\/\/semmelweis.hu\/rehabilitaciosklinika\/wp-json\/wp\/v2\/tags?post=1269"}],"curies":[{"name":"wp","href":"https:\/\/api.w.org\/{rel}","templated":true}]}}