{"id":1250,"date":"2024-09-17T12:46:19","date_gmt":"2024-09-17T10:46:19","guid":{"rendered":"https:\/\/semmelweis.hu\/rehabilitaciosklinika\/?page_id=1250"},"modified":"2026-04-08T10:14:26","modified_gmt":"2026-04-08T08:14:26","slug":"amputacios-es-szeptikus-sebeszeti-osztaly","status":"publish","type":"page","link":"https:\/\/semmelweis.hu\/rehabilitaciosklinika\/betegellatas\/osztalyok\/amputacios-es-szeptikus-sebeszeti-osztaly\/","title":{"rendered":"Amput\u00e1ci\u00f3s \u00e9s Szeptikus Seb\u00e9szeti Oszt\u00e1ly &#8211; 01H710201"},"content":{"rendered":"<div class=\"keretes w-100\">\n<p><strong>Helye: <\/strong>C \u00e9p\u00fclet I. emelet<strong>\u00a0<\/strong><\/p>\n<p><strong>Oszt\u00e1lyvezet\u0151 f\u0151orvos:<\/strong> Dr. Tittmann Attila (<a href=\"mailto:tittmann.attila@semmelweis.hu\">tittmann.attila@semmelweis.hu<\/a>)<br \/>\n<strong>Oszt\u00e1lyos vezet\u0151 \u00e1pol\u00f3:<\/strong> Farkas-Kocsis Zita (<a href=\"mailto:farkas-kocsis.zita@semmelweis.hu\">farkas-kocsis.zita@semmelweis.hu<\/a>)<br \/>\n<strong>Oszt\u00e1lyos adminisztr\u00e1tor:<\/strong> P\u00e9k Tam\u00e1s (<a href=\"mailto:pek.tamas1@semmelweis.hu\">pek.tamas1@semmelweis.hu<\/a>)<\/p>\n<\/div>\n<h2>Betegfelv\u00e9tel<\/h2>\n<p>Az oszt\u00e1ly ell\u00e1t\u00e1si ter\u00fclete orsz\u00e1gos. Betegeink az oszt\u00e1lyos ambulanci\u00e1n t\u00f6rt\u00e9n\u0151 vizsg\u00e1lat, kiv\u00e9teles esetben Budapest ter\u00fclet\u00e9n, az \u00e1tad\u00f3 oszt\u00e1lyon t\u00f6rt\u00e9n\u0151 el\u0151zetes helysz\u00edni konz\u00edlium alapj\u00e1n, illetve az orsz\u00e1g eg\u00e9sz ter\u00fclet\u00e9r\u0151l telefon megbesz\u00e9l\u00e9st k\u00f6vet\u0151en ker\u00fclhetnek felv\u00e9telre.<\/p>\n<h5>Amput\u00e1ci\u00f3s Seb\u00e9szeti Ambul\u00e1ns rendel\u00e9s &#8211; 01H720212<\/h5>\n<p>A betegfelv\u00e9tel\u00a0<strong>beutal\u00f3 alapj\u00e1n, el\u0151jegyz\u00e9s szerint<\/strong> t\u00f6rt\u00e9nik. Az ambul\u00e1ns vizsg\u00e1lat az oszt\u00e1ly ambulanci\u00e1j\u00e1n t\u00f6rt\u00e9nik.<\/p>\n<p><strong>Id\u0151pontk\u00e9r\u00e9s:<\/strong><br \/>\nTelefon: (+36 1) 391-1928<br \/>\nH\u00e9tf\u0151t\u0151l-p\u00e9ntekig: 8:00-16:00 k\u00f6z\u00f6tt<\/p>\n<p><strong>A rendel\u00e9s ideje:<\/strong><br \/>\n<strong style=\"font-size: 1rem\">kedd:<\/strong><span style=\"font-size: 1rem\"> elbocs\u00e1tott betegek kontroll-vizsg\u00e1lata 9:00-12:00 \u00f3ra<br \/>\n<strong>c<\/strong><\/span><strong style=\"font-size: 1rem\">s\u00fct\u00f6rt\u00f6k:<\/strong><span style=\"font-size: 1rem\">\u00a0 9:00-12:00\u00a0<\/span><\/p>\n<h5>Telefon:<\/h5>\n<p>Oszt\u00e1lyvezet\u0151 f\u0151orvos: (+36 1) 391-1941<br \/>\nOszt\u00e1lyiroda: (+36 1) 391-1933<br \/>\nN\u0151v\u00e9rpult: (+36 1) 391-1928<\/p>\n<p><strong>E-mail:<\/strong> <a href=\"mailto:pek.tamas1@semmelweis.hu\">pek.tamas1@semmelweis.hu<\/a><\/p>\n<h2>Betegell\u00e1t\u00e1si feladatok \u00e9s szolg\u00e1ltat\u00e1sok<\/h2>\n<p>Az oszt\u00e1ly az orsz\u00e1g els\u0151 \u00e9s ez id\u00e1ig egyetlen amput\u00e1ci\u00f3k v\u00e9gz\u00e9s\u00e9re specializ\u00e1l\u00f3dott seb\u00e9szete. Betegeik d\u00f6nt\u0151en \u00e9rsz\u0171k\u00fclet k\u00f6vetkezt\u00e9ben kialakult sz\u00f6vetelhal\u00e1s miatt ker\u00fclnek als\u00f3 vagy fels\u0151 v\u00e9gtagi amput\u00e1ci\u00f3ra. Kisebb r\u00e9szben ell\u00e1tnak balesetes amput\u00e1ltakat, vagy daganatos megbeteged\u00e9s, illetve velesz\u00fcletett v\u00e9gtaghi\u00e1nyok \u00e9s deformit\u00e1sok k\u00f6vetkezt\u00e9ben amput\u00e1ci\u00f3ra vagy csonkkorrekci\u00f3ra szorul\u00f3kat.<\/p>\n<p>Mindezek mellett az oszt\u00e1ly v\u00e1llalja a diabeteszes betegek l\u00e1bprobl\u00e9m\u00e1inak seb\u00e9szi ell\u00e1t\u00e1s\u00e1t, valamint ell\u00e1tja egy\u00e9b mozg\u00e1sszervi rehabilit\u00e1ci\u00f3ra szorul\u00f3 (pl.: gerincvel\u0151s\u00e9r\u00fclt) betegek aktu\u00e1lisan felmer\u00fcl\u0151 szeptikus seb\u00e9szeti ell\u00e1t\u00e1si ig\u00e9nyeit. A megfelel\u0151 amput\u00e1ci\u00f3s megold\u00e1s kiv\u00e1laszt\u00e1sa minden esetben a m\u0171t\u00e9t ut\u00e1ni legeredm\u00e9nyesebb rehabilit\u00e1ci\u00f3 lehet\u0151s\u00e9g\u00e9nek szem el\u0151tt tart\u00e1s\u00e1val, szem\u00e9lyre szabottan t\u00f6rt\u00e9nik.<\/p>\n<p>A rehabilit\u00e1ci\u00f3 alapfelt\u00e9tele az amput\u00e1lt szem\u00e9ly rehabilit\u00e1ci\u00f3ra val\u00f3 alkalmass\u00e1ga \u00e9s megfelel\u0151 egy\u00fcttm\u0171k\u00f6d\u0151 k\u00e9pess\u00e9ge. Az oszt\u00e1ly rehabilit\u00e1ci\u00f3s tev\u00e9kenys\u00e9ge sor\u00e1n \u00e9vek hossz\u00fa sora alatt kifejlesztett \u00e9s bev\u00e1lt ell\u00e1t\u00e1si protokollokat alkalmaz.<\/p>\n<p>Tapasztalataik alapj\u00e1n meg\u00e1llap\u00edthat\u00f3, hogy az amput\u00e1lt szem\u00e9ly\/beteg rehabilit\u00e1ci\u00f3j\u00e1t nagym\u00e9rt\u00e9kben befoly\u00e1solja az alapbetegs\u00e9ge (amely miatt t\u00f6rt\u00e9nt az amput\u00e1ci\u00f3), a megl\u00e9v\u0151 k\u00eds\u00e9r\u0151- \u00e9s t\u00e1rsbetegs\u00e9gek, az amput\u00e1ci\u00f3 kiterjed\u00e9se \u00e9s foka. T\u00e1voz\u00f3 betegeik jelent\u0151s r\u00e9sze m\u0171v\u00e9gtaggal k\u00f6zleked\u0151k\u00e9pes, de el\u0151fordul, hogy a k\u00f6zleked\u0151k\u00e9pess\u00e9g csak kerekessz\u00e9kkel \u00e1ll\u00edthat\u00f3 helyre.<\/p>\n<p>Az oszt\u00e1ly munk\u00e1j\u00e1t, valamint a betegek ell\u00e1t\u00e1s\u00e1t seg\u00edti az Int\u00e9zet egyed\u00fcl\u00e1ll\u00f3, komplex fizio-, hidro-, ergo- \u00e9s sportter\u00e1pi\u00e1s szakszem\u00e9lyzete, akik sokszor sikeresen rehabilit\u00e1lj\u00e1k ak\u00e1r a teljes v\u00e9gtagjaikat elveszt\u0151 p\u00e1cienseket is.<\/p>\n<p>Az oszt\u00e1lyon t\u00f6rt\u00e9nik a t\u00e1rsoszt\u00e1lyok betegeinek m\u0171t\u00e9ti ell\u00e1t\u00e1sa is.<\/p>\n<h2>Munkat\u00e1rsak<\/h2>\n<h5>Orvosok:<\/h5>\n<p>Dr. Tittmann Attila f\u0151orvos, traumatol\u00f3gus szakorvos<\/p>\n<p>Dr. Tolnai Tam\u00e1s Barnab\u00e1s adjunktus, ortop\u00e9d-traumatol\u00f3gus szakorvos<\/p>\n<p>&nbsp;<\/p>\n<h5>Szakpszichol\u00f3gus:<\/h5>\n<p>Szentirmai L\u00edvia<\/p>\n<p>&nbsp;<\/p>\n<h5>Terapeut\u00e1k:<\/h5>\n<p>Fazekas Fruzsina gy\u00f3gytorn\u00e1sz<\/p>\n<p>Zsegunova Anna konduktor<\/p>\n<p>&nbsp;<\/p>\n<h5>Dietetikus:<\/h5>\n<p>T\u00f6r\u00f6k Luca<\/p>\n<h5>\u00a0<\/h5>\n<h5>Szoci\u00e1lis munkat\u00e1rs:<\/h5>\n<p>Szab\u00f3 Anett<\/p>\n<h5>\u00c1pol\u00f3k:<\/h5>\n<p>Cseh J\u00f3zsefn\u00e9\u00a0<br \/>\nFarkas-Kocsis Zita<br \/>\nGebei Helga<br \/>\nHord\u00f3sin\u00e9 Szab\u00f3 Etelka\u00a0<br \/>\nKocsis-Poty\u00f3k Petra<br \/>\nKoter Istv\u00e1n\u00a0<br \/>\nK\u00f3ti Alexandra<br \/>\nNyitrai Ildik\u00f3<br \/>\nR\u00e1cz J\u00e1nosn\u00e9<br \/>\nVir\u00e1g Gyul\u00e1n\u00e9<\/p>\n","protected":false},"excerpt":{"rendered":"<p>Helye: C \u00e9p\u00fclet I. emelet\u00a0 Oszt\u00e1lyvezet\u0151 f\u0151orvos: Dr. Tittmann Attila ( <a href=\"mailto:tittmann.attila@semmelweis.hu\">tittmann.attila@semmelweis.hu<\/a> ) Oszt\u00e1lyos vezet\u0151 \u00e1pol\u00f3: Farkas-Kocsis Zita ( <a href=\"mailto:farkas-kocsis.zita@semmelweis.hu\">farkas-kocsis.zita@semmelweis.hu<\/a> ) Oszt\u00e1lyos adminisztr\u00e1tor: P\u00e9k Tam\u00e1s ( <a href=\"mailto:pek.tamas1@semmelweis.hu\">pek.tamas1@semmelweis.hu<\/a> ) Betegfelv\u00e9tel Az oszt\u00e1ly ell\u00e1t\u00e1si ter\u00fclete orsz\u00e1gos. Betegeink az oszt\u00e1lyos ambulanci\u00e1n t\u00f6rt\u00e9n\u0151 vizsg\u00e1lat, kiv\u00e9teles esetben Budapest ter\u00fclet\u00e9n, az \u00e1tad\u00f3 oszt\u00e1lyon t\u00f6rt\u00e9n\u0151 el\u0151zetes helysz\u00edni konz\u00edlium alapj\u00e1n, illetve az orsz\u00e1g eg\u00e9sz ter\u00fclet\u00e9r\u0151l telefon &hellip;<\/p>\n","protected":false},"author":102388,"featured_media":0,"parent":1236,"menu_order":0,"comment_status":"closed","ping_status":"closed","template":"","meta":{"_acf_changed":false,"footnotes":""},"categories":[],"tags":[],"class_list":["post-1250","page","type-page","status-publish","hentry"],"acf":[],"_links":{"self":[{"href":"https:\/\/semmelweis.hu\/rehabilitaciosklinika\/wp-json\/wp\/v2\/pages\/1250","targetHints":{"allow":["GET"]}}],"collection":[{"href":"https:\/\/semmelweis.hu\/rehabilitaciosklinika\/wp-json\/wp\/v2\/pages"}],"about":[{"href":"https:\/\/semmelweis.hu\/rehabilitaciosklinika\/wp-json\/wp\/v2\/types\/page"}],"author":[{"embeddable":true,"href":"https:\/\/semmelweis.hu\/rehabilitaciosklinika\/wp-json\/wp\/v2\/users\/102388"}],"replies":[{"embeddable":true,"href":"https:\/\/semmelweis.hu\/rehabilitaciosklinika\/wp-json\/wp\/v2\/comments?post=1250"}],"version-history":[{"count":13,"href":"https:\/\/semmelweis.hu\/rehabilitaciosklinika\/wp-json\/wp\/v2\/pages\/1250\/revisions"}],"predecessor-version":[{"id":3869,"href":"https:\/\/semmelweis.hu\/rehabilitaciosklinika\/wp-json\/wp\/v2\/pages\/1250\/revisions\/3869"}],"up":[{"embeddable":true,"href":"https:\/\/semmelweis.hu\/rehabilitaciosklinika\/wp-json\/wp\/v2\/pages\/1236"}],"wp:attachment":[{"href":"https:\/\/semmelweis.hu\/rehabilitaciosklinika\/wp-json\/wp\/v2\/media?parent=1250"}],"wp:term":[{"taxonomy":"category","embeddable":true,"href":"https:\/\/semmelweis.hu\/rehabilitaciosklinika\/wp-json\/wp\/v2\/categories?post=1250"},{"taxonomy":"post_tag","embeddable":true,"href":"https:\/\/semmelweis.hu\/rehabilitaciosklinika\/wp-json\/wp\/v2\/tags?post=1250"}],"curies":[{"name":"wp","href":"https:\/\/api.w.org\/{rel}","templated":true}]}}