{"id":796,"date":"2021-11-30T18:07:36","date_gmt":"2021-11-30T17:07:36","guid":{"rendered":"https:\/\/semmelweis.hu\/rehab\/?page_id=796"},"modified":"2026-04-06T19:04:21","modified_gmt":"2026-04-06T17:04:21","slug":"medical-student-education","status":"publish","type":"page","link":"https:\/\/semmelweis.hu\/rehab\/en\/medical-student-education\/","title":{"rendered":"Medical Student Education"},"content":{"rendered":"<h1 style=\"text-align: center\">Rehabilitation Medicine<\/h1>\n<p style=\"text-align: center\"><em>One week block course, 5th Year<br \/>\n<\/em><em>Semmelweis University, Department of Rehabilitation Medicine<br \/>\n<\/em><em>Responsible for education: Dr. Zolt\u00e1n D\u00e9nes<\/em><\/p>\n<p style=\"text-align: left\">Medical students\u2019 level of knowledge about rehabilitation is limited, although we consider the field as one of the 4 major categories of health care services among prevention, treatment and chronic care. Furthermore, according to WHO data, 10% of the population has some form of disability. <span style=\"font-weight: 400\">In recent decades, the practical importance of rehabilitation has increased, and at the same time it has undergone significant development. <\/span><\/p>\n<h4 style=\"text-align: left\"><span style=\"font-weight: 400\">Today, basic knowledge of rehabilitation medicine is an integral part of our general medical knowledge. <\/span><\/h4>\n<p style=\"text-align: left\"><span style=\"font-weight: 400\">In 2008, the European Union of Medical Specialists decided to insert rehabilitation medicine into the curriculum of medical universities. The subject was launched as an optional course at Semmelweis University in 2009. <\/span><span style=\"font-weight: 400\">The Department of Rehabilitation Medicine was established in 2019, and the education reached its current form with the start of the mandatory one-week block course. <\/span><\/p>\n<p style=\"text-align: left\"><span style=\"font-weight: 400\">Medical rehabilitation is a medical service (diagnostics, therapy, prevention, care) provided to disabled people to regain some or all of their independence by improving their functions, in order to reintegrate them into family, work and society. The aim of the education is to provide modern rehabilitation knowledge to students, focused on the following areas: interpretation of disability, epidemiology, institutional system of rehabilitation, the rehabilitation team and how it works, the role of the doctor in the rehabilitation team, the place of rehabilitation in the health care system, limitation in the activities of daily living (ADLs),\u00a0 \u00a0 assessment of functions: movement, self-care, communication,\u00a0 behavior, most important interventions in rehabilitation, rehabilitation goals, preparing a rehabilitation plan, application of\u00a0 advanced\u00a0 technology, rehabilitation of posttraumatic and orthopedic disorders, rehabilitation of amputee patients, neurological rehabilitation. <\/span><\/p>\n<p style=\"text-align: left\"><span style=\"font-weight: 400\">During the training, students can also get acquainted with the Pet\u0151 method, which was named after Dr. Andr\u00e1s Pet\u0151. The basic idea of this unique method (conductive education) was that our nervous system has the ability to build new connections despite the injuries, and this process can be promoted by the implementation of an appropriate learning-teaching process. The mission of Andr\u00e1s Pet\u0151 Faculty is to improve the quality of life of people of all ages through conductive education, who have disabilities mainly due to central nervous system injury.<\/span><\/p>\n<p><strong>Please follow the link below for more information:\u00a0\u00a0<\/strong><\/p>\n<p><a href=\"https:\/\/semmelweis.hu\/rehab\/files\/2026\/04\/Medical-Rehabilitation-Block-Course_General-Information_ver_24.10.12.pdf\">Rehabilitation Medicine Block Course &#8211; General Information (pdf)<\/a><\/p>\n","protected":false},"excerpt":{"rendered":"<p>Rehabilitation Medicine One week block course, 5th Year Semmelweis University, Department of Rehabilitation Medicine Responsible for education: Dr. Zolt\u00e1n D\u00e9nes Medical students\u2019 level of knowledge about rehabilitation is limited, although we consider the field as one of the 4 major categories of health care services among prevention, treatment and chronic care. Furthermore, according to WHO &hellip;<\/p>\n","protected":false},"author":101960,"featured_media":0,"parent":0,"menu_order":1,"comment_status":"closed","ping_status":"closed","template":"template-fullwidth.php","meta":{"_acf_changed":false,"footnotes":""},"categories":[],"tags":[],"class_list":["post-796","page","type-page","status-publish","hentry"],"acf":[],"_links":{"self":[{"href":"https:\/\/semmelweis.hu\/rehab\/wp-json\/wp\/v2\/pages\/796","targetHints":{"allow":["GET"]}}],"collection":[{"href":"https:\/\/semmelweis.hu\/rehab\/wp-json\/wp\/v2\/pages"}],"about":[{"href":"https:\/\/semmelweis.hu\/rehab\/wp-json\/wp\/v2\/types\/page"}],"author":[{"embeddable":true,"href":"https:\/\/semmelweis.hu\/rehab\/wp-json\/wp\/v2\/users\/101960"}],"replies":[{"embeddable":true,"href":"https:\/\/semmelweis.hu\/rehab\/wp-json\/wp\/v2\/comments?post=796"}],"version-history":[{"count":11,"href":"https:\/\/semmelweis.hu\/rehab\/wp-json\/wp\/v2\/pages\/796\/revisions"}],"predecessor-version":[{"id":1312,"href":"https:\/\/semmelweis.hu\/rehab\/wp-json\/wp\/v2\/pages\/796\/revisions\/1312"}],"wp:attachment":[{"href":"https:\/\/semmelweis.hu\/rehab\/wp-json\/wp\/v2\/media?parent=796"}],"wp:term":[{"taxonomy":"category","embeddable":true,"href":"https:\/\/semmelweis.hu\/rehab\/wp-json\/wp\/v2\/categories?post=796"},{"taxonomy":"post_tag","embeddable":true,"href":"https:\/\/semmelweis.hu\/rehab\/wp-json\/wp\/v2\/tags?post=796"}],"curies":[{"name":"wp","href":"https:\/\/api.w.org\/{rel}","templated":true}]}}