{"id":67,"date":"2014-02-04T08:57:22","date_gmt":"2014-02-04T07:57:22","guid":{"rendered":"http:\/\/semmelweis.hu\/rehab\/?page_id=67"},"modified":"2024-04-09T20:03:26","modified_gmt":"2024-04-09T18:03:26","slug":"elerhetoseg","status":"publish","type":"page","link":"https:\/\/semmelweis.hu\/rehab\/elerhetoseg\/","title":{"rendered":"El\u00e9rhet\u0151s\u00e9g"},"content":{"rendered":"<h4><span style=\"font-size: 18pt\"><strong>Rehabilit\u00e1ci\u00f3s Medicina Tansz\u00e9k<\/strong><\/span><\/h4>\n<h4>Semmelweis Egyetem, \u00c1ltal\u00e1nos Orvostudom\u00e1nyi Kar (\u00c1OK)<\/h4>\n<p>A SEMMELWEIS EGYETEM REHABILIT\u00c1CI\u00d3S KLINIKA b\u00e1zis\u00e1n<\/p>\n<p><strong>C\u00edm:<\/strong> 1121 Budapest, Szanat\u00f3rium utca 19.<br \/>\n<strong>Telefon:<\/strong> (061) 391-1903<\/p>\n<p><strong>Tansz\u00e9kvezet\u0151:<\/strong> Dr. D\u00e9nes Zolt\u00e1n PhD. egyetemi docens<br \/>\ne-mail: <a href=\"mailto:z.denes@rehabint.hu\">z.denes@rehabint.hu<\/a><\/p>\n<p><strong>Oktat\u00e1si referens<\/strong>: T\u00e1pay Gabriella<br \/>\ne-mail: <a href=\"mailto:g.tapay@rehabint.hu\">g.tapay@rehabint.hu<\/a><\/p>\n<p><strong>A tansz\u00e9k oktat\u00f3 munkat\u00e1rsai: <\/strong><\/p>\n<ul>\n<li>Dr. Mas\u00e1t Orsolya (<a href=\"mailto:o.masat@rehabint.hu\">o.masat@rehabint.hu<\/a>)<\/li>\n<li>Dr. F\u00f3ri\u00e1n-Szab\u00f3 Mih\u00e1ly (<a href=\"mailto:m.forian@rehabint.hu\">m.forian@rehabint.hu<\/a>)<\/li>\n<\/ul>\n<p>\n<!-- iframe plugin v.4.9 wordpress.org\/plugins\/iframe\/ -->\n<iframe loading=\"lazy\" src=\"https:\/\/maps.google.hu\/maps?f=q&#038;source=s_q&#038;hl=hu&#038;geocode=&#038;q=1121+Budapest,+Szanat%C3%B3rium+utca+19.&#038;aq=&#038;sll=47.161161,19.505383&#038;sspn=5.654924,12.678223&#038;ie=UTF8&#038;hq=&#038;hnear=1528+Budapest,+Szanat%C3%B3rium+utca+19&#038;t=m&#038;z=14&#038;ll=47.522159,18.935101&#038;output=embed\" width=\"100%\" height=\"350\" scrolling=\"yes\" class=\"iframe-class\" frameborder=\"0\"><\/iframe>\n<br \/>\n<small><a href=\"https:\/\/maps.google.hu\/maps?f=q&amp;source=embed&amp;hl=hu&amp;geocode=&amp;q=1121+Budapest,+Szanat%C3%B3rium+utca+19.&amp;aq=&amp;sll=47.161161,19.505383&amp;sspn=5.654924,12.678223&amp;ie=UTF8&amp;hq=&amp;hnear=1528+Budapest,+Szanat%C3%B3rium+utca+19&amp;t=m&amp;z=14&amp;ll=47.522159,18.935101\">Nagyobb t\u00e9rk\u00e9pre v\u00e1lt\u00e1s<\/a><\/small><\/p>\n","protected":false},"excerpt":{"rendered":"<p>Rehabilit\u00e1ci\u00f3s Medicina Tansz\u00e9k Semmelweis Egyetem, \u00c1ltal\u00e1nos Orvostudom\u00e1nyi Kar (\u00c1OK) A SEMMELWEIS EGYETEM REHABILIT\u00c1CI\u00d3S KLINIKA b\u00e1zis\u00e1n C\u00edm: 1121 Budapest, Szanat\u00f3rium utca 19. Telefon: (061) 391-1903 Tansz\u00e9kvezet\u0151: Dr. D\u00e9nes Zolt\u00e1n PhD. egyetemi docens e-mail: <a href=\"mailto:z.denes@rehabint.hu\">z.denes@rehabint.hu<\/a> Oktat\u00e1si referens: T\u00e1pay Gabriella e-mail: <a href=\"mailto:g.tapay@rehabint.hu\">g.tapay@rehabint.hu<\/a> A tansz\u00e9k oktat\u00f3 munkat\u00e1rsai: Dr. Mas\u00e1t Orsolya ( <a href=\"mailto:o.masat@rehabint.hu\">o.masat@rehabint.hu<\/a> ) Dr. F\u00f3ri\u00e1n-Szab\u00f3 Mih\u00e1ly ( <a href=\"mailto:m.forian@rehabint.hu\">m.forian@rehabint.hu<\/a> ) &hellip;<\/p>\n","protected":false},"author":299,"featured_media":0,"parent":0,"menu_order":9,"comment_status":"closed","ping_status":"closed","template":"","meta":{"_acf_changed":false,"footnotes":""},"categories":[],"tags":[],"class_list":["post-67","page","type-page","status-publish","hentry"],"acf":[],"_links":{"self":[{"href":"https:\/\/semmelweis.hu\/rehab\/wp-json\/wp\/v2\/pages\/67","targetHints":{"allow":["GET"]}}],"collection":[{"href":"https:\/\/semmelweis.hu\/rehab\/wp-json\/wp\/v2\/pages"}],"about":[{"href":"https:\/\/semmelweis.hu\/rehab\/wp-json\/wp\/v2\/types\/page"}],"author":[{"embeddable":true,"href":"https:\/\/semmelweis.hu\/rehab\/wp-json\/wp\/v2\/users\/299"}],"replies":[{"embeddable":true,"href":"https:\/\/semmelweis.hu\/rehab\/wp-json\/wp\/v2\/comments?post=67"}],"version-history":[{"count":11,"href":"https:\/\/semmelweis.hu\/rehab\/wp-json\/wp\/v2\/pages\/67\/revisions"}],"predecessor-version":[{"id":1172,"href":"https:\/\/semmelweis.hu\/rehab\/wp-json\/wp\/v2\/pages\/67\/revisions\/1172"}],"wp:attachment":[{"href":"https:\/\/semmelweis.hu\/rehab\/wp-json\/wp\/v2\/media?parent=67"}],"wp:term":[{"taxonomy":"category","embeddable":true,"href":"https:\/\/semmelweis.hu\/rehab\/wp-json\/wp\/v2\/categories?post=67"},{"taxonomy":"post_tag","embeddable":true,"href":"https:\/\/semmelweis.hu\/rehab\/wp-json\/wp\/v2\/tags?post=67"}],"curies":[{"name":"wp","href":"https:\/\/api.w.org\/{rel}","templated":true}]}}