{"id":13,"date":"2012-09-11T15:40:47","date_gmt":"2012-09-11T13:40:47","guid":{"rendered":"http:\/\/semmelweis-egyetem.hu\/onkoterapiai-tanszek\/?page_id=5"},"modified":"2026-04-06T18:11:57","modified_gmt":"2026-04-06T16:11:57","slug":"bemutatkozas","status":"publish","type":"page","link":"https:\/\/semmelweis.hu\/rehab\/","title":{"rendered":"Fizik\u00e1lis Medicina \u00e9s Rehabilit\u00e1ci\u00f3 Tansz\u00e9k"},"content":{"rendered":"<h2>A rehabilit\u00e1ci\u00f3s medicin\u00e1r\u00f3l<\/h2>\n<p><img loading=\"lazy\" decoding=\"async\" class=\"wp-image-1296 alignright\" src=\"https:\/\/semmelweis.hu\/rehab\/files\/2025\/04\/Nevtelen-1022-x-640-keppont-6-300x169.png\" alt=\"\" width=\"467\" height=\"263\" srcset=\"https:\/\/semmelweis.hu\/rehab\/files\/2025\/04\/Nevtelen-1022-x-640-keppont-6-300x169.png 300w, https:\/\/semmelweis.hu\/rehab\/files\/2025\/04\/Nevtelen-1022-x-640-keppont-6-1024x576.png 1024w, https:\/\/semmelweis.hu\/rehab\/files\/2025\/04\/Nevtelen-1022-x-640-keppont-6-768x432.png 768w, https:\/\/semmelweis.hu\/rehab\/files\/2025\/04\/Nevtelen-1022-x-640-keppont-6-1536x864.png 1536w, https:\/\/semmelweis.hu\/rehab\/files\/2025\/04\/Nevtelen-1022-x-640-keppont-6-753x424.png 753w, https:\/\/semmelweis.hu\/rehab\/files\/2025\/04\/Nevtelen-1022-x-640-keppont-6.png 1600w\" sizes=\"auto, (max-width: 467px) 100vw, 467px\" \/><\/p>\n<p>A <a href=\"https:\/\/semmelweis.hu\/rehab\/szakorvoskepzesrol\/a-rehabilitacios-medicinarol-altalaban\/\"><strong>rehabilit\u00e1ci\u00f3s medicina<\/strong><\/a>, m\u00e1s n\u00e9ven <strong>fizik\u00e1lis medicina \u00e9s re<\/strong><strong>habilit\u00e1ci\u00f3s orvosl\u00e1s<\/strong> Magyarorsz\u00e1gon k\u00f6zel 50 \u00e9vvel ezel\u0151tt j\u00f6tt l\u00e9tre \u00f6n\u00e1ll\u00f3, szeml\u00e9let\u00e9ben egys\u00e9ges, \u00faj <strong>interdiszciplin\u00e1ris klinikai szakter\u00fclet<\/strong>k\u00e9nt. C\u00e9lja a mozg\u00e1sszervi, illetve neurol\u00f3giai k\u00e1rosod\u00e1st szenvedett egy\u00e9n funkci\u00f3inak a fejleszt\u00e9se, helyre\u00e1ll\u00edt\u00e1sa, ez\u00e1ltal a mindennapos tev\u00e9kenys\u00e9gek \u00e9s t\u00e1rsadalmi r\u00e9szv\u00e9tel seg\u00edt\u00e9se. A rehabilit\u00e1ci\u00f3 <strong>multidiszciplin\u00e1ris team munk\u00e1b<\/strong><strong>an<\/strong> val\u00f3sul meg, felhaszn\u00e1lva a <strong>fizioter\u00e1pia<\/strong> \u00e9vsz\u00e1zados tapasztalatait \u00e9s a <strong>legkorszer\u0171bb technol\u00f3gi\u00e1k<\/strong>at. Jellemzi a <strong>holisztikus szeml\u00e9let<\/strong> \u00e9s a <strong>neuro-muszkuloszkelet\u00e1lis<\/strong> k\u00f3rk\u00e9pek <strong>funkcion\u00e1lis megk\u00f6zel\u00edt\u00e9s<\/strong>e, amelyekre n\u00f6vekv\u0151 t\u00e1rsadalmi ig\u00e9ny\u00a0mutatkozik.<\/p>\n<p>&nbsp;<\/p>\n<hr \/>\n<h2>Tansz\u00e9k\u00fcnkr\u0151l<\/h2>\n<p><a href=\"https:\/\/semmelweis.hu\/rehab\/files\/2025\/01\/oori-zold.png\"><img loading=\"lazy\" decoding=\"async\" class=\"wp-image-1216  alignright\" src=\"https:\/\/semmelweis.hu\/rehab\/files\/2025\/01\/oori-zold-e1738517862371.png\" alt=\"\" width=\"466\" height=\"291\" srcset=\"https:\/\/semmelweis.hu\/rehab\/files\/2025\/01\/oori-zold-e1738517862371.png 431w, https:\/\/semmelweis.hu\/rehab\/files\/2025\/01\/oori-zold-e1738517862371-300x187.png 300w\" sizes=\"auto, (max-width: 466px) 100vw, 466px\" \/><\/a>Az <strong>orvosi rehabilit\u00e1ci\u00f3 tant\u00e1rgy<\/strong> oktat\u00e1sa a Semmelweis Egyetemen 2009-ben indult v\u00e1laszthat\u00f3 tant\u00e1rgyk\u00e9nt, majd 2019. szeptember 1-\u00e9n l\u00e9trej\u00f6tt a <strong>Fizik\u00e1lis Medicina \u00e9s Rehabilit\u00e1ci\u00f3 Tansz\u00e9k<\/strong>, ezzel p\u00e1rhuzamosan a rehabilit\u00e1ci\u00f3 \u00f6n\u00e1ll\u00f3 t\u00e1rgyk\u00e9nt jelent meg a Semmelweis Egyetem \u00faj kurrikulum\u00e1ban. A Tansz\u00e9k feladata a Semmelweis Egyetem Rehabilit\u00e1ci\u00f3s Klinik\u00e1n <em>(2024 m\u00e1rcius\u00e1ig Orsz\u00e1gos Orvosi Rehabilit\u00e1ci\u00f3s Int\u00e9zet, OORI)<\/em> az 1980 \u00f3ta foly\u00f3 oktat\u00e1si tev\u00e9kenys\u00e9g folytat\u00e1sa.<\/p>\n<hr \/>\n<h2>Oktat\u00e1si tev\u00e9kenys\u00e9g\u00fcnk<\/h2>\n<h2><img loading=\"lazy\" decoding=\"async\" class=\"wp-image-1250  alignright\" src=\"https:\/\/semmelweis.hu\/rehab\/files\/2025\/02\/RS208530_GV5A6515-scr-e1738605386710-1024x642.jpg\" alt=\"\" width=\"468\" height=\"294\" srcset=\"https:\/\/semmelweis.hu\/rehab\/files\/2025\/02\/RS208530_GV5A6515-scr-e1738605386710-1024x642.jpg 1024w, https:\/\/semmelweis.hu\/rehab\/files\/2025\/02\/RS208530_GV5A6515-scr-e1738605386710-300x188.jpg 300w, https:\/\/semmelweis.hu\/rehab\/files\/2025\/02\/RS208530_GV5A6515-scr-e1738605386710-768x481.jpg 768w, https:\/\/semmelweis.hu\/rehab\/files\/2025\/02\/RS208530_GV5A6515-scr-e1738605386710-753x472.jpg 753w, https:\/\/semmelweis.hu\/rehab\/files\/2025\/02\/RS208530_GV5A6515-scr-e1738605386710.jpg 1200w\" sizes=\"auto, (max-width: 468px) 100vw, 468px\" \/><\/h2>\n<p>Feladatunk az <strong>orvosi rehabilit\u00e1ci\u00f3 tant\u00e1rgy <\/strong>oktat\u00e1si feladatainak szervez\u00e9se. Az <a href=\"https:\/\/semmelweis.hu\/rehab\/oktatas\/\"><strong>orvostanhallgat\u00f3k <\/strong><\/a>\u00e9s a <a href=\"https:\/\/semmelweis.hu\/rehab\/szakorvoskepzes\/\"><strong>posztgradu\u00e1lis k\u00e9pz\u00e9sben r\u00e9szt vev\u0151k <\/strong><\/a>oktat\u00e1s\u00e1nak a helysz\u00edne a Semmelweis Egyetem Rehabilit\u00e1ci\u00f3s Klinik\u00e1ja, ahol az ehhez kapcsol\u00f3d\u00f3 adminisztr\u00e1ci\u00f3 is t\u00f6rt\u00e9nik.<\/p>\n","protected":false},"excerpt":{"rendered":"<p>A rehabilit\u00e1ci\u00f3s medicin\u00e1r\u00f3l A <a href=\"https:\/\/semmelweis.hu\/rehab\/szakorvoskepzesrol\/a-rehabilitacios-medicinarol-altalaban\/\">rehabilit\u00e1ci\u00f3s medicina<\/a> , m\u00e1s n\u00e9ven fizik\u00e1lis medicina \u00e9s rehabilit\u00e1ci\u00f3s orvosl\u00e1s Magyarorsz\u00e1gon k\u00f6zel 50 \u00e9vvel ezel\u0151tt j\u00f6tt l\u00e9tre \u00f6n\u00e1ll\u00f3, szeml\u00e9let\u00e9ben egys\u00e9ges, \u00faj interdiszciplin\u00e1ris klinikai szakter\u00fcletk\u00e9nt. C\u00e9lja a mozg\u00e1sszervi, illetve neurol\u00f3giai k\u00e1rosod\u00e1st szenvedett egy\u00e9n funkci\u00f3inak a fejleszt\u00e9se, helyre\u00e1ll\u00edt\u00e1sa, ez\u00e1ltal a mindennapos tev\u00e9kenys\u00e9gek \u00e9s t\u00e1rsadalmi r\u00e9szv\u00e9tel seg\u00edt\u00e9se. A rehabilit\u00e1ci\u00f3 multidiszciplin\u00e1ris team munk\u00e1ban val\u00f3sul meg, felhaszn\u00e1lva a &hellip;<\/p>\n","protected":false},"author":300,"featured_media":684,"parent":0,"menu_order":0,"comment_status":"open","ping_status":"closed","template":"template-fullwidth.php","meta":{"_acf_changed":false,"footnotes":""},"categories":[],"tags":[],"class_list":["post-13","page","type-page","status-publish","has-post-thumbnail","hentry"],"acf":[],"_links":{"self":[{"href":"https:\/\/semmelweis.hu\/rehab\/wp-json\/wp\/v2\/pages\/13","targetHints":{"allow":["GET"]}}],"collection":[{"href":"https:\/\/semmelweis.hu\/rehab\/wp-json\/wp\/v2\/pages"}],"about":[{"href":"https:\/\/semmelweis.hu\/rehab\/wp-json\/wp\/v2\/types\/page"}],"author":[{"embeddable":true,"href":"https:\/\/semmelweis.hu\/rehab\/wp-json\/wp\/v2\/users\/300"}],"replies":[{"embeddable":true,"href":"https:\/\/semmelweis.hu\/rehab\/wp-json\/wp\/v2\/comments?post=13"}],"version-history":[{"count":11,"href":"https:\/\/semmelweis.hu\/rehab\/wp-json\/wp\/v2\/pages\/13\/revisions"}],"predecessor-version":[{"id":1302,"href":"https:\/\/semmelweis.hu\/rehab\/wp-json\/wp\/v2\/pages\/13\/revisions\/1302"}],"wp:featuredmedia":[{"embeddable":true,"href":"https:\/\/semmelweis.hu\/rehab\/wp-json\/wp\/v2\/media\/684"}],"wp:attachment":[{"href":"https:\/\/semmelweis.hu\/rehab\/wp-json\/wp\/v2\/media?parent=13"}],"wp:term":[{"taxonomy":"category","embeddable":true,"href":"https:\/\/semmelweis.hu\/rehab\/wp-json\/wp\/v2\/categories?post=13"},{"taxonomy":"post_tag","embeddable":true,"href":"https:\/\/semmelweis.hu\/rehab\/wp-json\/wp\/v2\/tags?post=13"}],"curies":[{"name":"wp","href":"https:\/\/api.w.org\/{rel}","templated":true}]}}