{"id":128,"date":"2014-02-10T09:58:57","date_gmt":"2014-02-10T08:58:57","guid":{"rendered":"http:\/\/semmelweis.hu\/rehab\/?page_id=128"},"modified":"2019-09-03T16:04:57","modified_gmt":"2019-09-03T14:04:57","slug":"referalo-tudomanyos-ules","status":"publish","type":"page","link":"https:\/\/semmelweis.hu\/rehab\/referalo-tudomanyos-ules\/","title":{"rendered":"Refer\u00e1l\u00f3 \u00fcl\u00e9sek"},"content":{"rendered":"<p align=\"center\"><strong>A Refer\u00e1l\u00f3-tudom\u00e1nyos \u00fcl\u00e9sek helysz\u00edne: <br \/>\nOrsz\u00e1gos Orvosi Rehabilit\u00e1ci\u00f3s Int\u00e9zet.<\/strong> <br \/>\n1121 Budapest, Szanat\u00f3rium u. 19. &#8211; f\u0151\u00e9p\u00fclet, f\u00f6ldszinti el\u0151ad\u00f3terem<\/p>\n<p align=\"center\"><strong>Id\u0151pontja:<\/strong> keddi napokon 14 \u00f3ra<\/p>\n\t        <div id=\"news-container\" class=\"container mb-2 px-0\">\r\n\t            \t                <div class=\"section-row row justify-content-end mx-0\">\r\n\t                    <div class=\"col section-divider pr-0 mx-1\"><\/div>\r\n\t                    <div class=\"col-auto section-link text-uppercase px-1\">\r\n\t                        <h5 class=\"m-0\">\r\n\t                            <a href=\"https:\/\/semmelweis.hu\/rehab\/category\/referalo-ulesek\/\" target=\"_new\">Tov\u00e1bbi cikkek<\/a>\r\n\t                        <\/h5>\r\n\t                    <\/div>\r\n\t                <\/div>\r\n\t                        <div class=\"row card-row my-2 pt-3 pb-0 mx-0\">\r\n                \ufeff    <article class=\"list-format post-857 post type-post status-publish format-standard hentry category-referalo-ulesek\">\r\n        <div class=\"row mb-4 mx-0\">\r\n            <div class=\"col-12 mb-2 px-0\">\r\n                <h3 class=\"entry-title mb-1\"><a target=\"_blank\" href=\"https:\/\/semmelweis.hu\/rehab\/2022\/01\/14\/2021-es-referalo-ulesek\/\">2021-es refer\u00e1l\u00f3 \u00fcl\u00e9sek<\/a><\/h3>\r\n                            <\/div>\r\n            <div class=\"col px-normal px-lg-0\">\r\n                <div class=\"row w-100 mx-0\">\r\n                                        <div class=\"entry-summary col-12  px-0\">\r\n                                                    <div class=\"tags-section w-100 mt-3\">\r\n\r\n                                                            <\/div>\r\n                                            <\/div>\r\n                <\/div>\r\n            <\/div>\r\n        <\/div>\r\n    <\/article>\r\n\ufeff    <article class=\"list-format post-740 post type-post status-publish format-standard hentry category-referalo-ulesek\">\r\n        <div class=\"row mb-4 mx-0\">\r\n            <div class=\"col-12 mb-2 px-0\">\r\n                <h3 class=\"entry-title mb-1\"><a target=\"_blank\" href=\"https:\/\/semmelweis.hu\/rehab\/2020\/07\/16\/2020-ii-felev-programja\/\">2020. II. f\u00e9l\u00e9v programja<\/a><\/h3>\r\n                            <\/div>\r\n            <div class=\"col px-normal px-lg-0\">\r\n                <div class=\"row w-100 mx-0\">\r\n                                        <div class=\"entry-summary col-12  px-0\">\r\n                                                    <div class=\"tags-section w-100 mt-3\">\r\n\r\n                                                            <\/div>\r\n                                            <\/div>\r\n                <\/div>\r\n            <\/div>\r\n        <\/div>\r\n    <\/article>\r\n\ufeff    <article class=\"list-format post-736 post type-post status-publish format-standard hentry category-referalo-ulesek\">\r\n        <div class=\"row mb-4 mx-0\">\r\n            <div class=\"col-12 mb-2 px-0\">\r\n                <h3 class=\"entry-title mb-1\"><a target=\"_blank\" href=\"https:\/\/semmelweis.hu\/rehab\/2020\/02\/26\/2020-marcius-3\/\">2020. m\u00e1rcius 3.<\/a><\/h3>\r\n                            <\/div>\r\n            <div class=\"col px-normal px-lg-0\">\r\n                <div class=\"row w-100 mx-0\">\r\n                                        <div class=\"entry-summary col-12  px-0\">\r\n                                                    <div class=\"tags-section w-100 mt-3\">\r\n\r\n                                                            <\/div>\r\n                                            <\/div>\r\n                <\/div>\r\n            <\/div>\r\n        <\/div>\r\n    <\/article>\r\n\ufeff    <article class=\"list-format post-731 post type-post status-publish format-standard hentry category-referalo-ulesek\">\r\n        <div class=\"row mb-4 mx-0\">\r\n            <div class=\"col-12 mb-2 px-0\">\r\n                <h3 class=\"entry-title mb-1\"><a target=\"_blank\" href=\"https:\/\/semmelweis.hu\/rehab\/2020\/02\/14\/2020-februar-18\/\">2020. febru\u00e1r 18.<\/a><\/h3>\r\n                            <\/div>\r\n            <div class=\"col px-normal px-lg-0\">\r\n                <div class=\"row w-100 mx-0\">\r\n                                        <div class=\"entry-summary col-12  px-0\">\r\n                                                    <div class=\"tags-section w-100 mt-3\">\r\n\r\n                                                            <\/div>\r\n                                            <\/div>\r\n                <\/div>\r\n            <\/div>\r\n        <\/div>\r\n    <\/article>\r\n\ufeff    <article class=\"list-format post-728 post type-post status-publish format-standard hentry category-referalo-ulesek\">\r\n        <div class=\"row mb-4 mx-0\">\r\n            <div class=\"col-12 mb-2 px-0\">\r\n                <h3 class=\"entry-title mb-1\"><a target=\"_blank\" href=\"https:\/\/semmelweis.hu\/rehab\/2020\/01\/29\/2020-februar-4\/\">2020. febru\u00e1r 4.<\/a><\/h3>\r\n                            <\/div>\r\n            <div class=\"col px-normal px-lg-0\">\r\n                <div class=\"row w-100 mx-0\">\r\n                                        <div class=\"entry-summary col-12  px-0\">\r\n                                                    <div class=\"tags-section w-100 mt-3\">\r\n\r\n                                                            <\/div>\r\n                                            <\/div>\r\n                <\/div>\r\n            <\/div>\r\n        <\/div>\r\n    <\/article>\r\n\ufeff    <article class=\"list-format post-726 post type-post status-publish format-standard hentry category-referalo-ulesek\">\r\n        <div class=\"row mb-4 mx-0\">\r\n            <div class=\"col-12 mb-2 px-0\">\r\n                <h3 class=\"entry-title mb-1\"><a target=\"_blank\" href=\"https:\/\/semmelweis.hu\/rehab\/2020\/01\/17\/2020-januar-21\/\">2020. janu\u00e1r 21.<\/a><\/h3>\r\n                            <\/div>\r\n            <div class=\"col px-normal px-lg-0\">\r\n                <div class=\"row w-100 mx-0\">\r\n                                        <div class=\"entry-summary col-12  px-0\">\r\n                                                    <div class=\"tags-section w-100 mt-3\">\r\n\r\n                                                            <\/div>\r\n                                            <\/div>\r\n                <\/div>\r\n            <\/div>\r\n        <\/div>\r\n    <\/article>\r\n\ufeff    <article class=\"list-format post-715 post type-post status-publish format-standard hentry category-referalo-ulesek\">\r\n        <div class=\"row mb-4 mx-0\">\r\n            <div class=\"col-12 mb-2 px-0\">\r\n                <h3 class=\"entry-title mb-1\"><a target=\"_blank\" href=\"https:\/\/semmelweis.hu\/rehab\/2019\/10\/31\/2019-november-5\/\">2019. november 5.<\/a><\/h3>\r\n                            <\/div>\r\n            <div class=\"col px-normal px-lg-0\">\r\n                <div class=\"row w-100 mx-0\">\r\n                                        <div class=\"entry-summary col-12  px-0\">\r\n                                                    <div class=\"tags-section w-100 mt-3\">\r\n\r\n                                                            <\/div>\r\n                                            <\/div>\r\n                <\/div>\r\n            <\/div>\r\n        <\/div>\r\n    <\/article>\r\n\ufeff    <article class=\"list-format post-711 post type-post status-publish format-standard hentry category-referalo-ulesek\">\r\n        <div class=\"row mb-4 mx-0\">\r\n            <div class=\"col-12 mb-2 px-0\">\r\n                <h3 class=\"entry-title mb-1\"><a target=\"_blank\" href=\"https:\/\/semmelweis.hu\/rehab\/2019\/10\/10\/2019-oktober-15\/\">2019. okt\u00f3ber 15.<\/a><\/h3>\r\n                            <\/div>\r\n            <div class=\"col px-normal px-lg-0\">\r\n                <div class=\"row w-100 mx-0\">\r\n                                        <div class=\"entry-summary col-12  px-0\">\r\n                                                    <div class=\"tags-section w-100 mt-3\">\r\n\r\n                                                            <\/div>\r\n                                            <\/div>\r\n                <\/div>\r\n            <\/div>\r\n        <\/div>\r\n    <\/article>\r\n\ufeff    <article class=\"list-format post-628 post type-post status-publish format-standard hentry category-referalo-ulesek\">\r\n        <div class=\"row mb-4 mx-0\">\r\n            <div class=\"col-12 mb-2 px-0\">\r\n                <h3 class=\"entry-title mb-1\"><a target=\"_blank\" href=\"https:\/\/semmelweis.hu\/rehab\/2019\/07\/09\/2019-ii-felev-programja\/\">2019. II. f\u00e9l\u00e9v programja<\/a><\/h3>\r\n                            <\/div>\r\n            <div class=\"col px-normal px-lg-0\">\r\n                <div class=\"row w-100 mx-0\">\r\n                                        <div class=\"entry-summary col-12  px-0\">\r\n                                                    <div class=\"tags-section w-100 mt-3\">\r\n\r\n                                                            <\/div>\r\n                                            <\/div>\r\n                <\/div>\r\n            <\/div>\r\n        <\/div>\r\n    <\/article>\r\n\ufeff    <article class=\"list-format post-624 post type-post status-publish format-standard hentry category-referalo-ulesek\">\r\n        <div class=\"row mb-4 mx-0\">\r\n            <div class=\"col-12 mb-2 px-0\">\r\n                <h3 class=\"entry-title mb-1\"><a target=\"_blank\" href=\"https:\/\/semmelweis.hu\/rehab\/2019\/05\/29\/2019-junius-4\/\">2019. j\u00fanius 4.<\/a><\/h3>\r\n                            <\/div>\r\n            <div class=\"col px-normal px-lg-0\">\r\n                <div class=\"row w-100 mx-0\">\r\n                                        <div class=\"entry-summary col-12  px-0\">\r\n                                                    <div class=\"tags-section w-100 mt-3\">\r\n\r\n                                                            <\/div>\r\n                                            <\/div>\r\n                <\/div>\r\n            <\/div>\r\n        <\/div>\r\n    <\/article>\r\n            <\/div>\r\n        <\/div>\r\n    \n","protected":false},"excerpt":{"rendered":"<p>T\u00fcnd\u00e9rhegy \u00a0 1. Bevezet\u0151 &#8211; Dr. Harmatta J\u00e1nos (10 perc) 2. Kerekasztal \u201er\u00e9gi\u201d T\u00fcnd\u00e9rhegyi terapeut\u00e1k r\u00e9szv\u00e9tel\u00e9vel Dr. Ajkay Kl\u00e1ra, Bagotai Tam\u00e1s, Lovas Zsuzsa, Dr. So\u00f3s N\u00f3ra, Dr. Sz\u0151nyi G\u00e1bor (45 perc)\u00a0\u00a0 vezeti: Dr. Harmatta J\u00e1nos 3. Dr. Harmatta J\u00e1nos: A T\u00fcnd\u00e9rhegyi oszt\u00e1ly 10 \u00e9ve az OORI-ban 4. El\u0151ad\u00e1sok a jelenlegi terapeut\u00e1k r\u00e9sz\u00e9r\u0151l Dr. Boros Edit &hellip;<\/p>\n","protected":false},"author":299,"featured_media":0,"parent":0,"menu_order":5,"comment_status":"closed","ping_status":"closed","template":"","meta":{"_acf_changed":false,"footnotes":""},"categories":[],"tags":[],"class_list":["post-128","page","type-page","status-publish","hentry"],"acf":[],"_links":{"self":[{"href":"https:\/\/semmelweis.hu\/rehab\/wp-json\/wp\/v2\/pages\/128","targetHints":{"allow":["GET"]}}],"collection":[{"href":"https:\/\/semmelweis.hu\/rehab\/wp-json\/wp\/v2\/pages"}],"about":[{"href":"https:\/\/semmelweis.hu\/rehab\/wp-json\/wp\/v2\/types\/page"}],"author":[{"embeddable":true,"href":"https:\/\/semmelweis.hu\/rehab\/wp-json\/wp\/v2\/users\/299"}],"replies":[{"embeddable":true,"href":"https:\/\/semmelweis.hu\/rehab\/wp-json\/wp\/v2\/comments?post=128"}],"version-history":[{"count":9,"href":"https:\/\/semmelweis.hu\/rehab\/wp-json\/wp\/v2\/pages\/128\/revisions"}],"predecessor-version":[{"id":690,"href":"https:\/\/semmelweis.hu\/rehab\/wp-json\/wp\/v2\/pages\/128\/revisions\/690"}],"wp:attachment":[{"href":"https:\/\/semmelweis.hu\/rehab\/wp-json\/wp\/v2\/media?parent=128"}],"wp:term":[{"taxonomy":"category","embeddable":true,"href":"https:\/\/semmelweis.hu\/rehab\/wp-json\/wp\/v2\/categories?post=128"},{"taxonomy":"post_tag","embeddable":true,"href":"https:\/\/semmelweis.hu\/rehab\/wp-json\/wp\/v2\/tags?post=128"}],"curies":[{"name":"wp","href":"https:\/\/api.w.org\/{rel}","templated":true}]}}