{"id":1230,"date":"2025-01-20T22:38:22","date_gmt":"2025-01-20T21:38:22","guid":{"rendered":"https:\/\/semmelweis.hu\/rehab\/?page_id=1230"},"modified":"2025-02-14T14:06:07","modified_gmt":"2025-02-14T13:06:07","slug":"a-rehabilitacios-medicinarol-altalaban","status":"publish","type":"page","link":"https:\/\/semmelweis.hu\/rehab\/szakorvoskepzes\/a-rehabilitacios-medicinarol-altalaban\/","title":{"rendered":"Rehabilit\u00e1ci\u00f3s alapfogalmak"},"content":{"rendered":"<div class=\"keretes w-100\">\n<p>A rehabilit\u00e1ci\u00f3 ugyan egy \u00f6n\u00e1ll\u00f3, szeml\u00e9let\u00e9ben egys\u00e9ges, <strong>interdiszciplin\u00e1ris klinikai szakter\u00fclet<\/strong>t\u00e9 v\u00e1lt, de ha az orvosi tev\u00e9kenys\u00e9geket n\u00e9zz\u00fck, akkor a rehabilit\u00e1ci\u00f3 a n\u00e9gy orvosi alaptev\u00e9kenys\u00e9g egyike:<\/p>\n<ul>\n<li>prevenci\u00f3 (primer, szekunder),<\/li>\n<li>gy\u00f3gy\u00edt\u00e1s (diagnosztika \u00e9s kezel\u00e9sek),\u00a0<\/li>\n<li><strong>rehabilit\u00e1ci\u00f3<\/strong><\/li>\n<li>palli\u00e1ci\u00f3.<\/li>\n<\/ul>\n<\/div>\n<p>Rehabilit\u00e1ci\u00f3n azt a szervezett seg\u00edts\u00e9get \u00e9rtj\u00fck, amit a t\u00e1rsadalom ny\u00fajt a fogyat\u00e9kos embernek, hogy megmaradt k\u00e9pess\u00e9geivel ism\u00e9t elfoglalhassa hely\u00e9t a k\u00f6z\u00f6ss\u00e9gben. A rehabilit\u00e1ci\u00f3 azonban nem csak orvosi tev\u00e9kenys\u00e9g, hanem emellett nevel\u00e9si, foglalkoz\u00e1si, szoci\u00e1lis int\u00e9zked\u00e9sek egy\u00e9nre szabott alkalmaz\u00e1sa, amiben a fogyat\u00e9kos ember tev\u0151leges r\u00e9szv\u00e9tele n\u00e9lk\u00fcl\u00f6zhetetlen. A rehabilit\u00e1ci\u00f3 t\u00f6rv\u00e9nyi h\u00e1tter\u00e9t az 1998. \u00e9vi XXVI. t\u00f6rv\u00e9ny biztos\u00edtja, amely a fogyat\u00e9kos szem\u00e9lyek jogair\u00f3l \u00e9s es\u00e9lyegyenl\u0151s\u00e9g\u00fck biztos\u00edt\u00e1s\u00e1r\u00f3l rendelkezik. Rehabilit\u00e1ci\u00f3ra annak a fogyat\u00e9kos szem\u00e9lynek van sz\u00fcks\u00e9ge, aki \u00e9rz\u00e9kszervi (l\u00e1t\u00e1s, hall\u00e1s), mozg\u00e1sszervi, vagy \u00e9rtelmi k\u00e9pess\u00e9geit jelent\u0151s m\u00e9rt\u00e9kben, esetleg egy\u00e1ltal\u00e1n nem birtokolja, illet\u0151leg a kommunik\u00e1ci\u00f3j\u00e1ban sz\u00e1mottev\u0151en korl\u00e1tozott, \u00e9s ez sz\u00e1m\u00e1ra tart\u00f3s h\u00e1tr\u00e1nyt jelent a t\u00e1rsadalmi \u00e9letben val\u00f3 akt\u00edv r\u00e9szv\u00e9tel sor\u00e1n. Az orvosi rehabilit\u00e1ci\u00f3 az a tev\u00e9kenys\u00e9g, melyet az orvostudom\u00e1ny saj\u00e1t eszk\u00f6zeivel (diagnosztika, ter\u00e1pia, prevenci\u00f3, gondoz\u00e1s) ny\u00fajt a fogyat\u00e9kos szem\u00e9lyeknek, hogy megl\u00e9v\u0151\u00a0k\u00e9pess\u00e9geik fejleszt\u00e9s\u00e9vel \u00f6n\u00e1ll\u00f3s\u00e1gukat r\u00e9szben vagy eg\u00e9szben visszanyerve k\u00e9pess\u00e9 v\u00e1ljanak a csal\u00e1dba, munkahelyre, t\u00e1rsadalomba val\u00f3 beilleszked\u00e9sre.<\/p>\n<p>A rehabilit\u00e1ci\u00f3s tev\u00e9kenys\u00e9g l\u00e9nyege a megl\u00e9v\u0151 funkci\u00f3k \u00e9s a teljes\u00edt\u0151k\u00e9pess\u00e9g pontos meg\u00edt\u00e9l\u00e9se (\u00e1llapotfelm\u00e9r\u00e9s), kompenzatorikus fejleszt\u00e9se. A rehabilit\u00e1ci\u00f3s tev\u00e9kenys\u00e9g saj\u00e1toss\u00e1ga, hogy a k\u00fcl\u00f6nb\u00f6z\u0151 funkci\u00f3zavarok miatt, k\u00fcl\u00f6nb\u00f6z\u0151 k\u00e9pzetts\u00e9g\u0171 szakemberek \u00f6sszehangolt munk\u00e1j\u00e1ra van sz\u00fcks\u00e9g a kezel\u00e9sek sor\u00e1n, melyet team munk\u00e1nak h\u00edvunk. A rehabilit\u00e1ci\u00f3 elveinek alkalmaz\u00e1sa a klinikum valamennyi ter\u00fclet\u00e9n sz\u00fcks\u00e9ges.<\/p>\n<p>A hazai terminol\u00f3gi\u00e1ban \u2013 kor\u00e1bban \u2013 mozg\u00e1sszervi rehabilit\u00e1ci\u00f3nak nevezt\u00e9k a szakter\u00fcletet, m\u00edg az eur\u00f3pai \u00e9s amerikai elnevez\u00e9s a Fizik\u00e1lis \u00e9s Rehabilit\u00e1ci\u00f3s Medicina (PRM). A rehabilit\u00e1ci\u00f3 alanyai a fogyat\u00e9kos emberek, akik a mozg\u00e1s-szervrendszer vagy az idegrendszer k\u00e1rosod\u00e1s\u00e1nak k\u00f6vetkezt\u00e9ben egyar\u00e1nt fogyat\u00e9koss\u00e1 v\u00e1lhatnak, \u00e9s mindegy hogy az orvosl\u00e1s melyik ter\u00fclet\u00e9n \u00e1lltak kezel\u00e9s alatt kor\u00e1bban (ortop\u00e9dia, reumatol\u00f3gia, traumatol\u00f3gia, seb\u00e9szet). Kiemelend\u0151 viszont, hogy rehabilit\u00e1ci\u00f3s szempontb\u00f3l nem az a legfontosabb, hogy a funkci\u00f3zavart mi okozta. Hemiparesist okozhat stroke, balesetes agys\u00e9r\u00fcl\u00e9s, fejl\u0151d\u00e9si rendelleness\u00e9g, m\u0171t\u00e9ti beavatkoz\u00e1s egyar\u00e1nt, de a rehabilit\u00e1ci\u00f3 sor\u00e1n a tev\u00e9kenys\u00e9g\u00fcnk a kiv\u00e1lt\u00f3 okt\u00f3l f\u00fcggetlen\u00fcl a k\u00e9zfunkci\u00f3 jav\u00edt\u00e1s\u00e1ra, a j\u00e1r\u00f3k\u00e9pess\u00e9 v\u00e1l\u00e1sra, az \u00f6nell\u00e1t\u00e1s el\u00e9r\u00e9s\u00e9re ir\u00e1nyul.<\/p>\n","protected":false},"excerpt":{"rendered":"<p>A rehabilit\u00e1ci\u00f3 ugyan egy \u00f6n\u00e1ll\u00f3, szeml\u00e9let\u00e9ben egys\u00e9ges, interdiszciplin\u00e1ris klinikai szakter\u00fclett\u00e9 v\u00e1lt, de ha az orvosi tev\u00e9kenys\u00e9geket n\u00e9zz\u00fck, akkor a rehabilit\u00e1ci\u00f3 a n\u00e9gy orvosi alaptev\u00e9kenys\u00e9g egyike: prevenci\u00f3 (primer, szekunder), gy\u00f3gy\u00edt\u00e1s (diagnosztika \u00e9s kezel\u00e9sek),\u00a0 rehabilit\u00e1ci\u00f3 palli\u00e1ci\u00f3. Rehabilit\u00e1ci\u00f3n azt a szervezett seg\u00edts\u00e9get \u00e9rtj\u00fck, amit a t\u00e1rsadalom ny\u00fajt a fogyat\u00e9kos embernek, hogy megmaradt k\u00e9pess\u00e9geivel ism\u00e9t elfoglalhassa hely\u00e9t a k\u00f6z\u00f6ss\u00e9gben. &hellip;<\/p>\n","protected":false},"author":101960,"featured_media":0,"parent":1034,"menu_order":1,"comment_status":"closed","ping_status":"closed","template":"","meta":{"_acf_changed":false,"footnotes":""},"categories":[],"tags":[],"class_list":["post-1230","page","type-page","status-publish","hentry"],"acf":[],"_links":{"self":[{"href":"https:\/\/semmelweis.hu\/rehab\/wp-json\/wp\/v2\/pages\/1230","targetHints":{"allow":["GET"]}}],"collection":[{"href":"https:\/\/semmelweis.hu\/rehab\/wp-json\/wp\/v2\/pages"}],"about":[{"href":"https:\/\/semmelweis.hu\/rehab\/wp-json\/wp\/v2\/types\/page"}],"author":[{"embeddable":true,"href":"https:\/\/semmelweis.hu\/rehab\/wp-json\/wp\/v2\/users\/101960"}],"replies":[{"embeddable":true,"href":"https:\/\/semmelweis.hu\/rehab\/wp-json\/wp\/v2\/comments?post=1230"}],"version-history":[{"count":3,"href":"https:\/\/semmelweis.hu\/rehab\/wp-json\/wp\/v2\/pages\/1230\/revisions"}],"predecessor-version":[{"id":1290,"href":"https:\/\/semmelweis.hu\/rehab\/wp-json\/wp\/v2\/pages\/1230\/revisions\/1290"}],"up":[{"embeddable":true,"href":"https:\/\/semmelweis.hu\/rehab\/wp-json\/wp\/v2\/pages\/1034"}],"wp:attachment":[{"href":"https:\/\/semmelweis.hu\/rehab\/wp-json\/wp\/v2\/media?parent=1230"}],"wp:term":[{"taxonomy":"category","embeddable":true,"href":"https:\/\/semmelweis.hu\/rehab\/wp-json\/wp\/v2\/categories?post=1230"},{"taxonomy":"post_tag","embeddable":true,"href":"https:\/\/semmelweis.hu\/rehab\/wp-json\/wp\/v2\/tags?post=1230"}],"curies":[{"name":"wp","href":"https:\/\/api.w.org\/{rel}","templated":true}]}}