{"id":123,"date":"2014-02-10T09:55:28","date_gmt":"2014-02-10T08:55:28","guid":{"rendered":"http:\/\/semmelweis.hu\/rehab\/?page_id=123"},"modified":"2025-01-20T23:21:58","modified_gmt":"2025-01-20T22:21:58","slug":"orvosi-rehabilitacio-egyeb-teruleten-raepitett-kepzes","status":"publish","type":"page","link":"https:\/\/semmelweis.hu\/rehab\/szakorvoskepzes\/orvosi-rehabilitacio-egyeb-teruleten-raepitett-kepzes\/","title":{"rendered":"Orvosi rehabilit\u00e1ci\u00f3-egy\u00e9b ter\u00fcleten (r\u00e1\u00e9p\u00edtett k\u00e9pz\u00e9s)"},"content":{"rendered":"<h4><span style=\"font-size: 18pt\">K\u00f6vetelm\u00e9nyrendszer &#8211; egy\u00e9b ter\u00fcleten<\/span><\/h4>\n<p><strong>2. ORVOSI REHABILIT\u00c1CI\u00d3 A KARDIOL\u00d3GIA TER\u00dcLET\u00c9N<\/strong><\/p>\n<p>2.1. <span style=\"text-decoration: underline\">K\u00e9pz\u00e9s bel\u00e9p\u00e9si felt\u00e9tele<\/span>: kardiol\u00f3gia szakvizsga<\/p>\n<p>2.2. <span style=\"text-decoration: underline\">K\u00e9pz\u00e9si id\u0151<\/span>: 85 h\u00f3: 60 h\u00f3 alapk\u00e9pz\u00e9s + 25 h\u00f3 r\u00e1\u00e9p\u00edtett k\u00e9pz\u00e9s<\/p>\n<p>2.3. <span style=\"text-decoration: underline\">K\u00e9pz\u00e9si program:<\/span><\/p>\n<p style=\"padding-left: 30px\"><i>a) <\/i>1 h\u00f3 mozg\u00e1sszervi rehabilit\u00e1ci\u00f3s gyakorlat<\/p>\n<p style=\"padding-left: 30px\"><i>b) <\/i>2 h\u00f3 pulmonol\u00f3giai rehabilit\u00e1ci\u00f3s gyakorlat<\/p>\n<p style=\"padding-left: 30px\"><i>c) <\/i>1 h\u00f3 gyermek-rehabilit\u00e1ci\u00f3s gyakorlat<\/p>\n<p style=\"padding-left: 30px\"><i>d) <\/i>20 h\u00f3 kardiol\u00f3giai rehabilit\u00e1ci\u00f3s oszt\u00e1lyos gyakorlat<\/p>\n<p style=\"padding-left: 30px\"><i>e) <\/i>1 h\u00f3 tanfolyamok:<\/p>\n<p style=\"padding-left: 60px\"><i>ea) <\/i>rehabilit\u00e1ci\u00f3s alapismeretek I-II. (2 h\u00e9t)<\/p>\n<p style=\"padding-left: 60px\"><i>eb) <\/i>fizikoter\u00e1pia I-II. (2 h\u00e9t)<\/p>\n<p style=\"padding-left: 60px\"><i>ec) <\/i>kardiol\u00f3giai rehabilit\u00e1ci\u00f3s szakma specifikus tanfolyam (1 h\u00e9t)<\/p>\n<p>2.4. Szakvizsg\u00e1ra bocs\u00e1t\u00e1s egy\u00e9b felt\u00e9telei<\/p>\n<p>&#8211;<\/p>\n<p><strong>3. ORVOSI REHABILIT\u00c1CI\u00d3 A GYERMEKGY\u00d3GY\u00c1SZAT TER\u00dcLET\u00c9N<\/strong><\/p>\n<p>3.1. <span style=\"text-decoration: underline\">K\u00e9pz\u00e9s bel\u00e9p\u00e9si felt\u00e9tele<\/span>: csecsem\u0151- es gyermekgy\u00f3gy\u00e1szat szakvizsga<\/p>\n<p>3.2. <span style=\"text-decoration: underline\">K\u00e9pz\u00e9si id\u0151:<\/span> 85 h\u00f3: 60 h\u00f3 alapk\u00e9pz\u00e9s + 25 h\u00f3 r\u00e1\u00e9p\u00edtett k\u00e9pz\u00e9s<\/p>\n<p>3.3. <span style=\"text-decoration: underline\">K\u00e9pz\u00e9si program:<\/span><\/p>\n<p style=\"padding-left: 30px\"><i>a) <\/i>2 h\u00f3 mozg\u00e1sszervi rehabilit\u00e1ci\u00f3s gyakorlat<\/p>\n<p style=\"padding-left: 30px\"><i>b) <\/i>1 h\u00f3 kardiol\u00f3giai rehabilit\u00e1ci\u00f3s gyakorlat<\/p>\n<p style=\"padding-left: 30px\"><i>c) <\/i>1 h\u00f3 pulmonol\u00f3giai rehabilit\u00e1ci\u00f3s gyakorlat<\/p>\n<p style=\"padding-left: 30px\"><i>d) <\/i>20 h\u00f3 gyermek-rehabilit\u00e1ci\u00f3s oszt\u00e1lyos gyakorlat<\/p>\n<p style=\"padding-left: 30px\"><i>e) <\/i>1 h\u00f3 tanfolyamok:<\/p>\n<p style=\"padding-left: 60px\"><i>ea) <\/i>rehabilit\u00e1ci\u00f3s alapismeretek I-II. (2 h\u00e9t)<\/p>\n<p style=\"padding-left: 60px\"><i>eb) <\/i>fizikoter\u00e1pia I-II. (2 h\u00e9t)<\/p>\n<p style=\"padding-left: 60px\"><i>ec) <\/i>gyermek-rehabilit\u00e1ci\u00f3s szakma specifikus tanfolyam (1 h\u00e9t)<\/p>\n<p>3.4. Szakvizsg\u00e1ra bocs\u00e1t\u00e1s egy\u00e9b felt\u00e9telei<\/p>\n<p>&#8211;<\/p>\n<p>4. <strong>ORVOSI REHABILIT\u00c1CI\u00d3 A PSZICHI\u00c1TRIA TER\u00dcLET\u00c9N<\/strong><\/p>\n<p>4.1. <span style=\"text-decoration: underline\">K\u00e9pz\u00e9s bel\u00e9p\u00e9si felt\u00e9tele<\/span>:<\/p>\n<p style=\"padding-left: 30px\"><i>a) <\/i>gyermek- es ifj\u00fas\u00e1gpszichi\u00e1tria vagy<\/p>\n<p style=\"padding-left: 30px\"><i>b) <\/i>pszichi\u00e1tria<\/p>\n<p style=\"padding-left: 30px\">szakvizsga<\/p>\n<p>4.2. <span style=\"text-decoration: underline\">K\u00e9pz\u00e9si id\u0151<\/span>: 84 h\u00f3: 60 h\u00f3 alapk\u00e9pz\u00e9s + 24 h\u00f3 r\u00e1\u00e9p\u00edtett k\u00e9pz\u00e9s<\/p>\n<p>4.3. <span style=\"text-decoration: underline\">K\u00e9pz\u00e9si program:<\/span><\/p>\n<p style=\"padding-left: 30px\"><i>a) <\/i>1 h\u00f3 mozg\u00e1sszervi rehabilit\u00e1ci\u00f3s gyakorlat<\/p>\n<p style=\"padding-left: 30px\"><i>b) <\/i>1 h\u00f3 kardiol\u00f3giai rehabilit\u00e1ci\u00f3s gyakorlat<\/p>\n<p style=\"padding-left: 30px\"><i>c) <\/i>1 h\u00f3 pulmonol\u00f3giai rehabilit\u00e1ci\u00f3s gyakorlat<\/p>\n<p style=\"padding-left: 30px\"><i>d) <\/i>20 h\u00f3 pszichi\u00e1triai vagy gyermek- es ifj\u00fas\u00e1gpszichi\u00e1triai rehabilit\u00e1ci\u00f3s oszt\u00e1lyos gyakorlat<\/p>\n<p style=\"padding-left: 30px\"><i>e) <\/i>1 h\u00f3 tanfolyamok:<\/p>\n<p style=\"padding-left: 60px\"><i>ea) <\/i>rehabilit\u00e1ci\u00f3s alapismeretek I-II. (2 h\u00e9t)<\/p>\n<p style=\"padding-left: 60px\"><i>eb) <\/i>fizikoter\u00e1pia I-II. (2 h\u00e9t)<\/p>\n<p style=\"padding-left: 60px\"><i>ec) <\/i>pszichi\u00e1triai rehabilit\u00e1ci\u00f3s szakma specifikus tanfolyam (1 h\u00e9t)<\/p>\n<p>4.4. Szakvizsg\u00e1ra bocs\u00e1t\u00e1s egy\u00e9b felt\u00e9telei<\/p>\n<p>&#8211;<\/p>\n<p>5. <strong>ORVOSI REHABILIT\u00c1CI\u00d3 A PULMONOL\u00d3GIA TER\u00dcLET\u00c9N<\/strong><\/p>\n<p>5.1. <span style=\"text-decoration: underline\">K\u00e9pz\u00e9s bel\u00e9p\u00e9si felt\u00e9tele<\/span>: t\u00fcd\u0151gy\u00f3gy\u00e1szat szakvizsga<\/p>\n<p>5.2. <span style=\"text-decoration: underline\">K\u00e9pz\u00e9si id\u0151:<\/span> 85 h\u00f3: 60 h\u00f3 alapk\u00e9pz\u00e9s + 25 h\u00f3 r\u00e1\u00e9p\u00edtett k\u00e9pz\u00e9s<\/p>\n<p>5.3. <span style=\"text-decoration: underline\">K\u00e9pz\u00e9si program<\/span>:<\/p>\n<p style=\"padding-left: 30px\"><i>a) <\/i>1 h\u00f3 mozg\u00e1sszervi rehabilit\u00e1ci\u00f3s gyakorlat<\/p>\n<p style=\"padding-left: 30px\"><i>b) <\/i>2 h\u00f3 kardiol\u00f3giai rehabilit\u00e1ci\u00f3s gyakorlat<\/p>\n<p style=\"padding-left: 30px\"><i>c) <\/i>1 h\u00f3 gyermek-rehabilit\u00e1ci\u00f3s gyakorlat<\/p>\n<p style=\"padding-left: 30px\"><i>d) <\/i>20 h\u00f3 pulmonol\u00f3giai rehabilit\u00e1ci\u00f3s oszt\u00e1lyos gyakorlat<\/p>\n<p style=\"padding-left: 30px\"><i>e) <\/i>1 h\u00f3 tanfolyamok:<\/p>\n<p style=\"padding-left: 60px\"><i>ea) <\/i>rehabilit\u00e1ci\u00f3s alapismeretek I-II. (2 h\u00e9t)<\/p>\n<p style=\"padding-left: 60px\"><i>eb) <\/i>fizikoter\u00e1pia I-II. (2 h\u00e9t)<\/p>\n<p style=\"padding-left: 60px\"><i>ec) <\/i>t\u00fcd\u0151gy\u00f3gy\u00e1szati rehabilit\u00e1ci\u00f3s szakma specifikus tanfolyam (1 h\u00e9t)<\/p>\n<p>5.4. Szakvizsg\u00e1ra bocs\u00e1t\u00e1s egy\u00e9b felt\u00e9telei<\/p>\n<p>&nbsp;<\/p>\n","protected":false},"excerpt":{"rendered":"<p>K\u00f6vetelm\u00e9nyrendszer &#8211; egy\u00e9b ter\u00fcleten 2. ORVOSI REHABILIT\u00c1CI\u00d3 A KARDIOL\u00d3GIA TER\u00dcLET\u00c9N 2.1. K\u00e9pz\u00e9s bel\u00e9p\u00e9si felt\u00e9tele: kardiol\u00f3gia szakvizsga 2.2. K\u00e9pz\u00e9si id\u0151: 85 h\u00f3: 60 h\u00f3 alapk\u00e9pz\u00e9s + 25 h\u00f3 r\u00e1\u00e9p\u00edtett k\u00e9pz\u00e9s 2.3. K\u00e9pz\u00e9si program: a) 1 h\u00f3 mozg\u00e1sszervi rehabilit\u00e1ci\u00f3s gyakorlat b) 2 h\u00f3 pulmonol\u00f3giai rehabilit\u00e1ci\u00f3s gyakorlat c) 1 h\u00f3 gyermek-rehabilit\u00e1ci\u00f3s gyakorlat d) 20 h\u00f3 kardiol\u00f3giai rehabilit\u00e1ci\u00f3s oszt\u00e1lyos &hellip;<\/p>\n","protected":false},"author":299,"featured_media":0,"parent":1034,"menu_order":6,"comment_status":"closed","ping_status":"closed","template":"","meta":{"_acf_changed":false,"footnotes":""},"categories":[],"tags":[],"class_list":["post-123","page","type-page","status-publish","hentry"],"acf":[],"_links":{"self":[{"href":"https:\/\/semmelweis.hu\/rehab\/wp-json\/wp\/v2\/pages\/123","targetHints":{"allow":["GET"]}}],"collection":[{"href":"https:\/\/semmelweis.hu\/rehab\/wp-json\/wp\/v2\/pages"}],"about":[{"href":"https:\/\/semmelweis.hu\/rehab\/wp-json\/wp\/v2\/types\/page"}],"author":[{"embeddable":true,"href":"https:\/\/semmelweis.hu\/rehab\/wp-json\/wp\/v2\/users\/299"}],"replies":[{"embeddable":true,"href":"https:\/\/semmelweis.hu\/rehab\/wp-json\/wp\/v2\/comments?post=123"}],"version-history":[{"count":9,"href":"https:\/\/semmelweis.hu\/rehab\/wp-json\/wp\/v2\/pages\/123\/revisions"}],"predecessor-version":[{"id":1103,"href":"https:\/\/semmelweis.hu\/rehab\/wp-json\/wp\/v2\/pages\/123\/revisions\/1103"}],"up":[{"embeddable":true,"href":"https:\/\/semmelweis.hu\/rehab\/wp-json\/wp\/v2\/pages\/1034"}],"wp:attachment":[{"href":"https:\/\/semmelweis.hu\/rehab\/wp-json\/wp\/v2\/media?parent=123"}],"wp:term":[{"taxonomy":"category","embeddable":true,"href":"https:\/\/semmelweis.hu\/rehab\/wp-json\/wp\/v2\/categories?post=123"},{"taxonomy":"post_tag","embeddable":true,"href":"https:\/\/semmelweis.hu\/rehab\/wp-json\/wp\/v2\/tags?post=123"}],"curies":[{"name":"wp","href":"https:\/\/api.w.org\/{rel}","templated":true}]}}